000
CXUS52 KJAX 190800
CF6AMG
PRELIMINARY LOCAL CLIMATOLOGICAL DATA (WS FORM: F-6)

                                          STATION:   ALMA GA
                                          MONTH:     APRIL
                                          YEAR:      2015
                                          LATITUDE:   31 32 N
                                          LONGITUDE:  82 30 W

  TEMPERATURE IN F:       :PCPN:    SNOW:  WIND      :SUNSHINE: SKY     :PK WND
================================================================================
1   2   3   4   5  6A  6B    7    8   9   10  11  12  13   14  15   16   17  18
                                     12Z  AVG MX 2MIN
DY MAX MIN AVG DEP HDD CDD  WTR  SNW DPTH SPD SPD DIR MIN PSBL S-S WX    SPD DR
================================================================================

 1  82  57  70   7   0   5 0.00  0.0    0  5.0 13 300   M    M   2        17 300
 2  79  60  70   7   0   5 0.00  0.0    0  6.4 12 130   M    M   4 1       M  M
 3  85  59  72   8   0   7 0.00  0.0    0  5.8 12 220   M    M   4 12      M  M
 4  80  58  69   5   0   4 0.00  0.0    0  7.4 14 330   M    M   3        21 350
 5  76  52  64   0   1   0 0.00  0.0    0  7.0 12 110   M    M   1        20  80
 6  82  59  71   7   0   6 0.00  0.0    0  6.3 12 100   M    M   5        22 110
 7  84  60  72   8   0   7 0.00  0.0    0  2.6  7 160   M    M   4 1       M  M
 8  89  61  75  10   0  10 0.00  0.0    0  3.8  8 140   M    M   3 12      M  M
 9  88  63  76  11   0  11 0.00  0.0    0  4.8  9 160   M    M   0         M  M
10  88  63  76  11   0  11 0.00  0.0    0  6.1 14 320   M    M   2 1      32 300
11  81  65  73   8   0   8 0.00  0.0    0  2.4  7 220   M    M   6 3       M  M
12  73  65  69   4   0   4 0.49  0.0    0  3.5  7  60   M    M   8 13      M  M
13  81  67  74   8   0   9 0.23  0.0    0  4.6 14 150   M    M   9 13     28 150
14  87  67  77  11   0  12 0.07  0.0    0  4.6 10 230   M    M   6 123     M  M
15  81  66  74   8   0   9 0.28  0.0    0  3.8 24 290   M    M   5 123    33 290
16  68  59  64  -2   1   0 0.01  0.0    0  4.2  8  50   M    M  10 1       M  M
17  77  57  67   1   0   2 0.07  0.0    0  2.6  6 350   M    M  10 1       M  M
18  84  67  76   9   0  11 0.00  0.0    0  3.5  9 270   M    M   8 1      14 290
================================================================================
SM 1465 1105         2 121  1.15     0.0  84.4          M       90
================================================================================
AV 81.4 61.4                               4.7 FASTST   M    M   5    MAX(MPH)
                                 MISC ---->    24   M                 33    M
================================================================================
NOTES:
# LAST OF SEVERAL OCCURRENCES

COLUMN 17 PEAK WIND IN M.P.H.

PRELIMINARY LOCAL CLIMATOLOGICAL DATA (WS FORM: F-6) , PAGE 2

                                          STATION:  ALMA GA
                                          MONTH:    APRIL
                                          YEAR:     2015
                                          LATITUDE:   31 32 N
                                          LONGITUDE:  82 30 W

[TEMPERATURE DATA]      [PRECIPITATION DATA]       SYMBOLS USED IN COLUMN 16

AVERAGE MONTHLY: 71.4   TOTAL FOR MONTH:   1.15    1 = FOG OR MIST
DPTR FM NORMAL:   6.5   DPTR FM NORMAL:   -0.72    2 = FOG REDUCING VISIBILITY
HIGHEST:    89 ON  8    GRTST 24HR  0.49 ON 12-12      TO 1/4 MILE OR LESS
LOWEST:     52 ON  5                               3 = THUNDER
                        SNOW, ICE PELLETS, HAIL    4 = ICE PELLETS
                        TOTAL MONTH:   0.0 INCH    5 = HAIL
                        GRTST 24HR     0.0         6 = FREEZING RAIN OR DRIZZLE
                        GRTST DEPTH:   0           7 = DUSTSTORM OR SANDSTORM:
                                                       VSBY 1/2 MILE OR LESS
                                                   8 = SMOKE OR HAZE
[NO. OF DAYS WITH]      [WEATHER - DAYS WITH]      9 = BLOWING SNOW
                                                   X = TORNADO
MAX 32 OR BELOW:   0    0.01 INCH OR MORE:   6
MAX 90 OR ABOVE:   0    0.10 INCH OR MORE:   3
MIN 32 OR BELOW:   0    0.50 INCH OR MORE:   0
MIN  0 OR BELOW:   0    1.00 INCH OR MORE:   0

[HDD (BASE 65) ]
TOTAL THIS MO.     2    CLEAR  (SCALE 0-3)   5
DPTR FM NORMAL   -46    PTCLDY (SCALE 4-7)   9
TOTAL FM JUL 1  1811    CLOUDY (SCALE 8-10)  4
DPTR FM NORMAL   174

[CDD (BASE 65) ]
TOTAL THIS MO.   121
DPTR FM NORMAL    74    [PRESSURE DATA]
TOTAL FM JAN 1   176    HIGHEST SLP M ON M
DPTR FM NORMAL    75    LOWEST  SLP 29.87 ON 18

[REMARKS]
