000
CXUS51 KGYX 281000
CF6AUG
PRELIMINARY LOCAL CLIMATOLOGICAL DATA (WS FORM: F-6)

                                          STATION:   AUGUSTA
                                          MONTH:     APRIL
                                          YEAR:      2015
                                          LATITUDE:   44 18 N
                                          LONGITUDE:  69 48 W

  TEMPERATURE IN F:       :PCPN:    SNOW:  WIND      :SUNSHINE: SKY     :PK WND
================================================================================
1   2   3   4   5  6A  6B    7    8   9   10  11  12  13   14  15   16   17  18
                                     12Z  AVG MX 2MIN
DY MAX MIN AVG DEP HDD CDD  WTR  SNW DPTH SPD SPD DIR MIN PSBL S-S WX    SPD DR
================================================================================

 1  38  21  30  -8  35   0 0.00  0.0    0  9.1 21 340   M    M   0        28 340
 2  42  23  33  -5  32   0 0.01    M    0  4.6 13 170   M    M   3        19 150
 3  65  34  50  11  15   0 0.03    M    0  3.8 13 250   M    M   4 1      16 250
 4  44  28  36  -3  29   0 0.22    M    M 11.8 29 320   M    M   7 1      39 330
 5  39  21  30  -9  35   0    T    M    M  6.9 22 290   M    M   2        32 290
 6  37  21  29 -11  36   0 0.01    M    M  3.5 14 190   M    M   8 18     19 200
 7  47  29  38  -2  27   0 0.02    M    M  4.5 13 340   M    M   5 1      16  10
 8  40  27  34  -7  31   0 0.22    M    M  6.2 18  20   M    M   3 12     24  20
 9  34  27  31 -10  34   0 0.12    M    M  5.4 12  70   M    M  10 18     15  90
10  41  31  36  -6  29   0 0.38    M    M  5.2 15 160   M    M  10 126    20 230
11  47  36  42   0  23   0 0.00    M    M 11.1 26 310   M    M   5 12     37 300
12  64  35  50   8  15   0 0.00  0.0    0  6.7 17 300   M    M   0        25 270
13  68  34  51   8  14   0 0.00  0.0    0  7.4 18 180   M    M   0        29 170
14  62  45  54  11  11   0 0.01  0.0    M  8.9 23 310   M    M   3        34 260
15  60  38  49   5  16   0 0.00    M    M 10.6 26 360   M    M   0        39 350
16  59  33  46   2  19   0 0.00    M    M  6.0 14 190   M    M   0        23 190
17  64  38  51   6  14   0 0.05    M    M  7.4 17 280   M    M   3 1      26 280
18  59  38  49   4  16   0 0.51    M    M  6.4 16 150   M    M   4 1      23 220
19  56  34  45   0  20   0 0.00  0.0    0  5.8 16 360   M    M   2        20  10
20  46  33  40  -6  25   0 0.77    M    0  8.7 21 120   M    M   6 1      34 140
21  54  42  48   2  17   0 1.65  0.0    0  7.7 20 110   M    M   9 1      32 100
22  60  34  47   0  18   0    T    M    0  8.4 21 160   M    M   4 1      29 140
23  48  37  43  -4  22   0 0.13    M    0  9.1 21 270   M    M   8 1      30 300
24  47  33  40  -7  25   0 0.00  0.0    0 11.3 23 300   M    M   6        30 310
25  48  33  41  -7  24   0    T    M    0  7.9 17 330   M    M   9        22 310
26  53  37  45  -3  20   0 0.02    M    0  5.6 15 340   M    M  10        19 340
27  55  40  48  -1  17   0 0.18    M    0 14.6 30 350   M    M   9 1      37 340
================================================================================
SM 1377  882       619   0  4.33     0.0 204.6          M      130
================================================================================
AV 51.0 32.7                               7.6 FASTST   M    M   5    MAX(MPH)
                                 MISC ---->  # 30 350               # 39  330
================================================================================
NOTES:
# LAST OF SEVERAL OCCURRENCES

COLUMN 17 PEAK WIND IN M.P.H.

PRELIMINARY LOCAL CLIMATOLOGICAL DATA (WS FORM: F-6) , PAGE 2

                                          STATION:  AUGUSTA
                                          MONTH:    APRIL
                                          YEAR:     2015
                                          LATITUDE:   44 18 N
                                          LONGITUDE:  69 48 W

[TEMPERATURE DATA]      [PRECIPITATION DATA]       SYMBOLS USED IN COLUMN 16

AVERAGE MONTHLY: 41.8   TOTAL FOR MONTH:   4.33    1 = FOG OR MIST
DPTR FM NORMAL:  -1.4   DPTR FM NORMAL:    0.94    2 = FOG REDUCING VISIBILITY
HIGHEST:    68 ON 13    GRTST 24HR  2.42 ON 20-21      TO 1/4 MILE OR LESS
LOWEST:     21 ON  6, 5                            3 = THUNDER
                        SNOW, ICE PELLETS, HAIL    4 = ICE PELLETS
                        TOTAL MONTH:   0.0 INCH    5 = HAIL
                        GRTST 24HR     0.0         6 = FREEZING RAIN OR DRIZZLE
                        GRTST DEPTH:   0           7 = DUSTSTORM OR SANDSTORM:
                                                       VSBY 1/2 MILE OR LESS
                                                   8 = SMOKE OR HAZE
[NO. OF DAYS WITH]      [WEATHER - DAYS WITH]      9 = BLOWING SNOW
                                                   X = TORNADO
MAX 32 OR BELOW:   0    0.01 INCH OR MORE:  16
MAX 90 OR ABOVE:   0    0.10 INCH OR MORE:   9
MIN 32 OR BELOW:   9    0.50 INCH OR MORE:   3
MIN  0 OR BELOW:   0    1.00 INCH OR MORE:   1

[HDD (BASE 65) ]
TOTAL THIS MO.   619    CLEAR  (SCALE 0-3)   9
DPTR FM NORMAL    32    PTCLDY (SCALE 4-7)  11
TOTAL FM JUL 1  7422    CLOUDY (SCALE 8-10)  7
DPTR FM NORMAL   466

[CDD (BASE 65) ]
TOTAL THIS MO.     0
DPTR FM NORMAL     0    [PRESSURE DATA]
TOTAL FM JAN 1     0    HIGHEST SLP M ON M
DPTR FM NORMAL     0    LOWEST  SLP 29.38 ON 23

[REMARKS]
