000
CXUS51 KRNK 190550
CF6BLF
PRELIMINARY LOCAL CLIMATOLOGICAL DATA (WS FORM: F-6)

                                          STATION:   BLUEFIELD WV
                                          MONTH:     APRIL
                                          YEAR:      2015
                                          LATITUDE:   37 17 N
                                          LONGITUDE:  81 12 W

  TEMPERATURE IN F:       :PCPN:    SNOW:  WIND      :SUNSHINE: SKY     :PK WND
================================================================================
1   2   3   4   5  6A  6B    7    8   9   10  11  12  13   14  15   16   17  18
                                     12Z  AVG MX 2MIN
DY MAX MIN AVG DEP HDD CDD  WTR  SNW DPTH SPD SPD DIR MIN PSBL S-S WX    SPD DR
================================================================================

 1  64  36  50   0  15   0 0.00  0.0    0  5.2 16 360   M    M   0        23  20
 2  74  51  63  12   2   0 0.01  0.0    0 11.3 26 250   M    M   4        36 250
 3  65  54  60   9   5   0 1.07  0.0    0 14.1 30 220   M    M   9 1      40 240
 4  53  38  46  -6  19   0 0.05  0.0    0 10.5 21 310   M    M   4        33 300
 5  64  36  50  -2  15   0 0.00  0.0    0  6.5 18 260   M    M   0        24 260
 6  72  50  61   9   4   0    T  0.0    0  7.3 18 250   M    M   7        23 250
 7  64  55  60   8   5   0 0.77  0.0    0  6.1 17 250   M    M   9 128    20 250
 8  76  58  67  14   0   2 0.02  0.0    0  7.5 21 240   M    M   5 3      26  10
 9  82  58  70  17   0   5 0.03  0.0    0  8.7 23 230   M    M   4 3      31 250
10  71  53  62   8   3   0 0.18  0.0    0 12.6 30 250   M    M   4        43 260
11  64  46  55   1  10   0 0.00  0.0    0  7.8 17 300   M    M   1        26 280
12  72  46  59   5   6   0 0.00  0.0    0 10.4 21 160   M    M   0        30 180
13  74  57  66  12   0   1    T  0.0    0  9.4 21 150   M    M   3        29 180
14  65  55  60   5   5   0 0.86  0.0    0  5.7 15 210   M    M  10 1      21 200
15  55  49  52  -3  13   0 0.08  0.0    0  7.7 16  80   M    M  10 18     30 110
16  56  44  50  -5  15   0 0.08  0.0    0 11.2 23 120   M    M  10        33 130
17  76  55  66  10   0   1 0.01  0.0    0  4.4 13 310   M    M   6        18 280
18  79  55  67  11   0   2 0.00  0.0    0  4.0 12 150   M    M   2        20 110
================================================================================
SM 1226  896       117  11  3.16     0.0 150.4          M       88
================================================================================
AV 68.1 49.8                               8.4 FASTST   M    M   5    MAX(MPH)
                                 MISC ---->  # 30 220               # 43  260
================================================================================
NOTES:
# LAST OF SEVERAL OCCURRENCES

COLUMN 17 PEAK WIND IN M.P.H.

PRELIMINARY LOCAL CLIMATOLOGICAL DATA (WS FORM: F-6) , PAGE 2

                                          STATION:  BLUEFIELD WV
                                          MONTH:    APRIL
                                          YEAR:     2015
                                          LATITUDE:   37 17 N
                                          LONGITUDE:  81 12 W

[TEMPERATURE DATA]      [PRECIPITATION DATA]       SYMBOLS USED IN COLUMN 16

AVERAGE MONTHLY: 58.9   TOTAL FOR MONTH:   3.16    1 = FOG OR MIST
DPTR FM NORMAL:   5.7   DPTR FM NORMAL:    1.23    2 = FOG REDUCING VISIBILITY
HIGHEST:    82 ON  9    GRTST 24HR  1.12 ON  3- 4      TO 1/4 MILE OR LESS
LOWEST:     36 ON  5, 1                            3 = THUNDER
                        SNOW, ICE PELLETS, HAIL    4 = ICE PELLETS
                        TOTAL MONTH:   0.0 INCH    5 = HAIL
                        GRTST 24HR     0.0         6 = FREEZING RAIN OR DRIZZLE
                        GRTST DEPTH:   0           7 = DUSTSTORM OR SANDSTORM:
                                                       VSBY 1/2 MILE OR LESS
                                                   8 = SMOKE OR HAZE
[NO. OF DAYS WITH]      [WEATHER - DAYS WITH]      9 = BLOWING SNOW
                                                   X = TORNADO
MAX 32 OR BELOW:   0    0.01 INCH OR MORE:  11
MAX 90 OR ABOVE:   0    0.10 INCH OR MORE:   4
MIN 32 OR BELOW:   0    0.50 INCH OR MORE:   3
MIN  0 OR BELOW:   0    1.00 INCH OR MORE:   1

[HDD (BASE 65) ]
TOTAL THIS MO.   117    CLEAR  (SCALE 0-3)   5
DPTR FM NORMAL  -105    PTCLDY (SCALE 4-7)   8
TOTAL FM JUL 1  4622    CLOUDY (SCALE 8-10)  5
DPTR FM NORMAL   291

[CDD (BASE 65) ]
TOTAL THIS MO.    11
DPTR FM NORMAL    -5    [PRESSURE DATA]
TOTAL FM JAN 1    11    HIGHEST SLP M ON M
DPTR FM NORMAL    -9    LOWEST  SLP 29.72 ON  4

[REMARKS]
