000
CXUS55 KEAX 260736
CF6CDJ
PRELIMINARY LOCAL CLIMATOLOGICAL DATA (WS FORM: F-6)

                                          STATION:   CHILLICOTHE MO
                                          MONTH:     APRIL
                                          YEAR:      2015
                                          LATITUDE:   39 49 N
                                          LONGITUDE:  93 35 W

  TEMPERATURE IN F:       :PCPN:    SNOW:  WIND      :SUNSHINE: SKY     :PK WND
================================================================================
1   2   3   4   5  6A  6B    7    8   9   10  11  12  13   14  15   16   17  18
                                     12Z  AVG MX 2MIN
DY MAX MIN AVG DEP HDD CDD  WTR  SNW DPTH SPD SPD DIR MIN PSBL S-S WX    SPD DR
================================================================================

 1  80  50  65  16   0   0 0.00    M    M 11.3 24 180   M    M   0        34 190
 2  72  55  64  15   1   0 0.28    M    M  6.5 14 350   M    M   0        21 330
 3  57  35  46  -4  19   0 0.07    M    M  9.2 21 310   M    M   0        30 290
 4  64  26  45  -5  20   0 0.00    M    M  6.5 15 200   M    M   0        24 200
 5  67  39  53   3  12   0 0.00    M    M 11.8 20 190   M    M   0        29 180
 6  59  50  55   4  10   0 0.01    M    M  6.2 13 140   M    M   0        19 140
 7  76  57  67  16   0   2 0.39    M    M  6.9 20 150   M    M   0        26 150
 8  75  54  65  13   0   0 0.02    M    M  6.6 14  30   M    M   0        20 130
 9  78  42  60   8   5   0 0.04    M    M 12.9 25 310   M    M   0        36 310
10  70  40  55   3  10   0 0.00    M    M  6.9 21 310   M    M   0        31 310
11  72  38  55   3  10   0 0.00    M    M  6.0 16 150   M    M   0        23 100
12  69  54  62   9   3   0 0.14    M    M  9.3 22 180   M    M   0        32 180
13  66  50  58   5   7   0 0.58    M    M  6.5 21 310   M    M   0        32 310
14  68  46  57   4   8   0 0.00    M    M  3.8 13 110   M    M   0        18 110
15  66  53  60   6   5   0    T    M    M  4.5 13 110   M    M   0        18 110
16  76  53  65  11   0   0 0.00    M    M  1.8  8 110   M    M   0        14 160
17  80  52  66  12   0   1 0.00    M    M  3.0 12 210   M    M   0        19 200
18  72  57  65  10   0   0 0.42    M    M  3.6 13 230   M    M   0        19 220
19  70  50  60   5   5   0 0.07    M    M  6.8 21 310   M    M   0        32 310
20  59  43  51  -4  14   0 0.00    M    M  9.6 22 300   M    M   0        33 310
21  68  45  57   1   8   0 0.00    M    M  7.5 17 300   M    M   0        28 320
22  59  36  48  -8  17   0 0.00    M    M  5.3 16 300   M    M   0        22 310
23  65  33  49  -7  16   0 0.00    M    M  3.2 12 120   M    M   0        15 100
24  63  55  59   3   6   0 0.00    M    M  8.1 18 160   M    M   0        25 150
25  58  49  54  -3  11   0 0.49    M    M  8.9 15  40   M    M   0 3      24  10
================================================================================
SM 1709 1162       187   3  2.51    M    172.7          M        0
================================================================================
AV 68.4 46.5                               6.9 FASTST   M    M   0    MAX(MPH)
                                 MISC ---->  # 25 310               # 36  310
================================================================================
NOTES:
# LAST OF SEVERAL OCCURRENCES

COLUMN 17 PEAK WIND IN M.P.H.

PRELIMINARY LOCAL CLIMATOLOGICAL DATA (WS FORM: F-6) , PAGE 2

                                          STATION:  CHILLICOTHE MO
                                          MONTH:    APRIL
                                          YEAR:     2015
                                          LATITUDE:   39 49 N
                                          LONGITUDE:  93 35 W

[TEMPERATURE DATA]      [PRECIPITATION DATA]       SYMBOLS USED IN COLUMN 16

AVERAGE MONTHLY: 57.4   TOTAL FOR MONTH:   2.51    1 = FOG OR MIST
DPTR FM NORMAL:   4.4   DPTR FM NORMAL:   -0.11    2 = FOG REDUCING VISIBILITY
HIGHEST:    80 ON 17, 1 GRTST 24HR  0.72 ON 12-13      TO 1/4 MILE OR LESS
LOWEST:     26 ON  4                               3 = THUNDER
                        SNOW, ICE PELLETS, HAIL    4 = ICE PELLETS
                        TOTAL MONTH:    M          5 = HAIL
                        GRTST 24HR    M  ON   M    6 = FREEZING RAIN OR DRIZZLE
                        GRTST DEPTH:  M  ON   M    7 = DUSTSTORM OR SANDSTORM:
                                                       VSBY 1/2 MILE OR LESS
                                                   8 = SMOKE OR HAZE
[NO. OF DAYS WITH]      [WEATHER - DAYS WITH]      9 = BLOWING SNOW
                                                   X = TORNADO
MAX 32 OR BELOW:   0    0.01 INCH OR MORE:  11
MAX 90 OR ABOVE:   0    0.10 INCH OR MORE:   6
MIN 32 OR BELOW:   1    0.50 INCH OR MORE:   1
MIN  0 OR BELOW:   0    1.00 INCH OR MORE:   0

[HDD (BASE 65) ]
TOTAL THIS MO.   187    CLEAR  (SCALE 0-3)  25
DPTR FM NORMAL  -122    PTCLDY (SCALE 4-7)   0
TOTAL FM JUL 1  5107    CLOUDY (SCALE 8-10)  0
DPTR FM NORMAL  -223

[CDD (BASE 65) ]
TOTAL THIS MO.     3
DPTR FM NORMAL     1    [PRESSURE DATA]
TOTAL FM JAN 1     3    HIGHEST SLP  0.00 ON M
DPTR FM NORMAL    -1    LOWEST  SLP  0.00 ON M

[REMARKS]
