000
CXUS55 KPAH 270629
CF6CGI
PRELIMINARY LOCAL CLIMATOLOGICAL DATA (WS FORM: F-6)

                                          STATION:   CAPE GIRARDEAU MO
                                          MONTH:     APRIL
                                          YEAR:      2015
                                          LATITUDE:   37 13 N
                                          LONGITUDE:  89 35 W

  TEMPERATURE IN F:       :PCPN:    SNOW:  WIND      :SUNSHINE: SKY     :PK WND
================================================================================
1   2   3   4   5  6A  6B    7    8   9   10  11  12  13   14  15   16   17  18
                                     12Z  AVG MX 2MIN
DY MAX MIN AVG DEP HDD CDD  WTR  SNW DPTH SPD SPD DIR MIN PSBL S-S WX    SPD DR
================================================================================

 1  76  42  59   7   6   0 0.06  0.0    0  7.6 25 250   M    M   0        33 250
 2  73  61  67  14   0   2 0.16  0.0    0 15.0 28 220   M    M   7 1      35 230
 3  70  44  57   4   8   0 0.81    M    0 11.6 28 330   M    M   8 1      35 360
 4  59  33  46  -7  19   0 0.00  0.0    0  4.4 12  30   M    M   0        15  50
 5  62  33  48  -6  17   0    T    M    0  6.3 16 220   M    M   3        19 210
 6  63  50  57   3   8   0 0.01  0.0    0  8.8 18 150   M    M  10 1      25 160
 7  75  63  69  15   0   4 0.22  0.0    0 13.5 21 180   M    M   8 138    28 180
 8  82  65  74  19   0   9 0.02  0.0    0 11.7 25 190   M    M   2 1      37 190
 9  80  62  71  16   0   6 0.70  0.0    M 18.7 31 200   M    M   6 13     40 190
10  69  47  58   3   7   0 0.00  0.0    0  7.7 23 300   M    M   0        30 320
11  70  45  58   2   7   0 0.00  0.0    0  4.0 13  10   M    M   0        16  10
12  76  54  65   9   0   0 0.00  0.0    0  7.4 15 150   M    M   1        19 180
13  72  57  65   9   0   0 0.33  0.0    0 10.0 20  20   M    M   7 1      27  20
14  68  53  61   4   4   0 0.22  0.0    0 12.3 24  50   M    M  10        31  50
15  71  56  64   7   1   0 0.00  0.0    0  6.7 14  90   M    M   7        16  80
16  76  58  67  10   0   2 0.00  0.0    0  2.7  9 170   M    M   6 1      12 100
17  75  54  65   7   0   0 0.00  0.0    0  3.5  9 260   M    M   4 12     12 140
18  78  55  67   9   0   2    T  0.0    0  3.8 13 100   M    M   4 12     16 130
19  72  58  65   7   0   0 1.46  0.0    0  7.9 28 270   M    M   7 1      35 280
20  65  45  55  -4  10   0 0.03    M    0 11.5 23 300   M    M   6        32 290
21  71  43  57  -2   8   0 0.13    M    0 12.1 30 290   M    M   3 8      40 280
22  65  47  56  -3   9   0 0.00  0.0    0  9.0 18 340   M    M   2        23 330
23  68  39  54  -6  11   0 0.00  0.0    0  4.6 14 350   M    M   0        19 350
24  61  44  53  -7  12   0 0.02  0.0    0  6.1 16 150   M    M   7 1      23 150
25  79  56  68   8   0   3 0.00  0.0    0 12.1 24 230   M    M   9 1      32 230
26  65  49  57  -4   8   0 0.00  0.0    0 10.9 18  20   M    M   6 1      22  30
================================================================================
SM 1841 1313       135  28  4.17     0.0 229.9          M      123
================================================================================
AV 70.8 50.5                               8.8 FASTST   M    M   5    MAX(MPH)
                                 MISC ---->  # 31 200               # 40  190
================================================================================
NOTES:
# LAST OF SEVERAL OCCURRENCES

COLUMN 17 PEAK WIND IN M.P.H.

PRELIMINARY LOCAL CLIMATOLOGICAL DATA (WS FORM: F-6) , PAGE 2

                                          STATION:  CAPE GIRARDEAU MO
                                          MONTH:    APRIL
                                          YEAR:     2015
                                          LATITUDE:   37 13 N
                                          LONGITUDE:  89 35 W

[TEMPERATURE DATA]      [PRECIPITATION DATA]       SYMBOLS USED IN COLUMN 16

AVERAGE MONTHLY: 60.7   TOTAL FOR MONTH:   4.17    1 = FOG OR MIST
DPTR FM NORMAL:   4.2   DPTR FM NORMAL:    0.47    2 = FOG REDUCING VISIBILITY
HIGHEST:    82 ON  8    GRTST 24HR  1.47 ON 19-20      TO 1/4 MILE OR LESS
LOWEST:     33 ON  5, 4                            3 = THUNDER
                        SNOW, ICE PELLETS, HAIL    4 = ICE PELLETS
                        TOTAL MONTH:   0.0 INCH    5 = HAIL
                        GRTST 24HR     0.0         6 = FREEZING RAIN OR DRIZZLE
                        GRTST DEPTH:   0           7 = DUSTSTORM OR SANDSTORM:
                                                       VSBY 1/2 MILE OR LESS
                                                   8 = SMOKE OR HAZE
[NO. OF DAYS WITH]      [WEATHER - DAYS WITH]      9 = BLOWING SNOW
                                                   X = TORNADO
MAX 32 OR BELOW:   0    0.01 INCH OR MORE:  13
MAX 90 OR ABOVE:   0    0.10 INCH OR MORE:   8
MIN 32 OR BELOW:   0    0.50 INCH OR MORE:   3
MIN  0 OR BELOW:   0    1.00 INCH OR MORE:   1

[HDD (BASE 65) ]
TOTAL THIS MO.   135    CLEAR  (SCALE 0-3)  10
DPTR FM NORMAL  -109    PTCLDY (SCALE 4-7)  13
TOTAL FM JUL 1  4519    CLOUDY (SCALE 8-10)  3
DPTR FM NORMAL   219

[CDD (BASE 65) ]
TOTAL THIS MO.    28
DPTR FM NORMAL     8    [PRESSURE DATA]
TOTAL FM JAN 1    28    HIGHEST SLP M ON M
DPTR FM NORMAL     4    LOWEST  SLP 29.42 ON 19

[REMARKS]
