000
CXUS53 KARX 270930
CF6CMY
PRELIMINARY LOCAL CLIMATOLOGICAL DATA (WS FORM: F-6)

                                          STATION:   SPARTA - FORT MCCOY WI
                                          MONTH:     APRIL
                                          YEAR:      2015
                                          LATITUDE:   43 58 N
                                          LONGITUDE:  90 44 W

  TEMPERATURE IN F:       :PCPN:    SNOW:  WIND      :SUNSHINE: SKY     :PK WND
================================================================================
1   2   3   4   5  6A  6B    7    8   9   10  11  12  13   14  15   16   17  18
                                     12Z  AVG MX 2MIN
DY MAX MIN AVG DEP HDD CDD  WTR  SNW DPTH SPD SPD DIR MIN PSBL S-S WX    SPD DR
================================================================================

 1  80  27  54   M  11   0 0.00  0.0    0 10.6 23 200   M    M   1 3      32 190
 2  65  48  57   M   8   0 0.18  0.0    0  9.9 20 270   M    M   3        25 270
 3  49  20  35   M  30   0 0.00  0.0    0  8.4 18 300   M    M   4        24 300
 4  55  20  38   M  27   0    T  0.0    0  6.1 16 300   M    M   7        33 310
 5  52  33  43   M  22   0 0.09  0.0    0  7.1 13  90   M    M   6 1      20  80
 6  58  32  45   M  20   0 0.06  0.0    0 10.3 17  60   M    M   4        27  80
 7  46  35  41   M  24   0 1.24    T    0 11.9 18  90   M    M  10 35     28  80
 8  43  36  40   M  25   0 0.03  0.0    0  8.3 14  90   M    M  10 13     17  70
 9  43  33  38   M  27   0    M    M    0  6.5 13 330   M    M  10 13     16 290
10  51  30  41   M  24   0 0.17    M    M  5.2 12 300   M    M   8        21 310
11  65  24  45   M  20   0 0.00  0.0    0  4.5 13 170   M    M   0        17 200
12  73  50  62   M   3   0 0.00  0.0    0 13.1 23 170   M    M   1        33 170
13  64  32  48   M  17   0 0.00  0.0    0  9.8 21 270   M    M   3        31 260
14  69  24  47   M  18   0 0.00  0.0    0  1.3  7 300   M    M   0         M  M
15  69  28  49   M  16   0 0.00  0.0    0  8.4 20 120   M    M   0        25 100
16  74  29  52   M  13   0 0.00  0.0    0  2.2  9 270   M    M   2        16 290
17  79  41  60   M   5   0 0.00  0.0    0  3.0 14 260   M    M   2        20 260
18  71  32  52   M  13   0 0.00  0.0    0 10.3 20  90   M    M   1        24  80
19  66  44  55   M  10   0    M  0.0    0  3.6 10 330   M    M   6         M  M
20  49  38  44   M  21   0 0.56    M    0 11.5 17 320   M    M  10        28 290
21  42  32  37   M  28   0 0.02    M    0 12.2 21 290   M    M  10        29 280
22  49  25  37   M  28   0 0.00  0.0    0 11.3 21 300   M    M   6        30 290
23  54  18  36   M  29   0 0.00  0.0    0  4.5 13 270   M    M   0        21 320
24  59  20  40   M  25   0 0.06  0.0    0  6.5 17 100   M    M   7        24 100
25  58  28  43   M  22   0    T  0.0    0 10.5 18 100   M    M   7        24  90
26  63  22  43   M  22   0 0.00  0.0    0  3.7 13  30   M    M   0        18  30
================================================================================
SM 1546  801       508   0  2.41    T    200.7          M      118
================================================================================
AV 59.5 30.8                               7.7 FASTST   M    M   5    MAX(MPH)
                                 MISC ---->  # 23 200                 33    M
================================================================================
NOTES:
# LAST OF SEVERAL OCCURRENCES

COLUMN 17 PEAK WIND IN M.P.H.

PRELIMINARY LOCAL CLIMATOLOGICAL DATA (WS FORM: F-6) , PAGE 2

                                          STATION:  SPARTA - FORT MCCOY WI
                                          MONTH:    APRIL
                                          YEAR:     2015
                                          LATITUDE:   43 58 N
                                          LONGITUDE:  90 44 W

[TEMPERATURE DATA]      [PRECIPITATION DATA]       SYMBOLS USED IN COLUMN 16

AVERAGE MONTHLY: 45.1   TOTAL FOR MONTH:   2.41    1 = FOG OR MIST
DPTR FM NORMAL:     M   DPTR FM NORMAL:       M    2 = FOG REDUCING VISIBILITY
HIGHEST:    80 ON  1    GRTST 24HR  1.24 ON  7- 7      TO 1/4 MILE OR LESS
LOWEST:     18 ON 23                               3 = THUNDER
                        SNOW, ICE PELLETS, HAIL    4 = ICE PELLETS
                        TOTAL MONTH:    T          5 = HAIL
                        GRTST 24HR    T  ON  7- 7  6 = FREEZING RAIN OR DRIZZLE
                        GRTST DEPTH:   0           7 = DUSTSTORM OR SANDSTORM:
                                                       VSBY 1/2 MILE OR LESS
                                                   8 = SMOKE OR HAZE
[NO. OF DAYS WITH]      [WEATHER - DAYS WITH]      9 = BLOWING SNOW
                                                   X = TORNADO
MAX 32 OR BELOW:   0    0.01 INCH OR MORE:   9
MAX 90 OR ABOVE:   0    0.10 INCH OR MORE:   4
MIN 32 OR BELOW:  17    0.50 INCH OR MORE:   2
MIN  0 OR BELOW:   0    1.00 INCH OR MORE:   1

[HDD (BASE 65) ]
TOTAL THIS MO.   508    CLEAR  (SCALE 0-3)  10
DPTR FM NORMAL     M    PTCLDY (SCALE 4-7)  11
TOTAL FM JUL 1  7822    CLOUDY (SCALE 8-10)  5
DPTR FM NORMAL     M

[CDD (BASE 65) ]
TOTAL THIS MO.     0
DPTR FM NORMAL     M    [PRESSURE DATA]
TOTAL FM JAN 1     0    HIGHEST SLP M ON M
DPTR FM NORMAL     M    LOWEST  SLP M ON M

[REMARKS]
