000
CXUS52 KJAX 010800
CF6CRG
PRELIMINARY LOCAL CLIMATOLOGICAL DATA (WS FORM: F-6)

                                          STATION:   CRAIG MUNI ARPT FL
                                          MONTH:     MARCH
                                          YEAR:      2015
                                          LATITUDE:   30 19 N
                                          LONGITUDE:  81 31 W

  TEMPERATURE IN F:       :PCPN:    SNOW:  WIND      :SUNSHINE: SKY     :PK WND
================================================================================
1   2   3   4   5  6A  6B    7    8   9   10  11  12  13   14  15   16   17  18
                                     12Z  AVG MX 2MIN
DY MAX MIN AVG DEP HDD CDD  WTR  SNW DPTH SPD SPD DIR MIN PSBL S-S WX    SPD DR
================================================================================

 1  59  50  55  -4  10   0 0.04  0.0    0  6.9 15  10   M    M  10 1      19  30
 2  78  52  65   6   0   0    T  0.0    0  3.3 13  60   M    M   7 12     15  80
 3  79  59  69  10   0   4 0.00  0.0    0  6.7 17 160   M    M   5        22 140
 4  85  64  75  15   0  10 0.00  0.0    0  7.9 18 230   M    M   2        23 220
 5  85  60  73  13   0   8 0.04  0.0    0  9.4 24 220   M    M   4 1      31 230
 6  66  46  56  -4   9   0    T  0.0    0 12.3 21  10   M    M  10 1      28  30
 7  60  45  53  -7  12   0 0.00  0.0    0  9.4 18  40   M    M   2        27  60
 8  67  42  55  -5  10   0 0.00    M    0  3.1 13  50   M    M   0 1      17  70
 9  74  49  62   1   3   0 0.00  0.0    0  4.4 15 140   M    M   1 1      20 150
10  86  54  70   9   0   5 0.00  0.0    0  6.9 18 140   M    M   1 1      27 160
11  85  67  76  15   0  11 0.10  0.0    M  4.9 14 150   M    M   6 13     17 130
12  77  64  71  10   0   6 0.00  0.0    0  6.1 15  50   M    M   9 12     21  60
13  78  64  71  10   0   6 0.02  0.0    0  9.3 17 140   M    M   6 1      23 140
14  85  67  76  14   0  11    T  0.0    0 10.6 21 210   M    M   4        27 210
15  80  61  71   9   0   6 0.00  0.0    0  5.0 13  80   M    M   0        17  70
16  82  54  68   6   0   3 0.00  0.0    0  4.8 14 130   M    M   0 1      18 110
17  87  55  71   9   0   6 0.00  0.0    0  7.7 21 250   M    M   0        31 240
18  76  62  69   7   0   4    T  0.0    0  9.1 22  40   M    M   5        29  40
19  77  61  69   6   0   4    T  0.0    0  6.5 18 140   M    M   6 1      23 140
20  76  62  69   6   0   4 0.00  0.0    0  4.0 12  60   M    M   7 128    16  70
21  81  63  72   9   0   7 0.00  0.0    0  3.7 14  70   M    M   6 128    17  70
22  77  64  71   8   0   6 0.10  0.0    0  3.4 13  40   M    M   8 128    16  20
23  68  60  64   1   1   0 0.26  0.0    0  9.4 18  30   M    M  10 18     27  30
24  65  58  62  -2   3   0 0.02  0.0    0  9.2 16  20   M    M  10 18     22  20
25  76  60  68   4   0   3 0.00  0.0    0  3.8  9 240   M    M   7 18     12 280
26  78  59  69   5   0   4 0.62  0.0    0  4.3 13 240   M    M   7 1238   16 240
27  75  56  66   2   0   1 0.55  0.0    0  9.7 21 240   M    M   6 1      27 220
28  64  46  55  -9  10   0 0.00  0.0    0  9.9 22 310   M    M   0        30 300
29  61  44  53 -11  12   0 0.00  0.0    0  5.8 17  60   M    M   2        25  40
30  78  42  60  -4   5   0 0.00  0.0    0  7.6 16 290   M    M   2        21 220
31  82  59  71   6   0   6 0.00  0.0    0  8.4 17 240   M    M   2        22 240
================================================================================
SM 2347 1749        75 115  1.75     0.0 213.5          M      145
================================================================================
AV 75.7 56.4                               6.9 FASTST   M    M   5    MAX(MPH)
                                 MISC ---->  # 24 220               # 31  230
================================================================================
NOTES:
# LAST OF SEVERAL OCCURRENCES

COLUMN 17 PEAK WIND IN M.P.H.

PRELIMINARY LOCAL CLIMATOLOGICAL DATA (WS FORM: F-6) , PAGE 2

                                          STATION:  CRAIG MUNI ARPT FL
                                          MONTH:    MARCH
                                          YEAR:     2015
                                          LATITUDE:   30 19 N
                                          LONGITUDE:  81 31 W

[TEMPERATURE DATA]      [PRECIPITATION DATA]       SYMBOLS USED IN COLUMN 16

AVERAGE MONTHLY: 66.1   TOTAL FOR MONTH:   1.75    1 = FOG OR MIST
DPTR FM NORMAL:   4.1   DPTR FM NORMAL:   -2.18    2 = FOG REDUCING VISIBILITY
HIGHEST:    87 ON 17    GRTST 24HR  0.62 ON 26-26      TO 1/4 MILE OR LESS
LOWEST:     42 ON 30, 8                            3 = THUNDER
                        SNOW, ICE PELLETS, HAIL    4 = ICE PELLETS
                        TOTAL MONTH:   0.0 INCH    5 = HAIL
                        GRTST 24HR     0.0         6 = FREEZING RAIN OR DRIZZLE
                        GRTST DEPTH:   0           7 = DUSTSTORM OR SANDSTORM:
                                                       VSBY 1/2 MILE OR LESS
                                                   8 = SMOKE OR HAZE
[NO. OF DAYS WITH]      [WEATHER - DAYS WITH]      9 = BLOWING SNOW
                                                   X = TORNADO
MAX 32 OR BELOW:   0    0.01 INCH OR MORE:   9
MAX 90 OR ABOVE:   0    0.10 INCH OR MORE:   5
MIN 32 OR BELOW:   0    0.50 INCH OR MORE:   2
MIN  0 OR BELOW:   0    1.00 INCH OR MORE:   0

[HDD (BASE 65) ]
TOTAL THIS MO.    75    CLEAR  (SCALE 0-3)  12
DPTR FM NORMAL   -65    PTCLDY (SCALE 4-7)  13
TOTAL FM JUL 1  1138    CLOUDY (SCALE 8-10)  6
DPTR FM NORMAL   -23

[CDD (BASE 65) ]
TOTAL THIS MO.   115
DPTR FM NORMAL    69    [PRESSURE DATA]
TOTAL FM JAN 1   133    HIGHEST SLP 30.44 ON  7
DPTR FM NORMAL    62    LOWEST  SLP 29.70 ON 27

[REMARKS]
#FINAL-03-15#
