000
CXUS54 KAMA 241015
CF6DHT
PRELIMINARY LOCAL CLIMATOLOGICAL DATA (WS FORM: F-6)

                                          STATION:   DALHART
                                          MONTH:     APRIL
                                          YEAR:      2015
                                          LATITUDE:   36  1 N
                                          LONGITUDE: 102 33 W

  TEMPERATURE IN F:       :PCPN:    SNOW:  WIND      :SUNSHINE: SKY     :PK WND
================================================================================
1   2   3   4   5  6A  6B    7    8   9   10  11  12  13   14  15   16   17  18
                                     12Z  AVG MX 2MIN
DY MAX MIN AVG DEP HDD CDD  WTR  SNW DPTH SPD SPD DIR MIN PSBL S-S WX    SPD DR
================================================================================

 1  86  39  63  13   2   0 0.00  0.0    0 11.3 28 210   M    M   0 8      36 230
 2  82  43  63  13   2   0 0.00  0.0    0 14.6 41 340   M    M   2 8      50 340
 3  55  37  46  -4  19   0 0.00  0.0    0 17.9 41 350   M    M   6 8      51 350
 4  67  27  47  -3  18   0 0.00  0.0    0 16.1 32 200   M    M   0        40 200
 5  83  41  62  12   3   0 0.00  0.0    0 15.1 28 230   M    M   0        37 230
 6  84  39  62  11   3   0 0.00  0.0    0 13.0 33 240   M    M   0 8      45 240
 7  83  39  61  10   4   0 0.00  0.0    0 12.9 24 200   M    M   0 8      30 210
 8   M  42   M   M   M   M 0.00  0.0    0 10.3 35 230   M    M   0        42 230
 9  67  41  54   2  11   0 0.00  0.0    0 12.9 25  10   M    M   0 8      33  30
10  70  29  50  -2  15   0 0.00  0.0    0 11.0 24 180   M    M   0        34 160
11  79  43  61   9   4   0 0.00  0.0    0 14.3 30 120   M    M   1 3      35 120
12  80  43  62  10   3   0 0.00  0.0    0 10.1 33  10   M    M   2 18     41  10
13  64  41  53   0  12   0 0.00  0.0    0 16.6 30  20   M    M   1        36  30
14  70  32  51  -2  14   0 0.00  0.0    0  9.6 22 160   M    M   0        29 150
15  82  40  61   8   4   0    T  0.0    0 15.6 39 220   M    M   1 3      50 220
16  74  47  61   7   4   0 0.40    M    0 12.7 28  80   M    M   3 13     36  80
17  69  41  55   1  10   0 0.00  0.0    0 10.5 25 210   M    M   3 1      29 220
18  63  35  49  -5  16   0    T  0.0    0  8.2 30 260   M    M   2        39 290
19  61  39  50  -5  15   0 0.00  0.0    0 18.8 43 360   M    M   3        50 360
20  70  36  53  -2  12   0 0.03  0.0    0 11.5 28 360   M    M   6 13     34 360
21  77  39  58   3   7   0 0.00  0.0    0  7.1 21  20   M    M   1 1      29  20
22  71  45  58   2   7   0 0.10  0.0    0 13.5 36 350   M    M   3 13     46 350
23  80  51  66  10   0   1 0.00  0.0    0 13.4 31 180   M    M   5 1      38 180
================================================================================
SM 1617  909       185   1  0.53     0.0 297.0          M       39
================================================================================
AV 73.5 39.5                              12.9 FASTST   M    M   2    MAX(MPH)
                                 MISC ---->  # 43 360               # 51  350
================================================================================
NOTES:
# LAST OF SEVERAL OCCURRENCES

COLUMN 17 PEAK WIND IN M.P.H.

PRELIMINARY LOCAL CLIMATOLOGICAL DATA (WS FORM: F-6) , PAGE 2

                                          STATION:  DALHART
                                          MONTH:    APRIL
                                          YEAR:     2015
                                          LATITUDE:   36  1 N
                                          LONGITUDE: 102 33 W

[TEMPERATURE DATA]      [PRECIPITATION DATA]       SYMBOLS USED IN COLUMN 16

AVERAGE MONTHLY: 56.5   TOTAL FOR MONTH:   0.53    1 = FOG OR MIST
DPTR FM NORMAL:   3.9   DPTR FM NORMAL:   -0.24    2 = FOG REDUCING VISIBILITY
HIGHEST:    86 ON  1    GRTST 24HR  0.40 ON 16-16      TO 1/4 MILE OR LESS
LOWEST:     27 ON  4                               3 = THUNDER
                        SNOW, ICE PELLETS, HAIL    4 = ICE PELLETS
                        TOTAL MONTH:   0.0 INCH    5 = HAIL
                        GRTST 24HR     0.0         6 = FREEZING RAIN OR DRIZZLE
                        GRTST DEPTH:   0           7 = DUSTSTORM OR SANDSTORM:
                                                       VSBY 1/2 MILE OR LESS
                                                   8 = SMOKE OR HAZE
[NO. OF DAYS WITH]      [WEATHER - DAYS WITH]      9 = BLOWING SNOW
                                                   X = TORNADO
MAX 32 OR BELOW:   0    0.01 INCH OR MORE:   3
MAX 90 OR ABOVE:   0    0.10 INCH OR MORE:   2
MIN 32 OR BELOW:   3    0.50 INCH OR MORE:   0
MIN  0 OR BELOW:   0    1.00 INCH OR MORE:   0

[HDD (BASE 65) ]
TOTAL THIS MO.   185    CLEAR  (SCALE 0-3)  19
DPTR FM NORMAL  -104    PTCLDY (SCALE 4-7)   4
TOTAL FM JUL 1  3961    CLOUDY (SCALE 8-10)  0
DPTR FM NORMAL  -582

[CDD (BASE 65) ]
TOTAL THIS MO.     1
DPTR FM NORMAL     1    [PRESSURE DATA]
TOTAL FM JAN 1     1    HIGHEST SLP M ON M
DPTR FM NORMAL     1    LOWEST  SLP 29.46 ON  8

[REMARKS]
