000
CXUS51 KPBZ 250804
CF6DUJ
PRELIMINARY LOCAL CLIMATOLOGICAL DATA (WS FORM: F-6)

                                          STATION:   DUBOIS
                                          MONTH:     APRIL
                                          YEAR:      2015
                                          LATITUDE:   41 10 N
                                          LONGITUDE:  78 54 W

  TEMPERATURE IN F:       :PCPN:    SNOW:  WIND      :SUNSHINE: SKY     :PK WND
================================================================================
1   2   3   4   5  6A  6B    7    8   9   10  11  12  13   14  15   16   17  18
                                     12Z  AVG MX 2MIN
DY MAX MIN AVG DEP HDD CDD  WTR  SNW DPTH SPD SPD DIR MIN PSBL S-S WX    SPD DR
================================================================================

 1  50  27  39  -2  26   0 0.00    M    M  5.8 12 270   M    M   6 1      15 270
 2  70  35  53  12  12   0 0.10    M    M 10.8 32 250   M    M   5 8      47 250
 3  59  41  50   8  15   0 0.63    M    M  7.8 24 240   M    M  10 12     33 250
 4  46  32  39  -3  26   0 0.02    M    M 14.4 25 250   M    M   6 18     37 300
 5  60  36  48   5  17   0 0.00    M    M 12.5 31 260   M    M   7        38 260
 6  68  36  52   9  13   0 0.06    M    M  6.2 28 240   M    M   5 18     35 240
 7  57  45  51   8  14   0 0.24    M    M  6.5 16  90   M    M   9 12     21  90
 8  50  44  47   3  18   0 0.13    M    M 12.1 20 120   M    M  10 12     26 110
 9  60  44  52   8  13   0 0.68    M    M 12.4 22 130   M    M   9 1238   28 120
10  68  45  57  12   8   0 0.57    M    M 15.9 31 250   M    M   5 13     41 270
11  52  38  45   0  20   0    T    M    M 11.9 29 320   M    M   6        43 320
12  68  33  51   6  14   0 0.00    M    M  4.9 15 230   M    M   0        20 230
13  79  51  65  19   0   0 0.08    M    M 11.2 24 220   M    M   3 1      33 230
14  62  44  53   7  12   0 0.01    M    M  6.1 17  40   M    M   1        21  40
15  66  41  54   7  11   0 0.00    M    M  6.7 16  10   M    M   0        20  10
16  67  42  55   8  10   0 0.25    M    M  9.9 20 140   M    M   5 18     30 190
17  66  51  59  12   6   0 0.10    M    M  7.2 15 260   M    M   7 18     22 250
18  77  46  62  14   3   0 0.00    M    M  7.9 20 320   M    M   1 1      29 340
19  69  46  58  10   7   0 0.22    M    M 14.2 24 130   M    M   3        32 120
20  73  45  59  11   6   0 0.51    M    M 13.8 28 240   M    M   8 13     35 240
21  58  43  51   2  14   0    T    M    M 16.3 33 250   M    M   8        41 260
22  47  33  40  -9  25   0 0.28    M    M 11.2 24 240   M    M   9 1      31 240
23  34  29  32 -18  33   0 0.10    M    M 12.5 22 280   M    M  10 128    34 290
24  50  28  39 -11  26   0 0.00    M    M 13.2 26 270   M    M   4 8      36 270
================================================================================
SM 1456  955       349   0  3.98    M    251.4          M      137
================================================================================
AV 60.7 39.8                              10.5 FASTST   M    M   6    MAX(MPH)
                                 MISC ---->  # 33 250               # 47  250
================================================================================
NOTES:
# LAST OF SEVERAL OCCURRENCES

COLUMN 17 PEAK WIND IN M.P.H.

PRELIMINARY LOCAL CLIMATOLOGICAL DATA (WS FORM: F-6) , PAGE 2

                                          STATION:  DUBOIS
                                          MONTH:    APRIL
                                          YEAR:     2015
                                          LATITUDE:   41 10 N
                                          LONGITUDE:  78 54 W

[TEMPERATURE DATA]      [PRECIPITATION DATA]       SYMBOLS USED IN COLUMN 16

AVERAGE MONTHLY: 50.2   TOTAL FOR MONTH:   3.98    1 = FOG OR MIST
DPTR FM NORMAL:   4.7   DPTR FM NORMAL:    1.22    2 = FOG REDUCING VISIBILITY
HIGHEST:    79 ON 13    GRTST 24HR  1.25 ON  9-10      TO 1/4 MILE OR LESS
LOWEST:     27 ON  1                               3 = THUNDER
                        SNOW, ICE PELLETS, HAIL    4 = ICE PELLETS
                        TOTAL MONTH:    M          5 = HAIL
                        GRTST 24HR    M  ON   M    6 = FREEZING RAIN OR DRIZZLE
                        GRTST DEPTH:  M  ON   M    7 = DUSTSTORM OR SANDSTORM:
                                                       VSBY 1/2 MILE OR LESS
                                                   8 = SMOKE OR HAZE
[NO. OF DAYS WITH]      [WEATHER - DAYS WITH]      9 = BLOWING SNOW
                                                   X = TORNADO
MAX 32 OR BELOW:   0    0.01 INCH OR MORE:  16
MAX 90 OR ABOVE:   0    0.10 INCH OR MORE:  12
MIN 32 OR BELOW:   4    0.50 INCH OR MORE:   4
MIN  0 OR BELOW:   0    1.00 INCH OR MORE:   0

[HDD (BASE 65) ]
TOTAL THIS MO.   349    CLEAR  (SCALE 0-3)   6
DPTR FM NORMAL  -119    PTCLDY (SCALE 4-7)  10
TOTAL FM JUL 1  6717    CLOUDY (SCALE 8-10)  8
DPTR FM NORMAL   291

[CDD (BASE 65) ]
TOTAL THIS MO.     0
DPTR FM NORMAL     0    [PRESSURE DATA]
TOTAL FM JAN 1     0    HIGHEST SLP M ON M
DPTR FM NORMAL     0    LOWEST  SLP 29.45 ON 20

[REMARKS]
