000
CXUS54 KOUN 180800
CF6LAW
PRELIMINARY LOCAL CLIMATOLOGICAL DATA (WS FORM: F-6)

                                          STATION:   LAWTON MUNICIPAL
                                          MONTH:     APRIL
                                          YEAR:      2015
                                          LATITUDE:   34 34 N
                                          LONGITUDE:  98 25 W

  TEMPERATURE IN F:       :PCPN:    SNOW:  WIND      :SUNSHINE: SKY     :PK WND
================================================================================
1   2   3   4   5  6A  6B    7    8   9   10  11  12  13   14  15   16   17  18
                                     12Z  AVG MX 2MIN
DY MAX MIN AVG DEP HDD CDD  WTR  SNW DPTH SPD SPD DIR MIN PSBL S-S WX    SPD DR
================================================================================

 1  80  57  69  10   0   4 0.00  0.0    0 12.3 24 170   M    M   0        31 160
 2  83  60  72  13   0   7 0.00  0.0    0  8.9 18 160   M    M   0        24 180
 3  70  48  59   0   6   0 0.00  0.0    0 19.6 39 360   M    M   0        48 360
 4  65  38  52  -7  13   0 0.00  0.0    0  7.8 14 150   M    M   0        23 350
 5  59  51  55  -5  10   0 0.07  0.0    0 12.3 21 150   M    M  10 18     26 160
 6  85  57  71  11   0   6 0.00  0.0    0 12.7 21 170   M    M   6 18     28 170
 7  86  59  73  13   0   8 0.00  0.0    0 11.7 21 170   M    M   1 18     26 160
 8  76  64  70  10   0   5 0.05  0.0    0 14.5 30 190   M    M   3 1      42 200
 9  77  54  66   6   0   1 0.00  0.0    0 12.6 24  30   M    M   3 18     30 360
10  70  42  56  -5   9   0 0.00  0.0    0  7.4 23  30   M    M   1        31  30
11  73  49  61   0   4   0 0.00  0.0    0 11.6 23 100   M    M   6        29 100
12  81  64  73  12   0   8 0.00  0.0    0 13.2 24 160   M    M   7        30 160
13  69  54  62   1   3   0 1.44  0.0    0 19.9 32  50   M    M   9 138    39  50
14  57  51  54  -8  11   0 0.01  0.0    0 10.3 23  30   M    M  10 18     30  30
15  73  49  61  -1   4   0 0.00  0.0    0  6.1 20 160   M    M   5 12     23 160
16  76  57  67   5   0   2 0.00  0.0    0 12.3 23 130   M    M   3 8      30 130
17  70  57  64   2   1   0 0.56  0.0    0  7.7 21 360   M    M   5 1      26  60
================================================================================
SM 1250  911        61  41  2.13     0.0 200.9          M       69
================================================================================
AV 73.5 53.6                              11.8 FASTST   M    M   4    MAX(MPH)
                                 MISC ---->  # 39 360               # 48  360
================================================================================
NOTES:
# LAST OF SEVERAL OCCURRENCES

COLUMN 17 PEAK WIND IN M.P.H.

PRELIMINARY LOCAL CLIMATOLOGICAL DATA (WS FORM: F-6) , PAGE 2

                                          STATION:  LAWTON MUNICIPAL
                                          MONTH:    APRIL
                                          YEAR:     2015
                                          LATITUDE:   34 34 N
                                          LONGITUDE:  98 25 W

[TEMPERATURE DATA]      [PRECIPITATION DATA]       SYMBOLS USED IN COLUMN 16

AVERAGE MONTHLY: 63.6   TOTAL FOR MONTH:   2.13    1 = FOG OR MIST
DPTR FM NORMAL:   3.1   DPTR FM NORMAL:    0.80    2 = FOG REDUCING VISIBILITY
HIGHEST:    86 ON  7    GRTST 24HR  1.44 ON 13-13      TO 1/4 MILE OR LESS
LOWEST:     38 ON  4                               3 = THUNDER
                        SNOW, ICE PELLETS, HAIL    4 = ICE PELLETS
                        TOTAL MONTH:   0.0 INCH    5 = HAIL
                        GRTST 24HR     0.0         6 = FREEZING RAIN OR DRIZZLE
                        GRTST DEPTH:   0           7 = DUSTSTORM OR SANDSTORM:
                                                       VSBY 1/2 MILE OR LESS
                                                   8 = SMOKE OR HAZE
[NO. OF DAYS WITH]      [WEATHER - DAYS WITH]      9 = BLOWING SNOW
                                                   X = TORNADO
MAX 32 OR BELOW:   0    0.01 INCH OR MORE:   5
MAX 90 OR ABOVE:   0    0.10 INCH OR MORE:   2
MIN 32 OR BELOW:   0    0.50 INCH OR MORE:   2
MIN  0 OR BELOW:   0    1.00 INCH OR MORE:   1

[HDD (BASE 65) ]
TOTAL THIS MO.    61    CLEAR  (SCALE 0-3)   9
DPTR FM NORMAL   -43    PTCLDY (SCALE 4-7)   5
TOTAL FM JUL 1  3129    CLOUDY (SCALE 8-10)  3
DPTR FM NORMAL    43

[CDD (BASE 65) ]
TOTAL THIS MO.    41
DPTR FM NORMAL    15    [PRESSURE DATA]
TOTAL FM JAN 1    48    HIGHEST SLP M ON M
DPTR FM NORMAL     4    LOWEST  SLP 29.59 ON  9

[REMARKS]
