000
CXUS55 KLBF 211200
CF6LBF
PRELIMINARY LOCAL CLIMATOLOGICAL DATA (WS FORM: F-6)

                                          STATION:   NORTH PLATTE NE
                                          MONTH:     APRIL
                                          YEAR:      2015
                                          LATITUDE:   41  7 N
                                          LONGITUDE: 100 41 W

  TEMPERATURE IN F:       :PCPN:    SNOW:  WIND      :SUNSHINE: SKY     :PK WND
================================================================================
1   2   3   4   5  6A  6B    7    8   9   10  11  12  13   14  15   16   17  18
                                     12Z  AVG MX 2MIN
DY MAX MIN AVG DEP HDD CDD  WTR  SNW DPTH SPD SPD DIR MIN PSBL S-S WX    SPD DR
================================================================================

 1  81  52  67  24   0   2 0.00  0.0    0 14.2 24 360   M    M   1        31 360
 2  55  29  42  -1  23   0 0.21  0.6    0  8.1 24 360   M    M   7        32 350
 3  52  22  37  -7  28   0 0.00  0.0    0  8.9 20 320   M    M   2        25 320
 4  67  23  45   1  20   0 0.00  0.0    0 10.0 30 200   M    M   0        46 230
 5  76  31  54  10  11   0 0.00  0.0    0  7.1 15 110   M    M   0        19 170
 6  61  42  52   8  13   0 0.00  0.0    0 12.1 23  40   M    M   8 1      27  40
 7  55  41  48   3  17   0 0.04  0.0    0  9.9 18  20   M    M   9 1      23  20
 8  46  40  43  -2  22   0 0.07  0.0    0 10.4 17 100   M    M  10 13     20  40
 9  48  24  36  -9  29   0 0.34  1.5    0 12.2 28 320   M    M   7 1      35 330
10  67  22  45  -1  20   0 0.00  0.0    0  7.9 17 180   M    M   0        24 230
11  75  43  59  13   6   0 0.00  0.0    0 12.6 23 170   M    M   0        30 160
12  77  33  55   9  10   0 0.00  0.0    0 11.0 29  10   M    M   2        35 360
13  67  26  47   0  18   0 0.00  0.0    0  6.8 15 180   M    M   0        20 200
14  71  42  57  10   8   0 0.00  0.0    0 15.8 31 170   M    M   0        38 170
15  69  41  55   8  10   0 0.08  0.0    0 16.4 29 130   M    M   1 3      36 130
16  60  44  52   4  13   0    T  0.0    0  9.8 24  60   M    M   7        28  70
17  63  51  57   9   8   0 0.48  0.0    0 11.0 20  90   M    M   9 13     25 110
18  69  45  57   9   8   0 1.08  0.0    0  6.7 28 230   M    M   7 123    35 230
19  54  31  43  -6  22   0 0.18  0.0    0 19.7 33 350   M    M   7        44 360
20  57  27  42  -7  23   0 0.00  0.0    0 11.6 28 300   M    M   2        34 310
================================================================================
SM 1270  709       309   2  2.48     2.1 222.2          M       79
================================================================================
AV 63.5 35.5                              11.1 FASTST   M    M   4    MAX(MPH)
                                 MISC ---->  # 33 350               # 46  230
================================================================================
NOTES:
# LAST OF SEVERAL OCCURRENCES

COLUMN 17 PEAK WIND IN M.P.H.

PRELIMINARY LOCAL CLIMATOLOGICAL DATA (WS FORM: F-6) , PAGE 2

                                          STATION:  NORTH PLATTE NE
                                          MONTH:    APRIL
                                          YEAR:     2015
                                          LATITUDE:   41  7 N
                                          LONGITUDE: 100 41 W

[TEMPERATURE DATA]      [PRECIPITATION DATA]       SYMBOLS USED IN COLUMN 16

AVERAGE MONTHLY: 49.5   TOTAL FOR MONTH:   2.48    1 = FOG OR MIST
DPTR FM NORMAL:   3.6   DPTR FM NORMAL:    1.10    2 = FOG REDUCING VISIBILITY
HIGHEST:    81 ON  1    GRTST 24HR  1.08 ON 18-18      TO 1/4 MILE OR LESS
LOWEST:     22 ON 10, 3                            3 = THUNDER
                        SNOW, ICE PELLETS, HAIL    4 = ICE PELLETS
                        TOTAL MONTH:   2.1 INCHES  5 = HAIL
                        GRTST 24HR   1.5 ON  9- 9  6 = FREEZING RAIN OR DRIZZLE
                        GRTST DEPTH:   0           7 = DUSTSTORM OR SANDSTORM:
                                                       VSBY 1/2 MILE OR LESS
                                                   8 = SMOKE OR HAZE
[NO. OF DAYS WITH]      [WEATHER - DAYS WITH]      9 = BLOWING SNOW
                                                   X = TORNADO
MAX 32 OR BELOW:   0    0.01 INCH OR MORE:   8
MAX 90 OR ABOVE:   0    0.10 INCH OR MORE:   5
MIN 32 OR BELOW:   9    0.50 INCH OR MORE:   1
MIN  0 OR BELOW:   0    1.00 INCH OR MORE:   1

[HDD (BASE 65) ]
TOTAL THIS MO.   309    CLEAR  (SCALE 0-3)  11
DPTR FM NORMAL   -74    PTCLDY (SCALE 4-7)   6
TOTAL FM JUL 1  5857    CLOUDY (SCALE 8-10)  3
DPTR FM NORMAL  -391

[CDD (BASE 65) ]
TOTAL THIS MO.     2
DPTR FM NORMAL     2    [PRESSURE DATA]
TOTAL FM JAN 1     2    HIGHEST SLP M ON M
DPTR FM NORMAL     2    LOWEST  SLP 29.52 ON  1

[REMARKS]
