000
CXUS55 KPUB 261059
CF6LHX
PRELIMINARY LOCAL CLIMATOLOGICAL DATA (WS FORM: F-6)

                                          STATION:   LA JUNTA CO
                                          MONTH:     APRIL
                                          YEAR:      2015
                                          LATITUDE:   38  2 N
                                          LONGITUDE: 103 31 W

  TEMPERATURE IN F:       :PCPN:    SNOW:  WIND      :SUNSHINE: SKY     :PK WND
================================================================================
1   2   3   4   5  6A  6B    7    8   9   10  11  12  13   14  15   16   17  18
                                     12Z  AVG MX 2MIN
DY MAX MIN AVG DEP HDD CDD  WTR  SNW DPTH SPD SPD DIR MIN PSBL S-S WX    SPD DR
================================================================================

 1  84  42  63  15   2   0 0.00  0.0    0 13.0 37 340   M    M   0 8      55 340
 2  79  37  58   9   7   0 0.00  0.0    0 26.9 51  20   M    M   4        62  10
 3  57  37  47  -2  18   0 0.00  0.0    0  8.3 17  10   M    M   7        33  20
 4  74  32  53   4  12   0 0.00  0.0    0 13.1 26 210   M    M   0        33 210
 5  82  39  61  11   4   0 0.00  0.0    0  9.9 22 230   M    M   0        30 240
 6  84  43  64  14   1   0 0.00  0.0    0 15.1 29 240   M    M   0 8      38 250
 7  82  47  65  15   0   0 0.00  0.0    0 13.0 25 100   M    M   0        31  90
 8  84  38  61  11   4   0 0.00    M    0 17.3 40 340   M    M   3 128    49 330
 9  60  36  48  -3  17   0 0.00  0.0    0 13.3 29 360   M    M   0        34 360
10  71  30  51   0  14   0    T  0.0    0  6.1 26 350   M    M   1 8      33 350
11  77  38  58   7   7   0 0.00  0.0    0  8.1 16 290   M    M   0        22 170
12  80  43  62  10   3   0 0.00  0.0    0 12.3 33  20   M    M   0 8      42  30
13  67  38  53   1  12   0 0.00  0.0    0  9.6 24 130   M    M   0        27 120
14  80  38  59   7   6   0 0.00  0.0    0 13.5 32 150   M    M   0        41 140
15  82  41  62  10   3   0 0.00  0.0    0 15.7 33 360   M    M   1 8      41  10
16  50  40  45  -8  20   0 0.20    M    M 11.5 28  10   M    M   9 13     33  10
17  64  42  53   0  12   0 0.10  0.0    0  9.6 31 290   M    M   7 13     36 290
18  60  38  49  -4  16   0 0.07  0.0    0 12.2 29 320   M    M   4 1      35 300
19  58  43  51  -3  14   0 0.22  0.0    0 18.1 35 350   M    M   6 1      41 340
20  61  38  50  -4  15   0 0.00  0.0    0  5.2 15 100   M    M   3        20 110
21  77  39  58   4   7   0    T  0.0    0  7.2 22 280   M    M   1        30 290
22  69  39  54  -1  11   0 0.00  0.0    0 11.3 25 160   M    M   0        30 150
23  77  42  60   5   5   0    T    M    0  9.3 30 180   M    M   1 38     38 180
24  76  45  61   6   4   0 0.00  0.0    0  9.6 35 350   M    M   3 128    45 340
25  78  42  60   4   5   0 0.00  0.0    0 12.8 26 110   M    M   2        30 120
================================================================================
SM 1813  987       219   0  0.59     0.0 302.0          M       52
================================================================================
AV 72.5 39.5                              12.1 FASTST   M    M   2    MAX(MPH)
                                 MISC ---->  # 51  20               # 62   10
================================================================================
NOTES:
# LAST OF SEVERAL OCCURRENCES

COLUMN 17 PEAK WIND IN M.P.H.

PRELIMINARY LOCAL CLIMATOLOGICAL DATA (WS FORM: F-6) , PAGE 2

                                          STATION:  LA JUNTA CO
                                          MONTH:    APRIL
                                          YEAR:     2015
                                          LATITUDE:   38  2 N
                                          LONGITUDE: 103 31 W

[TEMPERATURE DATA]      [PRECIPITATION DATA]       SYMBOLS USED IN COLUMN 16

AVERAGE MONTHLY: 56.0   TOTAL FOR MONTH:   0.59    1 = FOG OR MIST
DPTR FM NORMAL:   4.1   DPTR FM NORMAL:   -0.43    2 = FOG REDUCING VISIBILITY
HIGHEST:    84 ON  8, 6 GRTST 24HR  0.30 ON 16-17      TO 1/4 MILE OR LESS
LOWEST:     30 ON 10                               3 = THUNDER
                        SNOW, ICE PELLETS, HAIL    4 = ICE PELLETS
                        TOTAL MONTH:   0.0 INCH    5 = HAIL
                        GRTST 24HR     0.0         6 = FREEZING RAIN OR DRIZZLE
                        GRTST DEPTH:   0           7 = DUSTSTORM OR SANDSTORM:
                                                       VSBY 1/2 MILE OR LESS
                                                   8 = SMOKE OR HAZE
[NO. OF DAYS WITH]      [WEATHER - DAYS WITH]      9 = BLOWING SNOW
                                                   X = TORNADO
MAX 32 OR BELOW:   0    0.01 INCH OR MORE:   4
MAX 90 OR ABOVE:   0    0.10 INCH OR MORE:   3
MIN 32 OR BELOW:   2    0.50 INCH OR MORE:   0
MIN  0 OR BELOW:   0    1.00 INCH OR MORE:   0

[HDD (BASE 65) ]
TOTAL THIS MO.   219    CLEAR  (SCALE 0-3)  19
DPTR FM NORMAL  -113    PTCLDY (SCALE 4-7)   5
TOTAL FM JUL 1  4434    CLOUDY (SCALE 8-10)  1
DPTR FM NORMAL  -646

[CDD (BASE 65) ]
TOTAL THIS MO.     0
DPTR FM NORMAL    -1    [PRESSURE DATA]
TOTAL FM JAN 1     0    HIGHEST SLP M ON M
DPTR FM NORMAL    -2    LOWEST  SLP 29.49 ON  8

[REMARKS]
