000
CXUS55 KEAX 280736
CF6LXT
PRELIMINARY LOCAL CLIMATOLOGICAL DATA (WS FORM: F-6)

                                          STATION:   Lee`s Summit MO
                                          MONTH:     APRIL
                                          YEAR:      2015
                                          LATITUDE:   38 57 N
                                          LONGITUDE:  94 22 W

  TEMPERATURE IN F:       :PCPN:    SNOW:  WIND      :SUNSHINE: SKY     :PK WND
================================================================================
1   2   3   4   5  6A  6B    7    8   9   10  11  12  13   14  15   16   17  18
                                     12Z  AVG MX 2MIN
DY MAX MIN AVG DEP HDD CDD  WTR  SNW DPTH SPD SPD DIR MIN PSBL S-S WX    SPD DR
================================================================================

 1  79  57  68  19   0   3 0.00    M    M 13.1 25 170   M    M   1        36 170
 2  70  56  63  13   2   0 0.90    M    M 11.3 25  30   M    M   6 13     32  20
 3  58  37  48  -2  17   0 0.13    M    M 16.1 30 350   M    M   5 3      38 350
 4  62  32  47  -3  18   0 0.00    M    M  8.7 18 230   M    M   0        24 220
 5  64  44  54   3  11   0    T    M    M 13.0 23 180   M    M   4 1      31 190
 6  61  49  55   4  10   0 0.00    M    M  7.8 14 180   M    M  10 1      19 190
 7  83  57  70  19   0   5 0.00    M    M 10.0 17 210   M    M   7 13     23 200
 8  77  53  65  13   0   0 0.10    M    M 10.3 22 200   M    M   7 123    34 210
 9  77  41  59   7   6   0 0.02    M    M 17.6 30 290   M    M   7 3      42 290
10  69  39  54   2  11   0 0.00    M    M  8.8 18 280   M    M   0        26 300
11  71  48  60   7   5   0 0.00    M    M  8.9 17 190   M    M   1        23 220
12  68  52  60   7   5   0 0.71    M    M 10.9 25 310   M    M   8 13     35 140
13  64  52  58   5   7   0 1.58    M    M 11.6 35 330   M    M   2 13     44 340
14  68  50  59   5   6   0    T    M    M 11.0 22  80   M    M   2        28  80
15  61  49  55   1  10   0 0.04    M    M  8.8 20 100   M    M  10        27 100
16  74  49  62   8   3   0 0.00    M    M  3.6  9 120   M    M   3 1      14 120
17  78  54  66  11   0   1 0.00    M    M  4.9 13 120   M    M   4        16 130
18  64  58  61   6   4   0 0.55    M    M  5.9 32 220   M    M   7 13     41 220
19  69  50  60   4   5   0 0.26    M    M 11.9 25 310   M    M   8 13     34 290
20  59  43  51  -5  14   0 0.00    M    M 14.2 30 290   M    M   3        43 260
21  69  42  56   0   9   0 0.00    M    M  9.2 28 360   M    M   3        36  10
22  57  38  48  -8  17   0 0.00    M    M  7.7 18 350   M    M   0        22 350
23  66  40  53  -4  12   0 0.00    M    M  5.8 14 180   M    M   4        19 170
24  65  51  58   1   7   0 0.14    M    M  9.6 20 170   M    M   9 3      30 190
25  64  49  57  -1   8   0 0.19    M    M  9.5 18 340   M    M  10 138    23 340
26  62  47  55  -3  10   0 0.00    M    M 11.7 18  70   M    M   6 1      23  60
27  67  42  55  -3  10   0 0.00    M    M  8.5 21  30   M    M   0        27  20
================================================================================
SM 1826 1279       207   9  4.62    M    270.4          M      127
================================================================================
AV 67.6 47.4                              10.0 FASTST   M    M   5    MAX(MPH)
                                 MISC ---->  # 35 330               # 44  340
================================================================================
NOTES:
# LAST OF SEVERAL OCCURRENCES

COLUMN 17 PEAK WIND IN M.P.H.

PRELIMINARY LOCAL CLIMATOLOGICAL DATA (WS FORM: F-6) , PAGE 2

                                          STATION:  Lee`s Summit MO
                                          MONTH:    APRIL
                                          YEAR:     2015
                                          LATITUDE:   38 57 N
                                          LONGITUDE:  94 22 W

[TEMPERATURE DATA]      [PRECIPITATION DATA]       SYMBOLS USED IN COLUMN 16

AVERAGE MONTHLY: 57.5   TOTAL FOR MONTH:   4.62    1 = FOG OR MIST
DPTR FM NORMAL:   3.8   DPTR FM NORMAL:    1.31    2 = FOG REDUCING VISIBILITY
HIGHEST:    83 ON  7    GRTST 24HR  2.29 ON 12-13      TO 1/4 MILE OR LESS
LOWEST:     32 ON  4                               3 = THUNDER
                        SNOW, ICE PELLETS, HAIL    4 = ICE PELLETS
                        TOTAL MONTH:    M          5 = HAIL
                        GRTST 24HR    M  ON   M    6 = FREEZING RAIN OR DRIZZLE
                        GRTST DEPTH:  M  ON   M    7 = DUSTSTORM OR SANDSTORM:
                                                       VSBY 1/2 MILE OR LESS
                                                   8 = SMOKE OR HAZE
[NO. OF DAYS WITH]      [WEATHER - DAYS WITH]      9 = BLOWING SNOW
                                                   X = TORNADO
MAX 32 OR BELOW:   0    0.01 INCH OR MORE:  11
MAX 90 OR ABOVE:   0    0.10 INCH OR MORE:   9
MIN 32 OR BELOW:   1    0.50 INCH OR MORE:   4
MIN  0 OR BELOW:   0    1.00 INCH OR MORE:   1

[HDD (BASE 65) ]
TOTAL THIS MO.   207    CLEAR  (SCALE 0-3)  10
DPTR FM NORMAL  -107    PTCLDY (SCALE 4-7)  11
TOTAL FM JUL 1  4737    CLOUDY (SCALE 8-10)  6
DPTR FM NORMAL  -188

[CDD (BASE 65) ]
TOTAL THIS MO.     9
DPTR FM NORMAL     6    [PRESSURE DATA]
TOTAL FM JAN 1    12    HIGHEST SLP  0.00 ON M
DPTR FM NORMAL     9    LOWEST  SLP  0.00 ON M

[REMARKS]
