000
CXUS55 KGJT 271000
CF6MTJ
PRELIMINARY LOCAL CLIMATOLOGICAL DATA (WS FORM: F-6)

                                          STATION:   MONTROSE CO
                                          MONTH:     APRIL
                                          YEAR:      2015
                                          LATITUDE:   38 30 N
                                          LONGITUDE: 107 53 W

  TEMPERATURE IN F:       :PCPN:    SNOW:  WIND      :SUNSHINE: SKY     :PK WND
================================================================================
1   2   3   4   5  6A  6B    7    8   9   10  11  12  13   14  15   16   17  18
                                     12Z  AVG MX 2MIN
DY MAX MIN AVG DEP HDD CDD  WTR  SNW DPTH SPD SPD DIR MIN PSBL S-S WX    SPD DR
================================================================================

 1  70  45  58  13   7   0    T    M    M 12.8 36 240   M    M   4 8      46 230
 2  66  37  52   6  13   0 0.00    M    M 14.7 36 260   M    M   2        47 250
 3  52  25  39  -7  26   0 0.00    M    M  7.7 16 300   M    M   1        19 300
 4  69  24  47   1  18   0 0.00    M    M  7.7 22 270   M    M   0        29 210
 5  71  34  53   7  12   0 0.00    M    M 10.9 28 210   M    M   0        43 180
 6  70  48  59  13   6   0 0.00    M    M 13.5 36 130   M    M   0        47 130
 7  68  43  56   9   9   0 0.00    M    M 12.6 30 210   M    M   0 8      47 230
 8  62  33  48   1  17   0 0.00    M    M 16.4 37 260   M    M   3        52 250
 9  58  27  43  -4  22   0 0.00    M    M  7.0 14 150   M    M   1        18 290
10  70  31  51   4  14   0 0.00    M    M  8.4 22 320   M    M   0        27 300
11  71  35  53   5  12   0 0.00    M    M  8.5 24 200   M    M   0        31 200
12  67  41  54   6  11   0 0.00    M    M 11.7 23 320   M    M   0        30 320
13  72  32  52   4  13   0 0.00    M    M  8.8 16 320   M    M   0        20 290
14  74  35  55   7  10   0 0.00    M    M 13.8 35 190   M    M   1        46 190
15  58  29  44  -5  21   0 0.00    M    M 11.9 26 250   M    M   4        34 180
16  46  24  35 -14  30   0 0.07    M    M  6.9 16 140   M    M   6 12     19 150
17  44  32  38 -11  27   0 0.49    M    M  5.4 15 140   M    M  10 1      18 150
18  42  31  37 -13  28   0 0.11    M    M  5.3 14 130   M    M  10 1      15 130
19  59  34  47  -3  18   0 0.02    M    M  5.1 17 300   M    M   7 1      21 340
20  63  41  52   2  13   0 0.05    M    M  5.5 14 130   M    M   4 13     17 140
21  70  35  53   3  12   0 0.00    M    M  7.9 21 230   M    M   1 8      33 270
22  67  37  52   1  13   0 0.02    M    M  9.0 31 190   M    M   3 38     39 180
23  68  36  52   1  13   0 0.00    M    M  9.4 28 120   M    M   3 8      35 120
24  61  37  49  -2  16   0 0.01    M    M  7.7 28 230   M    M   4 8      35 220
25  56  36  46  -6  19   0 0.16    M    M  7.4 23 220   M    M   6 3      32 210
26  52  39  46  -6  19   0 0.06    M    M  6.1 15 310   M    M  10        19 310
================================================================================
SM 1626  901       419   0  0.99    M    242.1          M       80
================================================================================
AV 62.5 34.7                               9.3 FASTST   M    M   3    MAX(MPH)
                                 MISC ---->  # 37 260               # 52  250
================================================================================
NOTES:
# LAST OF SEVERAL OCCURRENCES

COLUMN 17 PEAK WIND IN M.P.H.

PRELIMINARY LOCAL CLIMATOLOGICAL DATA (WS FORM: F-6) , PAGE 2

                                          STATION:  MONTROSE CO
                                          MONTH:    APRIL
                                          YEAR:     2015
                                          LATITUDE:   38 30 N
                                          LONGITUDE: 107 53 W

[TEMPERATURE DATA]      [PRECIPITATION DATA]       SYMBOLS USED IN COLUMN 16

AVERAGE MONTHLY: 48.6   TOTAL FOR MONTH:   0.99    1 = FOG OR MIST
DPTR FM NORMAL:   0.2   DPTR FM NORMAL:    0.14    2 = FOG REDUCING VISIBILITY
HIGHEST:    74 ON 14    GRTST 24HR  0.49 ON 17-17      TO 1/4 MILE OR LESS
LOWEST:     24 ON 16, 4                            3 = THUNDER
                        SNOW, ICE PELLETS, HAIL    4 = ICE PELLETS
                        TOTAL MONTH:    M          5 = HAIL
                        GRTST 24HR    M  ON   M    6 = FREEZING RAIN OR DRIZZLE
                        GRTST DEPTH:  M  ON   M    7 = DUSTSTORM OR SANDSTORM:
                                                       VSBY 1/2 MILE OR LESS
                                                   8 = SMOKE OR HAZE
[NO. OF DAYS WITH]      [WEATHER - DAYS WITH]      9 = BLOWING SNOW
                                                   X = TORNADO
MAX 32 OR BELOW:   0    0.01 INCH OR MORE:   9
MAX 90 OR ABOVE:   0    0.10 INCH OR MORE:   3
MIN 32 OR BELOW:   9    0.50 INCH OR MORE:   0
MIN  0 OR BELOW:   0    1.00 INCH OR MORE:   0

[HDD (BASE 65) ]
TOTAL THIS MO.   419    CLEAR  (SCALE 0-3)  15
DPTR FM NORMAL   -13    PTCLDY (SCALE 4-7)   8
TOTAL FM JUL 1  5072    CLOUDY (SCALE 8-10)  3
DPTR FM NORMAL  -816

[CDD (BASE 65) ]
TOTAL THIS MO.     0
DPTR FM NORMAL     0    [PRESSURE DATA]
TOTAL FM JAN 1     0    HIGHEST SLP M ON M
DPTR FM NORMAL     0    LOWEST  SLP 29.41 ON  8

[REMARKS]
