000
CXUS51 KPBZ 270804
CF6PIT
PRELIMINARY LOCAL CLIMATOLOGICAL DATA (WS FORM: F-6)

                                          STATION:   PITTSBURGH PA
                                          MONTH:     APRIL
                                          YEAR:      2015
                                          LATITUDE:   40 30 N
                                          LONGITUDE:  80 13 W

  TEMPERATURE IN F:       :PCPN:    SNOW:  WIND      :SUNSHINE: SKY     :PK WND
================================================================================
1   2   3   4   5  6A  6B    7    8   9   10  11  12  13   14  15   16   17  18
                                     12Z  AVG MX 2MIN
DY MAX MIN AVG DEP HDD CDD  WTR  SNW DPTH SPD SPD DIR MIN PSBL S-S WX    SPD DR
================================================================================

 1  58  26  42  -4  23   0 0.00  0.0    0  3.9 15 280   M    M   2        21 300
 2  69  37  53   7  12   0 0.37  0.0    0  8.7 25 230   M    M   8 138    35 270
 3  64  42  53   7  12   0 0.32  0.0    0  8.6 29 340   M    M  10 1      38 330
 4  48  33  41  -6  24   0 0.08  0.0    0 13.9 26 310   M    M   5 1      32 320
 5  63  42  53   6  12   0 0.00  0.0    0 10.0 22 270   M    M   3        31 280
 6  69  37  53   5  12   0 0.03  0.0    0  5.7 21 210   M    M   8        27 220
 7  63  52  58  10   7   0 0.17  0.0    0  3.4 10 210   M    M  10 1      12 140
 8  70  56  63  15   2   0 0.68  0.0    0  6.1 17 210   M    M  10 13     22 210
 9  76  55  66  17   0   1 0.46  0.0    0  7.3 26 220   M    M  10 13     35 220
10  68  52  60  11   5   0 0.29  0.0    0 12.6 31 280   M    M   7 13     44 270
11  56  42  49  -1  16   0    T  0.0    0 12.3 28 300   M    M   5        36 290
12  68  33  51   1  14   0 0.00  0.0    0  2.4 14 120   M    M   5        18 110
13  80  50  65  15   0   0 0.07  0.0    0 11.1 23 340   M    M   7        33 330
14  63  51  57   6   8   0 0.00  0.0    0  8.3 15  30   M    M   9        19  30
15  68  44  56   5   9   0 0.00  0.0    0  5.8 15  50   M    M   9        20  40
16  60  49  55   4  10   0 0.10  0.0    0  9.0 22 150   M    M  10 8      28 160
17  71  54  63  11   2   0    T  0.0    0  5.7 14 320   M    M   7        18 310
18  78  45  62  10   3   0 0.00  0.0    0  5.9 16  10   M    M   6 1      24 320
19  72  53  63  11   2   0 0.34  0.0    0 13.4 25 150   M    M   9 1      36 150
20  74  50  62   9   3   0 0.10  0.0    0 13.7 29 210   M    M   8 1      39 240
21  58  40  49  -4  16   0 0.04  0.0    0 13.7 31 230   M    M   8 5      42 270
22  51  37  44  -9  21   0 0.27    T    0 11.3 25 280   M    M   9 15     31 280
23  44  32  38 -16  27   0    T    T    0 12.9 26 310   M    M   9        34 280
24  56  28  42 -12  23   0 0.00  0.0    0 10.4 26 300   M    M   3        34 300
25  53  33  43 -11  22   0 0.26  0.3    0  5.8 15  20   M    M  10 1      19  20
26  59  40  50  -4  15   0 0.00  0.0    0 10.9 22 330   M    M   4        28 340
================================================================================
SM 1659 1113       300   1  3.58     0.3 232.8          M      191
================================================================================
AV 63.8 42.8                               9.0 FASTST   M    M   7    MAX(MPH)
                                 MISC ---->  # 31 280               # 44  270
================================================================================
NOTES:
# LAST OF SEVERAL OCCURRENCES

COLUMN 17 PEAK WIND IN M.P.H.

PRELIMINARY LOCAL CLIMATOLOGICAL DATA (WS FORM: F-6) , PAGE 2

                                          STATION:  PITTSBURGH PA
                                          MONTH:    APRIL
                                          YEAR:     2015
                                          LATITUDE:   40 30 N
                                          LONGITUDE:  80 13 W

[TEMPERATURE DATA]      [PRECIPITATION DATA]       SYMBOLS USED IN COLUMN 16

AVERAGE MONTHLY: 53.3   TOTAL FOR MONTH:   3.58    1 = FOG OR MIST
DPTR FM NORMAL:   3.0   DPTR FM NORMAL:    0.88    2 = FOG REDUCING VISIBILITY
HIGHEST:    80 ON 13    GRTST 24HR  0.74 ON  7- 8      TO 1/4 MILE OR LESS
LOWEST:     26 ON  1                               3 = THUNDER
                        SNOW, ICE PELLETS, HAIL    4 = ICE PELLETS
                        TOTAL MONTH:   0.3 INCH    5 = HAIL
                        GRTST 24HR   0.3 ON   M    6 = FREEZING RAIN OR DRIZZLE
                        GRTST DEPTH:   0           7 = DUSTSTORM OR SANDSTORM:
                                                       VSBY 1/2 MILE OR LESS
                                                   8 = SMOKE OR HAZE
[NO. OF DAYS WITH]      [WEATHER - DAYS WITH]      9 = BLOWING SNOW
                                                   X = TORNADO
MAX 32 OR BELOW:   0    0.01 INCH OR MORE:  15
MAX 90 OR ABOVE:   0    0.10 INCH OR MORE:  11
MIN 32 OR BELOW:   3    0.50 INCH OR MORE:   1
MIN  0 OR BELOW:   0    1.00 INCH OR MORE:   0

[HDD (BASE 65) ]
TOTAL THIS MO.   300    CLEAR  (SCALE 0-3)   2
DPTR FM NORMAL   -89    PTCLDY (SCALE 4-7)  11
TOTAL FM JUL 1  5866    CLOUDY (SCALE 8-10) 13
DPTR FM NORMAL   432

[CDD (BASE 65) ]
TOTAL THIS MO.     1
DPTR FM NORMAL     1    [PRESSURE DATA]
TOTAL FM JAN 1     1    HIGHEST SLP M ON M
DPTR FM NORMAL     0    LOWEST  SLP 29.45 ON 20

[REMARKS]
