000
CXUS51 KBOX 241200
CF6PVD
PRELIMINARY LOCAL CLIMATOLOGICAL DATA (WS FORM: F-6)

                                          STATION:   PROVIDENCE RI
                                          MONTH:     APRIL
                                          YEAR:      2015
                                          LATITUDE:   41 43 N
                                          LONGITUDE:  71 26 W

  TEMPERATURE IN F:       :PCPN:    SNOW:  WIND      :SUNSHINE: SKY     :PK WND
================================================================================
1   2   3   4   5  6A  6B    7    8   9   10  11  12  13   14  15   16   17  18
                                     12Z  AVG MX 2MIN
DY MAX MIN AVG DEP HDD CDD  WTR  SNW DPTH SPD SPD DIR MIN PSBL S-S WX    SPD DR
================================================================================

 1  49  31  40  -4  25   0 0.00  0.0    0 10.4 20 300   M    M   3        26 320
 2  60  25  43  -1  22   0    T  0.0    0 13.0 31 220   M    M   5        40 220
 3  60  43  52   7  13   0 0.39  0.0    0  7.5 23 220   M    M  10 128    31 230
 4  55  36  46   1  19   0 0.01  0.0    0 14.6 37 310   M    M   6 12     47 310
 5  53  29  41  -5  24   0 0.13    T    0  9.4 28 260   M    M   5 1      40 250
 6  53  31  42  -4  23   0 0.00  0.0    0  6.2 17 160   M    M   6 12     19 170
 7  44  37  41  -5  24   0 0.20  0.0    0  9.3 16  20   M    M   9 1      21  30
 8  49  34  42  -5  23   0 0.13    T    0 13.2 22  40   M    M   9 148    30  60
 9  41  34  38  -9  27   0 0.12    T    0 13.2 22  40   M    M  10 148    27  40
10  55  37  46  -1  19   0 0.14  0.0    0  6.9 21 230   M    M   9 1      27 240
11  59  40  50   2  15   0 0.00  0.0    0 12.7 29 300   M    M   3 1      38 280
12  65  33  49   1  16   0 0.00  0.0    0  8.4 17 220   M    M   1        21 220
13  67  36  52   4  13   0 0.00  0.0    0  9.3 22 180   M    M   4 8      26 190
14  67  50  59  10   6   0 0.01  0.0    0  8.1 23 200   M    M   8        32 220
15  70  49  60  11   5   0 0.00  0.0    0 11.2 22 320   M    M   2        29 330
16  58  36  47  -2  18   0 0.00  0.0    0  7.2 21 150   M    M   5        25 150
17  64  45  55   5  10   0 0.17    M    0  8.1 18 250   M    M   5 1      26 210
18  77  46  62  12   3   0 0.00  0.0    0  7.8 28 350   M    M   2        36 330
19  58  41  50   0  15   0 0.00  0.0    0  9.2 21 210   M    M   2        25 200
20  56  42  49  -2  16   0 0.97  0.0    0 13.3 31 150   M    M   7 1      45 150
21  70  49  60   9   5   0 0.07    M    0  9.2 23 250   M    M   6 123    29 260
22  67  42  55   4  10   0 0.11  0.0    0 11.1 31 220   M    M   5 1      39 220
23  50  37  44  -8  21   0 0.00  0.0    0 12.9 22 280   M    M   6        32 280
================================================================================
SM 1347  883       372   0  2.45    T    232.2          M      128
================================================================================
AV 58.6 38.4                              10.1 FASTST   M    M   6    MAX(MPH)
                                 MISC ---->  # 37 310               # 47  310
================================================================================
NOTES:
# LAST OF SEVERAL OCCURRENCES

COLUMN 17 PEAK WIND IN M.P.H.

PRELIMINARY LOCAL CLIMATOLOGICAL DATA (WS FORM: F-6) , PAGE 2

                                          STATION:  PROVIDENCE RI
                                          MONTH:    APRIL
                                          YEAR:     2015
                                          LATITUDE:   41 43 N
                                          LONGITUDE:  71 26 W

[TEMPERATURE DATA]      [PRECIPITATION DATA]       SYMBOLS USED IN COLUMN 16

AVERAGE MONTHLY: 48.5   TOTAL FOR MONTH:   2.45    1 = FOG OR MIST
DPTR FM NORMAL:   0.5   DPTR FM NORMAL:   -1.00    2 = FOG REDUCING VISIBILITY
HIGHEST:    77 ON 18    GRTST 24HR  1.03 ON 20-21      TO 1/4 MILE OR LESS
LOWEST:     25 ON  2                               3 = THUNDER
                        SNOW, ICE PELLETS, HAIL    4 = ICE PELLETS
                        TOTAL MONTH:    T          5 = HAIL
                        GRTST 24HR    T  ON  9- 9  6 = FREEZING RAIN OR DRIZZLE
                        GRTST DEPTH:   0           7 = DUSTSTORM OR SANDSTORM:
                                                       VSBY 1/2 MILE OR LESS
                                                   8 = SMOKE OR HAZE
[NO. OF DAYS WITH]      [WEATHER - DAYS WITH]      9 = BLOWING SNOW
                                                   X = TORNADO
MAX 32 OR BELOW:   0    0.01 INCH OR MORE:  12
MAX 90 OR ABOVE:   0    0.10 INCH OR MORE:   9
MIN 32 OR BELOW:   4    0.50 INCH OR MORE:   1
MIN  0 OR BELOW:   0    1.00 INCH OR MORE:   0

[HDD (BASE 65) ]
TOTAL THIS MO.   372    CLEAR  (SCALE 0-3)   5
DPTR FM NORMAL   -21    PTCLDY (SCALE 4-7)  13
TOTAL FM JUL 1  5726    CLOUDY (SCALE 8-10)  5
DPTR FM NORMAL   462

[CDD (BASE 65) ]
TOTAL THIS MO.     0
DPTR FM NORMAL     0    [PRESSURE DATA]
TOTAL FM JAN 1     0    HIGHEST SLP M ON M
DPTR FM NORMAL     0    LOWEST  SLP 29.38 ON  4

[REMARKS]
