000
CXUS51 KPHI 011133
CF6RDG
PRELIMINARY LOCAL CLIMATOLOGICAL DATA (WS FORM: F-6)

                                          STATION:   READING PA
                                          MONTH:     MARCH
                                          YEAR:      2015
                                          LATITUDE:   40 22 N
                                          LONGITUDE:  75 58 W

  TEMPERATURE IN F:       :PCPN:    SNOW:  WIND      :SUNSHINE: SKY     :PK WND
================================================================================
1   2   3   4   5  6A  6B    7    8   9   10  11  12  13   14  15   16   17  18
                                     12Z  AVG MX 2MIN
DY MAX MIN AVG DEP HDD CDD  WTR  SNW DPTH SPD SPD DIR MIN PSBL S-S WX    SPD DR
================================================================================

 1  25  11  18 -18  47   0 0.35    M    M  2.3  8 360   M    M   9 16      9 190
 2  36  22  29  -7  36   0    T    M    M 10.3 35 310   M    M   5 18     45 330
 3  33  17  25 -12  40   0 0.40    M    M  5.3 15 150   M    M   6 16     19 150
 4  40  33  37   0  28   0 0.83    M    M  2.2  9 300   M    M  10 12     12 280
 5  36  13  25 -12  40   0 0.80    M    M  7.9 21 350   M    M   9 12     25 350
 6  23   2  13 -25  52   0 0.00    M    M  4.2 14 340   M    M   0 8      18 350
 7  40   2  21 -17  44   0 0.00    M    M  2.7 12 220   M    M   4        15 240
 8  47  23  35  -3  30   0 0.00    M    M  4.1 22 310   M    M   3        27 320
 9  52  28  40   1  25   0 0.00    M    M  4.7 14 270   M    M   3        18 260
10  50  29  40   1  25   0 0.65    M    M  2.5  8 340   M    M   5 12      8 160
11  54  38  46   7  19   0 0.01    M    M  5.7 16 310   M    M   3 12     21 320
12  47  32  40   0  25   0 0.00    M    M 11.4 23 340   M    M   0        27 340
13  44  26  35  -5  30   0 0.01    M    M  5.3 13 160   M    M   1        16 150
14  44  36  40   0  25   0 0.79    M    M  3.1 22 300   M    M  10 12     28 300
15  44  35  40  -1  25   0 0.00    M    M 16.5 28 300   M    M   9        36 290
16  52  32  42   1  23   0    T    M    M  2.6 15 320   M    M   2        18 330
17  60  33  47   6  18   0 0.00    M    M 13.7 36 320   M    M   4        45 340
18  44  26  35  -7  30   0 0.00    M    M 14.4 28 310   M    M   0        36 270
19  45  26  36  -6  29   0 0.00    M    M  5.8 15 290   M    M   0        20 340
20  36  30  33  -9  32   0 0.07    M    M  5.7 12  30   M    M   8 1      17 130
21  50  28  39  -4  26   0 0.00    M    M  4.1 15 320   M    M   8 128    20 330
22  45  31  38  -5  27   0 0.00    M    M 10.6 23 310   M    M   0        28 310
23  42  22  32 -12  33   0 0.00    M    M  8.4 18 350   M    M   1        22 350
24  43  27  35  -9  30   0 0.00    M    M  4.8  9 250   M    M   6        14  30
25  42  22  32 -12  33   0 0.03    M    M  3.2 13 210   M    M   6        18 160
26  66  32  49   5  16   0 0.72    M    M  6.1 23 340   M    M   8 138    31 340
27  48  37  43  -2  22   0 0.12    M    M  8.6 17 320   M    M   8        22 360
28  38  25  32 -13  33   0 0.00    M    M 14.3 25 320   M    M   9        34 320
29  45  21  33 -13  32   0 0.00    M    M  8.8 16 300   M    M   0        22 320
30  56  34  45  -1  20   0    T    M    M 10.8 26 290   M    M   6        34 260
31  49  31  40  -6  25   0 0.04    M    M  6.1 17  10   M    M   6 1      24  20
================================================================================
SM 1376  804       920   0  4.82    M    216.2          M      149
================================================================================
AV 44.4 25.9                               7.0 FASTST   M    M   5    MAX(MPH)
                                 MISC ---->  # 36 320               # 45  330
================================================================================
NOTES:
# LAST OF SEVERAL OCCURRENCES

COLUMN 17 PEAK WIND IN M.P.H.

PRELIMINARY LOCAL CLIMATOLOGICAL DATA (WS FORM: F-6) , PAGE 2

                                          STATION:  READING PA
                                          MONTH:    MARCH
                                          YEAR:     2015
                                          LATITUDE:   40 22 N
                                          LONGITUDE:  75 58 W

[TEMPERATURE DATA]      [PRECIPITATION DATA]       SYMBOLS USED IN COLUMN 16

AVERAGE MONTHLY: 35.2   TOTAL FOR MONTH:   4.82    1 = FOG OR MIST
DPTR FM NORMAL:  -5.9   DPTR FM NORMAL:    1.34    2 = FOG REDUCING VISIBILITY
HIGHEST:    66 ON 26    GRTST 24HR  0.83 ON  4- 4      TO 1/4 MILE OR LESS
LOWEST:      2 ON  7, 6                            3 = THUNDER
                        SNOW, ICE PELLETS, HAIL    4 = ICE PELLETS
                        TOTAL MONTH:    M          5 = HAIL
                        GRTST 24HR    M  ON   M    6 = FREEZING RAIN OR DRIZZLE
                        GRTST DEPTH:  M  ON   M    7 = DUSTSTORM OR SANDSTORM:
                                                       VSBY 1/2 MILE OR LESS
                                                   8 = SMOKE OR HAZE
[NO. OF DAYS WITH]      [WEATHER - DAYS WITH]      9 = BLOWING SNOW
                                                   X = TORNADO
MAX 32 OR BELOW:   2    0.01 INCH OR MORE:  13
MAX 90 OR ABOVE:   0    0.10 INCH OR MORE:   8
MIN 32 OR BELOW:  24    0.50 INCH OR MORE:   5
MIN  0 OR BELOW:   0    1.00 INCH OR MORE:   0

[HDD (BASE 65) ]
TOTAL THIS MO.   920    CLEAR  (SCALE 0-3)  10
DPTR FM NORMAL   177    PTCLDY (SCALE 4-7)  14
TOTAL FM JUL 1  5225    CLOUDY (SCALE 8-10)  7
DPTR FM NORMAL   440

[CDD (BASE 65) ]
TOTAL THIS MO.     0
DPTR FM NORMAL     0    [PRESSURE DATA]
TOTAL FM JAN 1     0    HIGHEST SLP 30.75 ON  1
DPTR FM NORMAL     0    LOWEST  SLP 29.55 ON 26

[REMARKS]
#FINAL-03-15#
