000
CXUS52 KFFC 261110
CF6RMG
PRELIMINARY LOCAL CLIMATOLOGICAL DATA (WS FORM: F-6)

                                          STATION:   ROME
                                          MONTH:     APRIL
                                          YEAR:      2015
                                          LATITUDE:   34 20 N
                                          LONGITUDE:  85 10 W

  TEMPERATURE IN F:       :PCPN:    SNOW:  WIND      :SUNSHINE: SKY     :PK WND
================================================================================
1   2   3   4   5  6A  6B    7    8   9   10  11  12  13   14  15   16   17  18
                                     12Z  AVG MX 2MIN
DY MAX MIN AVG DEP HDD CDD  WTR  SNW DPTH SPD SPD DIR MIN PSBL S-S WX    SPD DR
================================================================================

 1  81  54  68  12   0   3 0.00    M    M  3.7 10 360   M    M   1 1      16 240
 2  72  52  62   5   3   0 0.74    M    M  4.3 16 150   M    M   7 13     21 150
 3  83  51  67  10   0   2 0.24    M    M  5.5 18 250   M    M   3 123    27 220
 4  66  42  54  -3  11   0 0.00  0.0    0 11.4 23 360   M    M   3        29 340
 5  70  34  52  -5  13   0 0.00  0.0    0  5.4 20 130   M    M   0        26 130
 6  72  54  63   6   2   0 0.40  0.0    M  5.1 12  30   M    M   9 1      15 150
 7  81  60  71  13   0   6 0.01  0.0    M  2.9 14 160   M    M   6 1      18 140
 8  87  55  71  13   0   6 0.00  0.0    M  3.0 12 270   M    M   1 12     16 280
 9  85  58  72  14   0   7    T    M    M  4.5 20 190   M    M   2        28 190
10  76  62  69  11   0   4 0.39    M    M  5.0 14 270   M    M   5 13     19 270
11  76  50  63   4   2   0 0.00  0.0    M  7.4 21  20   M    M   0        25  10
12  73  44  59   0   6   0 0.00  0.0    0  4.5 14 170   M    M   5        18 130
13  73  64  69  10   0   4 0.28    M    M  6.7 14 150   M    M  10 18     17 110
14  82  65  74  15   0   9 0.12  0.0    M  5.8 16 260   M    M   7 13     22 270
15  79  58  69   9   0   4 0.16  0.0    M  3.7 15 120   M    M   8 1      20 110
16  59  54  57  -3   8   0 0.20    M    M  5.5 16 140   M    M  10 1      21 130
17  63  56  60   0   5   0 0.41    M    M  2.0  7  20   M    M  10 1       9  40
18  75  60  68   8   0   3    T    M    M  3.2 12 160   M    M   8 12     14 170
19  76  59  68   7   0   3 0.80  0.0    M  5.7 24 270   M    M   7 13     34 260
20  76  56  66   5   0   1 0.25    M    M  9.0 24 270   M    M   3 13     35 260
21  70  43  57  -4   8   0 0.00    M    M  3.8 17 290   M    M   0        24 280
22  78  41  60  -1   5   0 0.14    M    M  6.9 30 290   M    M   0 13     44 300
23  70  51  61  -1   4   0 0.00    M    M  5.3 16  10   M    M   2        21 360
24  73  41  57  -5   8   0 0.00    M    M  2.8 10  70   M    M   2        13  30
25  76  54  65   3   0   0 0.73    M    M  4.6 13 230   M    M   7 13     19 250
================================================================================
SM 1872 1318        75  52  4.87     0.0 127.7          M      116
================================================================================
AV 74.9 52.7                               5.1 FASTST   M    M   5    MAX(MPH)
                                 MISC ---->  # 30 290               # 44  300
================================================================================
NOTES:
# LAST OF SEVERAL OCCURRENCES

COLUMN 17 PEAK WIND IN M.P.H.

PRELIMINARY LOCAL CLIMATOLOGICAL DATA (WS FORM: F-6) , PAGE 2

                                          STATION:  ROME
                                          MONTH:    APRIL
                                          YEAR:     2015
                                          LATITUDE:   34 20 N
                                          LONGITUDE:  85 10 W

[TEMPERATURE DATA]      [PRECIPITATION DATA]       SYMBOLS USED IN COLUMN 16

AVERAGE MONTHLY: 63.8   TOTAL FOR MONTH:   4.87    1 = FOG OR MIST
DPTR FM NORMAL:   4.6   DPTR FM NORMAL:    1.62    2 = FOG REDUCING VISIBILITY
HIGHEST:    87 ON  8    GRTST 24HR  0.80 ON 19-19      TO 1/4 MILE OR LESS
LOWEST:     34 ON  5                               3 = THUNDER
                        SNOW, ICE PELLETS, HAIL    4 = ICE PELLETS
                        TOTAL MONTH:   0.0 INCH    5 = HAIL
                        GRTST 24HR     0.0         6 = FREEZING RAIN OR DRIZZLE
                        GRTST DEPTH:   0           7 = DUSTSTORM OR SANDSTORM:
                                                       VSBY 1/2 MILE OR LESS
                                                   8 = SMOKE OR HAZE
[NO. OF DAYS WITH]      [WEATHER - DAYS WITH]      9 = BLOWING SNOW
                                                   X = TORNADO
MAX 32 OR BELOW:   0    0.01 INCH OR MORE:  14
MAX 90 OR ABOVE:   0    0.10 INCH OR MORE:  13
MIN 32 OR BELOW:   0    0.50 INCH OR MORE:   3
MIN  0 OR BELOW:   0    1.00 INCH OR MORE:   0

[HDD (BASE 65) ]
TOTAL THIS MO.    75    CLEAR  (SCALE 0-3)  11
DPTR FM NORMAL   -94    PTCLDY (SCALE 4-7)   9
TOTAL FM JUL 1  3201    CLOUDY (SCALE 8-10)  5
DPTR FM NORMAL     5

[CDD (BASE 65) ]
TOTAL THIS MO.    52
DPTR FM NORMAL    31    [PRESSURE DATA]
TOTAL FM JAN 1    52    HIGHEST SLP M ON M
DPTR FM NORMAL    27    LOWEST  SLP 29.60 ON 25

[REMARKS]
