000
CXUS54 KSHV 011300
CF6SHV
PRELIMINARY LOCAL CLIMATOLOGICAL DATA (WS FORM: F-6)

                                          STATION:   SHREVEPORT
                                          MONTH:     MARCH
                                          YEAR:      2015
                                          LATITUDE:   32 28 N
                                          LONGITUDE:  93 49 W

  TEMPERATURE IN F:       :PCPN:    SNOW:  WIND      :SUNSHINE: SKY     :PK WND
================================================================================
1   2   3   4   5  6A  6B    7    8   9   10  11  12  13   14  15   16   17  18
                                     12Z  AVG MX 2MIN
DY MAX MIN AVG DEP HDD CDD  WTR  SNW DPTH SPD SPD DIR MIN PSBL S-S WX    SPD DR
================================================================================

 1  46  39  43 -11  22   0 0.53  0.0    0  7.5 12 360   M    M  10 1      14  10
 2  44  42  43 -11  22   0 0.05  0.0    0  7.8 15  50   M    M   8 1      19  50
 3  68  42  55   0  10   0    T  0.0    0  6.5 14 190   M    M   9 12     20 180
 4  78  36  57   2   8   0 0.22  0.0    0 11.2 25  30   M    M  10 1      34  30
 5  41  28  35 -20  30   0 0.38  0.4    T 13.5 26  20   M    M   5 146    34  10
 6  52  24  38 -17  27   0 0.00  0.0    0  2.4 10 360   M    M   3        14  40
 7  65  26  46 -10  19   0 0.00  0.0    0  2.0 10 100   M    M   4        14 150
 8  56  46  51  -5  14   0 0.99  0.0    0  5.9 13 150   M    M  10 1      16 150
 9  56  47  52  -4  13   0 1.51  0.0    0  7.3 14 100   M    M  10 1      19  70
10  57  52  55  -1  10   0 0.02  0.0    0  6.0 13 290   M    M   9 12     21 290
11  60  53  57   0   8   0 0.00  0.0    0  7.6 16  10   M    M  10        19  10
12  58  53  56  -1   9   0 2.46  0.0    0  8.0 16  50   M    M  10 13     19  50
13  67  57  62   5   3   0 0.23  0.0    0  6.0 13 270   M    M  10 1      16 270
14  62  58  60   2   5   0    T  0.0    0  5.5 13 290   M    M   9 18     14 250
15  67  53  60   2   5   0 0.00  0.0    0  4.2 12  20   M    M   9 1      18  60
16  77  51  64   6   1   0 0.00  0.0    0  2.8 10 250   M    M   8 12     14 230
17  85  62  74  16   0   9 0.00  0.0    0  3.8 13 260   M    M   8        16 310
18  68  56  62   4   3   0 0.62  0.0    0  6.3 14  60   M    M  10 1      17  60
19  70  55  63   4   2   0    T  0.0    0  5.1 10  70   M    M  10 128    11  70
20  67  57  62   3   3   0 0.19  0.0    0  7.1 20 360   M    M  10 1      25 360
21  60  54  57  -2   8   0 0.65  0.0    0  7.9 13  70   M    M  10 1      18 140
22  60  53  57  -2   8   0 0.17  0.0    0  7.5 14 350   M    M   6 1      18 340
23  75  52  64   4   1   0 0.00  0.0    0  4.3 12  60   M    M   3        18  20
24  80  52  66   6   0   1 0.00  0.0    0  8.8 17 180   M    M   0        24 190
25  83  56  70  10   0   5 0.00  0.0    0  9.8 16 190   M    M   4 1      23 210
26  67  47  57  -3   8   0    T  0.0    0 10.5 25 320   M    M   7 1      31 330
27  68  39  54  -6  11   0 0.00  0.0    0  7.5 24 280   M    M   4        30 280
28  78  43  61   0   4   0 0.00  0.0    0  8.1 17 100   M    M   3        23  90
29  84  48  66   5   0   1 0.00  0.0    0 11.4 23 220   M    M   2        32 240
30  74  60  67   6   0   2 0.00  0.0    0  3.4 12 210   M    M   7 1      17 190
31  82  63  73  11   0   8 0.00  0.0    0  7.9 14 230   M    M   7        21 240
================================================================================
SM 2055 1504       254  26  8.02     0.4 213.6          M      225
================================================================================
AV 66.3 48.5                               6.9 FASTST   M    M   7    MAX(MPH)
                                 MISC ---->  # 26  20               # 34   30
================================================================================
NOTES:
# LAST OF SEVERAL OCCURRENCES

COLUMN 17 PEAK WIND IN M.P.H.

PRELIMINARY LOCAL CLIMATOLOGICAL DATA (WS FORM: F-6) , PAGE 2

                                          STATION:  SHREVEPORT
                                          MONTH:    MARCH
                                          YEAR:     2015
                                          LATITUDE:   32 28 N
                                          LONGITUDE:  93 49 W

[TEMPERATURE DATA]      [PRECIPITATION DATA]       SYMBOLS USED IN COLUMN 16

AVERAGE MONTHLY: 57.4   TOTAL FOR MONTH:   8.02    1 = FOG OR MIST
DPTR FM NORMAL:  -0.5   DPTR FM NORMAL:    3.88    2 = FOG REDUCING VISIBILITY
HIGHEST:    85 ON 17    GRTST 24HR  2.46 ON 12-12      TO 1/4 MILE OR LESS
LOWEST:     24 ON  6                               3 = THUNDER
                        SNOW, ICE PELLETS, HAIL    4 = ICE PELLETS
                        TOTAL MONTH:   0.4 INCH    5 = HAIL
                        GRTST 24HR   0.4 ON   M    6 = FREEZING RAIN OR DRIZZLE
                        GRTST DEPTH:   T           7 = DUSTSTORM OR SANDSTORM:
                                                       VSBY 1/2 MILE OR LESS
                                                   8 = SMOKE OR HAZE
[NO. OF DAYS WITH]      [WEATHER - DAYS WITH]      9 = BLOWING SNOW
                                                   X = TORNADO
MAX 32 OR BELOW:   0    0.01 INCH OR MORE:  13
MAX 90 OR ABOVE:   0    0.10 INCH OR MORE:  11
MIN 32 OR BELOW:   3    0.50 INCH OR MORE:   6
MIN  0 OR BELOW:   0    1.00 INCH OR MORE:   2

[HDD (BASE 65) ]
TOTAL THIS MO.   254    CLEAR  (SCALE 0-3)   4
DPTR FM NORMAL     3    PTCLDY (SCALE 4-7)  11
TOTAL FM JUL 1  2254    CLOUDY (SCALE 8-10) 16
DPTR FM NORMAL   121

[CDD (BASE 65) ]
TOTAL THIS MO.    26
DPTR FM NORMAL    -5    [PRESSURE DATA]
TOTAL FM JAN 1    26    HIGHEST SLP 30.63 ON  6
DPTR FM NORMAL   -15    LOWEST  SLP 29.81 ON  4

[REMARKS]
#FINAL-03-15#
