000
CXUS54 KMEG 190622
CF6TUP
PRELIMINARY LOCAL CLIMATOLOGICAL DATA (WS FORM: F-6)

                                          STATION:   TUPELO
                                          MONTH:     APRIL
                                          YEAR:      2015
                                          LATITUDE:   34 16 N
                                          LONGITUDE:  88 46 W

  TEMPERATURE IN F:       :PCPN:    SNOW:  WIND      :SUNSHINE: SKY     :PK WND
================================================================================
1   2   3   4   5  6A  6B    7    8   9   10  11  12  13   14  15   16   17  18
                                     12Z  AVG MX 2MIN
DY MAX MIN AVG DEP HDD CDD  WTR  SNW DPTH SPD SPD DIR MIN PSBL S-S WX    SPD DR
================================================================================

 1  80  55  68  10   0   3 0.33  0.0    0  5.0 17  50   M    M   3 13     24  50
 2  79  62  71  13   0   6 0.00  0.0    0 10.4 23 240   M    M   6 3      31 240
 3  84  54  69  10   0   4 0.01  0.0    0 15.6 26  30   M    M   7 3      33 280
 4  64  43  54  -5  11   0 0.00  0.0    0 10.9 22  50   M    M   1        27  40
 5  65  38  52  -7  13   0 0.00  0.0    0  4.0 12 140   M    M   3        15 140
 6  69  52  61   1   4   0 0.23  0.0    0  7.1 14 210   M    M  10 13     19 170
 7  79  66  73  13   0   8 0.00  0.0    0  8.4 17 230   M    M   5        23 230
 8  84  62  73  13   0   8 0.00  0.0    0  8.2 17 180   M    M   4 1      23 200
 9  85  67  76  16   0  11 0.21  0.0    0 10.7 22 220   M    M   6 138    28 220
10  71  49  60  -1   5   0 1.30  0.0    0  6.9 17  30   M    M   2 13     24 340
11  75  44  60  -1   5   0 0.00  0.0    0  5.7 15  50   M    M   0        19 100
12  81  47  64   3   1   0 0.00  0.0    0  6.1 15 200   M    M   0        19 210
13  76  67  72  11   0   7 0.92  0.0    0  5.7 15 180   M    M   9 1      20 170
14  73  62  68   6   0   3 0.00  0.0    0  6.3 13  50   M    M   7 1      15  50
15  79  62  71   9   0   6 0.02  0.0    0  6.3 14 220   M    M   7 1      15 200
16  83  65  74  12   0   9 0.29  0.0    0  5.7 17 180   M    M   8 13     23 170
17  70  60  65   3   0   0 1.32  0.0    0  5.3 10 140   M    M   8 13     14 140
18  70  60  65   2   0   0 0.09  0.0    0  4.5 10 120   M    M   9 1      14 120
================================================================================
SM 1367 1015        39  65  4.72     0.0 132.8          M       95
================================================================================
AV 75.9 56.4                               7.4 FASTST   M    M   5    MAX(MPH)
                                 MISC ---->  # 26  30               # 33  280
================================================================================
NOTES:
# LAST OF SEVERAL OCCURRENCES

COLUMN 17 PEAK WIND IN M.P.H.

PRELIMINARY LOCAL CLIMATOLOGICAL DATA (WS FORM: F-6) , PAGE 2

                                          STATION:  TUPELO
                                          MONTH:    APRIL
                                          YEAR:     2015
                                          LATITUDE:   34 16 N
                                          LONGITUDE:  88 46 W

[TEMPERATURE DATA]      [PRECIPITATION DATA]       SYMBOLS USED IN COLUMN 16

AVERAGE MONTHLY: 66.2   TOTAL FOR MONTH:   4.72    1 = FOG OR MIST
DPTR FM NORMAL:   5.7   DPTR FM NORMAL:    1.96    2 = FOG REDUCING VISIBILITY
HIGHEST:    85 ON  9    GRTST 24HR  1.57 ON 16-17      TO 1/4 MILE OR LESS
LOWEST:     38 ON  5                               3 = THUNDER
                        SNOW, ICE PELLETS, HAIL    4 = ICE PELLETS
                        TOTAL MONTH:   0.0 INCH    5 = HAIL
                        GRTST 24HR     0.0         6 = FREEZING RAIN OR DRIZZLE
                        GRTST DEPTH:   0           7 = DUSTSTORM OR SANDSTORM:
                                                       VSBY 1/2 MILE OR LESS
                                                   8 = SMOKE OR HAZE
[NO. OF DAYS WITH]      [WEATHER - DAYS WITH]      9 = BLOWING SNOW
                                                   X = TORNADO
MAX 32 OR BELOW:   0    0.01 INCH OR MORE:  10
MAX 90 OR ABOVE:   0    0.10 INCH OR MORE:   7
MIN 32 OR BELOW:   0    0.50 INCH OR MORE:   3
MIN  0 OR BELOW:   0    1.00 INCH OR MORE:   2

[HDD (BASE 65) ]
TOTAL THIS MO.    39    CLEAR  (SCALE 0-3)   6
DPTR FM NORMAL   -70    PTCLDY (SCALE 4-7)   7
TOTAL FM JUL 1  3090    CLOUDY (SCALE 8-10)  5
DPTR FM NORMAL   195

[CDD (BASE 65) ]
TOTAL THIS MO.    65
DPTR FM NORMAL    38    [PRESSURE DATA]
TOTAL FM JAN 1    68    HIGHEST SLP M ON M
DPTR FM NORMAL    25    LOWEST  SLP 29.76 ON 18

[REMARKS]
