000
CXUS53 KMKX 021323 RRA
CLAMKE

CLIMATE REPORT
NATIONAL WEATHER SERVICE IN MILWAUKEE
715 AM CST FRI JAN 2 2015

...................................

...THE MILWAUKEE WI CLIMATE SUMMARY FOR THE YEAR OF 2014...

CLIMATE NORMAL PERIOD 1981 TO 2010
CLIMATE RECORD PERIOD 1871 TO 2015

WEATHER         OBSERVED          NORMAL  DEPART  LAST YEAR`S
                 VALUE   DATE(S)  VALUE   FROM    VALUE  DATE(S)
                                          NORMAL
................................................................
TEMPERATURE (F)
RECORD
 HIGH             105   07/24/1934
 LOW              -26   02/03/1996
                        01/17/1982
HIGHEST            89   07/22        95      -6       95  09/10
                                                          08/30
                                                          08/27
LOWEST            -14   01/07       -13      -1       -5  12/30
                                                          01/22
AVG. MAXIMUM     53.0              55.6    -2.6     54.5
AVG. MINIMUM     37.0              40.1    -3.1     38.9
MEAN             45.0              47.9    -2.9     46.7
DAYS MAX >= 90      0               7.0    -7.0       10
DAYS MAX <= 32     78              51.5    26.5       66
DAYS MIN <= 32    134             125.5     8.5      145
DAYS MIN <= 0      22               6.9    15.1        9

PRECIPITATION (INCHES)
RECORD
 MAXIMUM        50.36   1876
 MINIMUM        18.69   1901
TOTALS          32.11             34.76   -2.65    40.02
DAILY AVG.       0.09              0.10   -0.01     0.11
DAYS >= .01       130             126.7     3.3      126
DAYS >= .10        68              69.1    -1.1       67
DAYS >= .50        22              22.2    -0.2       27
DAYS >= 1.00        6               7.2    -1.2       11
GREATEST
 24 HR. TOTAL    1.49   4/13                         2.61 4/17 TO 4/18

SNOWFALL (INCHES)
RECORDS
 TOTAL          110.3   1886
TOTALS           47.4              46.9     0.5     59.4
SINCE 7/1         5.3              13.3    -8.0     21.3
SNOWDEPTH AVG.      2                MM      MM        1
DAYS >= 1.0        13              13.4    -0.4       18
GREATEST
 SNOW DEPTH        14   02/18                         10  12/26
                                                          12/25
 24 HR TOTAL      6.7   02/17                        8.0

DEGREE_DAYS
HEATING TOTAL    7616              6894     722     7233
 SINCE 7/1         MM              2560      MM       MM
COOLING TOTAL     464               641    -177      688
 SINCE 1/1        464               641    -177      688

FREEZE DATES
RECORD
 EARLIEST     09/20/1956
 LATEST       05/27/1961
EARLIEST                        10/17
LATEST                          04/27
.................................................................

WIND (MPH)
AVERAGE WIND SPEED              9.7
RESULTANT WIND SPEED/DIRECTION   3/260
HIGHEST WIND SPEED/DIRECTION    37/250    DATE  02/21
HIGHEST GUST SPEED/DIRECTION    53/230    DATE  02/21

SKY COVER
POSSIBLE SUNSHINE (PERCENT)   MM
AVERAGE SKY COVER           0.60
NUMBER OF DAYS FAIR           58
NUMBER OF DAYS PC            191
NUMBER OF DAYS CLOUDY        116

AVERAGE RH (PERCENT)     69

WEATHER CONDITIONS. NUMBER OF DAYS WITH
THUNDERSTORM             40     MIXED PRECIP               0
HEAVY RAIN               21     RAIN                      40
LIGHT RAIN              129     FREEZING RAIN              2
LT FREEZING RAIN          8     HAIL                       0
HEAVY SNOW                4     SNOW                      16
LIGHT SNOW               72     SLEET                      6
FOG                     162     FOG W/VIS <= 1/4 MILE     35
HAZE                    107

-  INDICATES NEGATIVE NUMBERS.
R  INDICATES RECORD WAS SET OR TIED.
MM INDICATES DATA IS MISSING.
T  INDICATES TRACE AMOUNT.

$$
