000
CDUS41 KBTV 050526
CLI1V4

CLIMATE REPORT
NATIONAL WEATHER SERVICE BURLINGTON VT
120 AM EDT TUE MAY 5 2015

...................................

...THE ST. JOHNSBURY VT CLIMATE SUMMARY FOR MAY 4 2015...

CLIMATE NORMAL PERIOD 1981 TO 2010
CLIMATE RECORD PERIOD 1894 TO 2015


WEATHER ITEM   OBSERVED TIME   RECORD YEAR NORMAL DEPARTURE LAST
                VALUE   (LST)  VALUE       VALUE  FROM      YEAR
                                                  NORMAL
..................................................................
TEMPERATURE (F)
 YESTERDAY
  MAXIMUM         83        MM  91    1944  65     18       51
  MINIMUM         41        MM  21    1986  40      1       44
  AVERAGE         62                        52     10       48

PRECIPITATION (IN)
  YESTERDAY        0.00          1.13 1983   0.11  -0.11     0.35
  MONTH TO DATE    0.00                      0.41  -0.41     0.88
  SINCE MAR 1      3.79                      5.78  -1.99     6.83
  SINCE JAN 1      8.35                     10.46  -2.11    11.96

DEGREE DAYS
 HEATING
  YESTERDAY        3                        13    -10       17
  MONTH TO DATE   32                        54    -22       60
  SINCE MAR 1   2009                      1749    260     2157
  SINCE JUL 1   8074                      7473    601     8189

 COOLING
  YESTERDAY        0                         0      0        0
  MONTH TO DATE    0                         0      0        0
  SINCE MAR 1      0                         1     -1        0
  SINCE JAN 1      0                         1     -1        0
..................................................................


WIND (MPH)
  HIGHEST WIND SPEED    MM   HIGHEST WIND DIRECTION    MM
  HIGHEST GUST SPEED    MM   HIGHEST GUST DIRECTION    MM
  AVERAGE WIND SPEED    MM


SKY COVER
  AVERAGE SKY COVER 0.0


WEATHER CONDITIONS
 THE FOLLOWING WEATHER WAS RECORDED YESTERDAY.
  NO SIGNIFICANT WEATHER WAS OBSERVED.


RELATIVE HUMIDITY (PERCENT)
 HIGHEST    86           500 AM
 LOWEST     17           200 PM
 AVERAGE    52

..........................................................


THE ST. JOHNSBURY VT CLIMATE NORMALS FOR TODAY
                         NORMAL    RECORD    YEAR
 MAXIMUM TEMPERATURE (F)   65        91      1944
 MINIMUM TEMPERATURE (F)   40        22      1911


SUNRISE AND SUNSET
MAY  5 2015...........SUNRISE   534 AM EDT   SUNSET   757 PM EDT
MAY  6 2015...........SUNRISE   532 AM EDT   SUNSET   758 PM EDT


-  INDICATES NEGATIVE NUMBERS.
R  INDICATES RECORD WAS SET OR TIED.
MM INDICATES DATA IS MISSING.
T  INDICATES TRACE AMOUNT.

$$
