000
CDUS43 KUNR 190832
CLI2WX


CLIMATE REPORT
NATIONAL WEATHER SERVICE RAPID CITY SD
232 AM MDT SUN APR 19 2015


...................................

...THE BUFFALO SD CLIMATE SUMMARY FOR APRIL 18 2015...

CLIMATE NORMAL PERIOD 1981 TO 2010
CLIMATE RECORD PERIOD 9999 TO 9999


WEATHER ITEM   OBSERVED TIME   NORMAL DEPARTURE LAST
                VALUE   (LST)  VALUE  FROM      YEAR
                                      NORMAL
......................................................
TEMPERATURE (F)
 YESTERDAY
  MAXIMUM         61   1238 PM  56      5       72
  MINIMUM         36    536 AM  32      4       28
  AVERAGE         49            44      5       50

PRECIPITATION (IN)
  YESTERDAY        0.02          0.05  -0.03     0.00
  MONTH TO DATE    0.45          0.79  -0.34     0.27
  SINCE MAR 1      0.86          1.56  -0.70     1.15
  SINCE JAN 1      1.33          2.13  -0.80     1.73

DEGREE DAYS
 HEATING
  YESTERDAY       16            21     -5       15
  MONTH TO DATE  364           429    -65      485
  SINCE MAR 1   1081          1435   -354     1594
  SINCE JUL 1   6539          7232   -693     7651

 COOLING
  YESTERDAY        0             0      0        0
  MONTH TO DATE    0             0      0        0
  SINCE MAR 1      0             0      0        0
  SINCE JAN 1      0             0      0        0
......................................................


WIND (MPH)
  HIGHEST WIND SPEED    26   HIGHEST WIND DIRECTION    NW (320)
  HIGHEST GUST SPEED    32   HIGHEST GUST DIRECTION    NW (320)
  AVERAGE WIND SPEED    10.2




RELATIVE HUMIDITY (PERCENT)
 HIGHEST    80           600 PM
 LOWEST     39           100 PM
 AVERAGE    60

..........................................................




SUNRISE AND SUNSET
APRIL 19 2015.........SUNRISE   602 AM MDT   SUNSET   746 PM MDT
APRIL 20 2015.........SUNRISE   600 AM MDT   SUNSET   747 PM MDT


-  INDICATES NEGATIVE NUMBERS.
R  INDICATES RECORD WAS SET OR TIED.
MM INDICATES DATA IS MISSING.
T  INDICATES TRACE AMOUNT.




$$
