000
CDUS43 KABR 031028
CLI8D3


CLIMATE REPORT
NATIONAL WEATHER SERVICE ABERDEEN SD
522 AM CDT SUN MAY 3 2015


...................................

...THE SISSETON SD CLIMATE SUMMARY FOR MAY 2 2015...

CLIMATE NORMAL PERIOD 1981 TO 2010
CLIMATE RECORD PERIOD 1900 TO 2015


WEATHER ITEM   OBSERVED TIME   RECORD YEAR NORMAL DEPARTURE LAST
                VALUE   (LST)  VALUE       VALUE  FROM      YEAR
                                                  NORMAL
..................................................................
TEMPERATURE (F)
 YESTERDAY
  MAXIMUM         87    337 PM  92    1955  65     22       63
  MINIMUM         47    147 AM  22    1967  40      7       35
  AVERAGE         67                        52     15       49

PRECIPITATION (IN)
  YESTERDAY        0.00          0.78 1946   0.09  -0.09     0.00
  MONTH TO DATE    0.01                      0.18  -0.17     0.00
  SINCE MAR 1      1.59                      3.58  -1.99     4.02
  SINCE JAN 1      2.47                      4.44  -1.97     4.64

SNOWFALL (IN)
  YESTERDAY        0.0
  MONTH TO DATE    0.0
  SINCE OCT 1     28.9
  SINCE JUL 1     28.9
  SNOW DEPTH       0

DEGREE DAYS
 HEATING
  YESTERDAY        0                        13    -13       16
  MONTH TO DATE    2                        26    -24       35
  SINCE MAR 1   1438                      1726   -288     1962
  SINCE JUL 1   7707                      7985   -278     8779

 COOLING
  YESTERDAY        2                         0      2        0
  MONTH TO DATE    2                         0      2        0
  SINCE MAR 1      2                         1      1        0
  SINCE JAN 1      2                         1      1        0
..................................................................


WIND (MPH)
  HIGHEST WIND SPEED    31   HIGHEST WIND DIRECTION    SW (220)
  HIGHEST GUST SPEED    42   HIGHEST GUST DIRECTION    SW (230)
  AVERAGE WIND SPEED    12.4


SKY COVER
  POSSIBLE SUNSHINE  MM
  AVERAGE SKY COVER 0.0


WEATHER CONDITIONS
 THE FOLLOWING WEATHER WAS RECORDED YESTERDAY.
  NO SIGNIFICANT WEATHER WAS OBSERVED.


RELATIVE HUMIDITY (PERCENT)
 HIGHEST    66           200 AM
 LOWEST     13           300 PM
 AVERAGE    40

..........................................................


THE SISSETON SD CLIMATE NORMALS FOR TODAY
                         NORMAL    RECORD    YEAR
 MAXIMUM TEMPERATURE (F)   65        93      1949
 MINIMUM TEMPERATURE (F)   40        19      2005


SUNRISE AND SUNSET
MAY  3 2015...........SUNRISE   613 AM CDT   SUNSET   837 PM CDT
MAY  4 2015...........SUNRISE   612 AM CDT   SUNSET   839 PM CDT


-  INDICATES NEGATIVE NUMBERS.
R  INDICATES RECORD WAS SET OR TIED.
MM INDICATES DATA IS MISSING.
T  INDICATES TRACE AMOUNT.




$$
