000
CDUS45 KABQ 250828
CLIABQ


CLIMATE REPORT
NATIONAL WEATHER SERVICE ALBUQUERQUE NM
227 AM MDT SAT APR 25 2015


...................................

...THE ALBUQUERQUE  NM CLIMATE SUMMARY FOR APRIL 24 2015...

CLIMATE NORMAL PERIOD 1981 TO 2010
CLIMATE RECORD PERIOD 1891 TO 2015


WEATHER ITEM   OBSERVED TIME   RECORD YEAR NORMAL DEPARTURE LAST
                VALUE   (LST)  VALUE       VALUE  FROM      YEAR
                                                  NORMAL
..................................................................
TEMPERATURE (F)
 YESTERDAY
  MAXIMUM         60    239 PM  88    2012  72    -12       70
                                      1996
  MINIMUM         45   1052 AM  28    1913  46     -1       44
  AVERAGE         53                        59     -6       57

PRECIPITATION (IN)
  YESTERDAY        0.13          0.59 1980   0.01   0.12
  MONTH TO DATE    0.13                      0.50  -0.37
  SINCE MAR 1      0.24                      1.07  -0.83
  SINCE JAN 1      1.55                      1.93  -0.38

SNOWFALL (IN)
  YESTERDAY       MM
  MONTH TO DATE    0.0
  SINCE MAR 1      0.0
  SINCE JUL 1     15.2
  SNOW DEPTH       0

DEGREE DAYS
 HEATING
  YESTERDAY       12                         7      5        8
  MONTH TO DATE  187                       242    -55      187
  SINCE MAR 1    551                       766   -215      657
  SINCE JUL 1   3472                      4069   -597     3800

 COOLING
  YESTERDAY        0                         0      0        0
  MONTH TO DATE    0                         0      0        6
  SINCE MAR 1      0                         0      0        6
  SINCE JAN 1      0                         0      0        6
..................................................................


WIND (MPH)
  HIGHEST WIND SPEED    26   HIGHEST WIND DIRECTION    NW (300)
  HIGHEST GUST SPEED    33   HIGHEST GUST DIRECTION    NW (300)
  AVERAGE WIND SPEED     7.2


SKY COVER
  POSSIBLE SUNSHINE  MM
  AVERAGE SKY COVER 0.9


WEATHER CONDITIONS
 THE FOLLOWING WEATHER WAS RECORDED YESTERDAY.
  THUNDERSTORM
  RAIN
  LIGHT RAIN
  HAIL
  HAZE


RELATIVE HUMIDITY (PERCENT)
 HIGHEST    71           600 AM
 LOWEST     23          1200 AM
 AVERAGE    47

..........................................................


THE ALBUQUERQUE  NM CLIMATE NORMALS FOR TODAY
                         NORMAL    RECORD    YEAR
 MAXIMUM TEMPERATURE (F)   72        86      2012
                                             1981
 MINIMUM TEMPERATURE (F)   46        25      1921


SUNRISE AND SUNSET
APRIL 25 2015.........SUNRISE   622 AM MDT   SUNSET   747 PM MDT
APRIL 26 2015.........SUNRISE   621 AM MDT   SUNSET   748 PM MDT


-  INDICATES NEGATIVE NUMBERS.
R  INDICATES RECORD WAS SET OR TIED.
MM INDICATES DATA IS MISSING.
T  INDICATES TRACE AMOUNT.




$$
