000
CDUS41 KPHI 260630
CLIACY


CLIMATE REPORT
NATIONAL WEATHER SERVICE MOUNT HOLLY NJ
228 AM EDT SUN APR 26 2015


...................................

...THE ATLANTIC CITY NJ CLIMATE SUMMARY FOR APRIL 25 2015...

CLIMATE NORMAL PERIOD 1981 TO 2010
CLIMATE RECORD PERIOD 1874 TO 2015


WEATHER ITEM   OBSERVED TIME   RECORD YEAR NORMAL DEPARTURE LAST
                VALUE   (LST)  VALUE       VALUE  FROM      YEAR
                                                  NORMAL
..................................................................
TEMPERATURE (F)
 YESTERDAY
  MAXIMUM         57    315 PM  92    2009  65     -8       58
  MINIMUM         29R   427 AM  30    1888  45    -16       31
                                      1883
  AVERAGE         43                        55    -12       45

PRECIPITATION (IN)
  YESTERDAY        0.00          1.24 1975   0.10  -0.10     0.09
  MONTH TO DATE    2.55                      3.09  -0.54     1.55
  SINCE MAR 1      9.19                      7.30   1.89     6.55
  SINCE JAN 1     17.25                     13.39   3.86    15.10

SNOWFALL (IN)
  YESTERDAY        0.0           0.0  1903   0.0    0.0      0.0
  MONTH TO DATE    0.0                       0.3   -0.3       T
  SINCE MAR 1      7.4                       1.4    6.0     15.6
  SINCE JUL 1     22.4                      16.5    5.9     43.8
  SNOW DEPTH       0

DEGREE DAYS
 HEATING
  YESTERDAY       22                        11     11       20
  MONTH TO DATE  325                       358    -33      387
  SINCE MAR 1   1152                      1064     88     1246
  SINCE JUL 1   5027                      4655    372     5109

 COOLING
  YESTERDAY        0                         0      0        0
  MONTH TO DATE    0                         0      0        0
  SINCE MAR 1      0                         0      0        0
  SINCE JAN 1      0                         0      0        0
..................................................................


WIND (MPH)
  HIGHEST WIND SPEED    16   HIGHEST WIND DIRECTION     W (280)
  HIGHEST GUST SPEED    25   HIGHEST GUST DIRECTION    NW (310)
  AVERAGE WIND SPEED     6.3


SKY COVER
  POSSIBLE SUNSHINE  MM
  AVERAGE SKY COVER 0.2


WEATHER CONDITIONS
 THE FOLLOWING WEATHER WAS RECORDED YESTERDAY.
  NO SIGNIFICANT WEATHER WAS OBSERVED.


RELATIVE HUMIDITY (PERCENT)
 HIGHEST    72           300 AM
 LOWEST     26           200 PM
 AVERAGE    49

..........................................................


THE ATLANTIC CITY NJ CLIMATE NORMALS FOR TODAY
                         NORMAL    RECORD    YEAR
 MAXIMUM TEMPERATURE (F)   65        92      2009
 MINIMUM TEMPERATURE (F)   45        28      1967


SUNRISE AND SUNSET
APRIL 26 2015.........SUNRISE   606 AM EDT   SUNSET   747 PM EDT
APRIL 27 2015.........SUNRISE   605 AM EDT   SUNSET   748 PM EDT


-  INDICATES NEGATIVE NUMBERS.
R  INDICATES RECORD WAS SET OR TIED.
MM INDICATES DATA IS MISSING.
T  INDICATES TRACE AMOUNT.




$$
