000
CDUS41 KPHI 012137
CLIACY


CLIMATE REPORT
NATIONAL WEATHER SERVICE MOUNT HOLLY NJ
537 PM EDT WED APR 1 2015


...................................

...THE ATLANTIC CITY NJ CLIMATE SUMMARY FOR APRIL 1 2015...
VALID TODAY AS OF 0500 PM LOCAL TIME.

CLIMATE NORMAL PERIOD 1981 TO 2010
CLIMATE RECORD PERIOD 1874 TO 2015


WEATHER ITEM   OBSERVED TIME   RECORD YEAR NORMAL DEPARTURE LAST
                VALUE   (LST)  VALUE       VALUE  FROM      YEAR
                                                  NORMAL
..................................................................
TEMPERATURE (F)
 TODAY
  MAXIMUM         55    359 PM  80    1978  57     -2       57
  MINIMUM         30    601 AM  12    1969  37     -7       29
  AVERAGE         43                        47     -4       43

PRECIPITATION (IN)
  TODAY            0.00          1.52 1948   0.14  -0.14     0.00
  MONTH TO DATE    0.00                      0.14  -0.14     0.00
  SINCE MAR 1      6.64                      4.35   2.29     5.00
  SINCE JAN 1     14.70                     10.44   4.26    13.55

SNOWFALL (IN)
  TODAY            0.0           T    1980   0.0    0.0      0.0
                                      1964
                                      1954
  MONTH TO DATE    0.0                       0.0    0.0      0.0
  SINCE MAR 1      7.4                       1.1    6.3     15.6
  SINCE JUL 1     22.4                      16.2    6.2     43.8
  SNOW DEPTH       0

DEGREE DAYS
 HEATING
  TODAY           22                        18      4       22
  MONTH TO DATE   22                        18      4       22
  SINCE MAR 1    849                       724    125      881
  SINCE JUL 1   4724                      4315    409     4744

 COOLING
  TODAY            0                         0      0        0
  MONTH TO DATE    0                         0      0        0
  SINCE MAR 1      0                         0      0        0
  SINCE JAN 1      0                         0      0        0
..................................................................


WIND (MPH)
  HIGHEST WIND SPEED    21   HIGHEST WIND DIRECTION    NW (320)
  HIGHEST GUST SPEED    26   HIGHEST GUST DIRECTION    NW (330)
  AVERAGE WIND SPEED    12.4


SKY COVER
  POSSIBLE SUNSHINE  MM
  AVERAGE SKY COVER 0.1


WEATHER CONDITIONS
 THE FOLLOWING WEATHER WAS RECORDED TODAY.
  NO SIGNIFICANT WEATHER WAS OBSERVED.


RELATIVE HUMIDITY (PERCENT)
 HIGHEST    92          1200 AM
 LOWEST     27           300 PM
 AVERAGE    60

..........................................................


THE ATLANTIC CITY NJ CLIMATE NORMALS FOR TOMORROW
                         NORMAL    RECORD    YEAR
 MAXIMUM TEMPERATURE (F)   57        89      1967
 MINIMUM TEMPERATURE (F)   38        23      2013
                                             1964
                                             1919


SUNRISE AND SUNSET
APRIL  1 2015.........SUNRISE   643 AM EDT   SUNSET   722 PM EDT
APRIL  2 2015.........SUNRISE   642 AM EDT   SUNSET   723 PM EDT


-  INDICATES NEGATIVE NUMBERS.
R  INDICATES RECORD WAS SET OR TIED.
MM INDICATES DATA IS MISSING.
T  INDICATES TRACE AMOUNT.




$$
