000
CDAK48 PADQ 271218
CLIADQ

CLIMATE REPORT
NATIONAL WEATHER SERVICE KODIAK, AK
418 AM AKDT MON APR 27 2015

...................................
...THE KODIAK AP CLIMATE SUMMARY FOR APRIL 26 2015...

CLIMATE NORMAL PERIOD  1981 TO  2010
CLIMATE RECORD PERIOD  1949 TO  2015

WEATHER ITEM   OBSERVED TIME    RECORD YEAR NORMAL DEPARTURE LAST
               VALUE    (LST)   VALUE       VALUE  FROM      YEAR
                                                   NORMAL
...................................................................
TEMPERATURE
YESTERDAY
 MAXIMUM            49  0416 PM    60  1990     46       3     44
 MINIMUM            41  0845 AM    24  1967     35       6     40
 AVERAGE            45                          40       5     42

PRECIPITATION
(INCHES)
 YESTERDAY        0.75           1.54  1994   0.19    0.56   0.40
 MONTH TO DATE    5.88                        5.06    0.82   6.98
 SINCE MAR 1     13.41                       10.59    2.82  10.94
 SINCE JAN 1     32.33                       25.02    7.31  32.19

SNOWFALL
(INCHES)
 YESTERDAY         0.0            6.5  2008    0.1    -0.1    0.0
 MONTH TO DATE     3.2                         7.6    -4.4     MM
 SINCE MAR 1       4.7                        18.9   -14.2   12.4
 SINCE JUL 1      20.1                        68.3   -48.2     MM
 SNOW DEPTH (IN)     0                                          0

DEGREE DAYS
 HEATING
  YESTERDAY         20                          25      -5     23
  MONTH TO DATE    688                         724     -36    678
  SINCE MAR 1     1564                        1722    -158   1648
  SINCE JUL 1     6482                        7595   -1113   6934

 COOLING
  YESTERDAY          0                           0       0      0
  MONTH TO DATE      0                           0       0      0
  SINCE MAR 1        0                           0       0      0
  SINCE JAN 1        0                           0       0      0
...................................................................

WIND (MPH)
 HIGHEST WIND SPEED    28     HIGHEST WIND DIRECTION    320
 HIGHEST GUST SPEED    36     HIGHEST GUST DIRECTION     20
 AVERAGE WIND SPEED  15.5

SKY COVER
  POSSIBLE SUNSHINE    MM          AVERAGE SKY COVER     MM

WEATHER CONDITIONS
 THE FOLLOWING WEATHER WAS RECORDED YESTERDAY.
  FOG
RAIN


RELATIVE HUMIDITY
 HIGHEST RH     MM PERCENT       MM
 LOWEST  RH     MM PERCENT       MM
 AVERAGE RH     MM PERCENT       MM
...................................................................

THE KODIAK CLIMATE NORMALS FOR TODAY
                           NORMAL    RECORD   YEAR
 MAXIMUM TEMPERATURE (F)     46        61     1990
 MINIMUM TEMPERATURE (F)     35        23     1975

SUNRISE AND SUNSET
 APR 27 2015..........SUNRISE  6:29 AM      SUNSET  9:49 PM
 APR 28 2015..........SUNRISE  6:27 AM      SUNSET  9:51 PM

-  INDICATES NEGATIVE NUMBERS.
R  INDICATES RECORD HAS BEEN SET OR TIED.
MM INDICATES DATA IS MISSING.
T  INDICATES TRACE OF PRECIPITATION.

&&
-------------------------------------------------------------------

AMOUNT OF DAYLIGHT TODAY  (HOUR:MIN)........15 HOURS 20 MINUTES
GAIN/LOSS SINCE YESTERDAY (HOUR:MIN:SEC)....+0:04:44

$$
*** APR 15
