000
CDAK48 PAKN 031121
CLIAKN

CLIMATE REPORT
NATIONAL WEATHER SERVICE KING SALMON, AK
321 AM AKDT SUN MAY 3 2015

...................................
...THE KING SALMON AP CLIMATE SUMMARY FOR MAY 2 2015...

CLIMATE NORMAL PERIOD  1981 TO  2010
CLIMATE RECORD PERIOD  1917 TO  2015

WEATHER ITEM   OBSERVED TIME    RECORD YEAR NORMAL DEPARTURE LAST
               VALUE    (LST)   VALUE       VALUE  FROM      YEAR
                                                   NORMAL
...................................................................
TEMPERATURE
YESTERDAY
 MAXIMUM            53  0345 PM    70  2009     49       4     69
 MINIMUM            31  0414 AM     7  1949     31       0     26
 AVERAGE            42                          40       2     48

PRECIPITATION
(INCHES)
 YESTERDAY        0.09           0.49  1988   0.04    0.05   0.00
 MONTH TO DATE    0.09                        0.07    0.02   0.00
 SINCE MAR 1      3.22                        1.74    1.48   1.28
 SINCE JAN 1      4.01                        3.52    0.49   3.09

SNOWFALL
(INCHES)
 YESTERDAY         0.0            1.3  2008    0.0     0.0    0.0
 MONTH TO DATE     0.0                         0.1    -0.1    0.0
 SINCE MAR 1      12.4                        10.4     2.0    9.3
 SINCE JUL 1      26.1                        45.9   -19.8   36.0
 SNOW DEPTH (IN)     0                                          0

DEGREE DAYS
 HEATING
  YESTERDAY         23                          25      -2     17
  MONTH TO DATE     45                          50      -5     37
  SINCE MAR 1     1970                        2255    -285   2084
  SINCE JUL 1     8167                        9873   -1706   8444

 COOLING
  YESTERDAY          0                           0       0      0
  MONTH TO DATE      0                           0       0      0
  SINCE MAR 1        0                           0       0      0
  SINCE JAN 1        0                           0       0      0
...................................................................

WIND (MPH)
 HIGHEST WIND SPEED    17     HIGHEST WIND DIRECTION     90
 HIGHEST GUST SPEED    22     HIGHEST GUST DIRECTION     80
 AVERAGE WIND SPEED   5.8

SKY COVER
  POSSIBLE SUNSHINE    MM          AVERAGE SKY COVER     MM

WEATHER CONDITIONS
 THE FOLLOWING WEATHER WAS RECORDED YESTERDAY.
  FOG
RAIN


RELATIVE HUMIDITY
 HIGHEST RH     MM PERCENT       MM
 LOWEST  RH     MM PERCENT       MM
 AVERAGE RH     MM PERCENT       MM
...................................................................

THE KING SALMON CLIMATE NORMALS FOR TODAY
                           NORMAL    RECORD   YEAR
 MAXIMUM TEMPERATURE (F)     50        73     2009
 MINIMUM TEMPERATURE (F)     31         5     1949

SUNRISE AND SUNSET
 MAY 3 2015..........SUNRISE  6:26 AM      SUNSET 10:23 PM
 MAY 4 2015..........SUNRISE  6:24 AM      SUNSET 10:25 PM

-  INDICATES NEGATIVE NUMBERS.
R  INDICATES RECORD HAS BEEN SET OR TIED.
MM INDICATES DATA IS MISSING.
T  INDICATES TRACE OF PRECIPITATION.

&&
-------------------------------------------------------------------

AMOUNT OF DAYLIGHT TODAY  (HOUR:MIN)........15 HOURS 57 MINUTES
GAIN SINCE YESTERDAY (HOUR:MIN:SEC).........+0:04:48

$$
AM MAY 15
