000
CDUS45 KBOU 210725
CLIAKO


CLIMATE REPORT
NATIONAL WEATHER SERVICE BOULDER, CO
125 AM MDT TUE APR 21 2015


...................................

...THE AKRON CO CLIMATE SUMMARY FOR APRIL 20 2015...

CLIMATE NORMAL PERIOD 1981 TO 2010
CLIMATE RECORD PERIOD 9999 TO 9999


WEATHER ITEM   OBSERVED TIME   RECORD YEAR NORMAL DEPARTURE LAST
                VALUE   (LST)  VALUE       VALUE  FROM      YEAR
                                                  NORMAL
..................................................................
TEMPERATURE (F)
 YESTERDAY
  MAXIMUM         57    333 PM  87    1962  62     -5
  MINIMUM         29   1221 AM  15    1966  35     -6
  AVERAGE         43                        48     -5

PRECIPITATION (IN)
  YESTERDAY        0.00          0.53 1964   0.06  -0.06     0.00
  MONTH TO DATE    0.90                      0.96  -0.06     0.54
  SINCE MAR 1      1.12                      1.83  -0.71     0.97
  SINCE JAN 1      1.40                      2.57  -1.17     1.40

DEGREE DAYS
 HEATING
  YESTERDAY       22
  MONTH TO DATE  341

 COOLING
  YESTERDAY        0
  MONTH TO DATE    0
..................................................................


WIND (MPH)
  HIGHEST WIND SPEED    25   HIGHEST WIND DIRECTION    NW (310)
  HIGHEST GUST SPEED    36   HIGHEST GUST DIRECTION    NW (300)




RELATIVE HUMIDITY (PERCENT)
 HIGHEST    78
 LOWEST     26
 AVERAGE    52

..........................................................


THE AKRON CO CLIMATE NORMALS FOR TODAY
                         NORMAL    RECORD    YEAR
 MAXIMUM TEMPERATURE (F)   62        89      1989
 MINIMUM TEMPERATURE (F)   35        19      1982


SUNRISE AND SUNSET
APRIL 21 2015.........SUNRISE   606 AM MDT   SUNSET   737 PM MDT
APRIL 22 2015.........SUNRISE   605 AM MDT   SUNSET   739 PM MDT


-  INDICATES NEGATIVE NUMBERS.
R  INDICATES RECORD WAS SET OR TIED.
MM INDICATES DATA IS MISSING.
T  INDICATES TRACE AMOUNT.




$$
