000
CDUS44 KBMX 250813
CLIANB


CLIMATE REPORT
NATIONAL WEATHER SERVICE BIRMINGHAM, AL
313 AM CDT SAT APR 25 2015


...................................

...THE ANNISTON CLIMATE SUMMARY FOR APRIL 24 2015...

CLIMATE NORMAL PERIOD 1981 TO 2010
CLIMATE RECORD PERIOD 1903 TO 2015


WEATHER ITEM   OBSERVED TIME   RECORD YEAR NORMAL DEPARTURE LAST
                VALUE   (LST)  VALUE       VALUE  FROM      YEAR
                                                  NORMAL
..................................................................
TEMPERATURE (F)
 YESTERDAY
  MAXIMUM         78    232 PM  90    1965  76      2       83
                                      1960
  MINIMUM         46    530 AM  34    2005  52     -6       46
                                      1986
  AVERAGE         62                        64     -2       65

PRECIPITATION (IN)
  YESTERDAY        T             1.49 2003   0.14  -0.14     0.00
  MONTH TO DATE    6.72                      3.30   3.42     6.11
  SINCE MAR 1     12.30                      8.26   4.04    11.52
  SINCE JAN 1     20.46                     17.86   2.60    18.68

SNOWFALL (IN)
  YESTERDAY        0.0                       0.0             0.0
  MONTH TO DATE    0.0                       0.2             0.0
  SINCE MAR 1      T                         0.9             0.0
  SINCE JUL 1      T                         2.0             2.3

DEGREE DAYS
 HEATING
  YESTERDAY        3
  MONTH TO DATE   45
  SINCE MAR 1    291
  SINCE JUL 1   2812
..................................................................


WIND (MPH)
  HIGHEST WIND SPEED    10   HIGHEST WIND DIRECTION     E (70)
  HIGHEST GUST SPEED    14   HIGHEST GUST DIRECTION     E (70)
  AVERAGE WIND SPEED     2.5


SKY COVER
  AVERAGE SKY COVER 0.2


WEATHER CONDITIONS
 THE FOLLOWING WEATHER WAS RECORDED YESTERDAY.
  NO SIGNIFICANT WEATHER WAS OBSERVED.


RELATIVE HUMIDITY (PERCENT)
 HIGHEST    93
 LOWEST     23
 AVERAGE    58

..........................................................


THE ANNISTON CLIMATE NORMALS FOR TODAY
                         NORMAL    RECORD    YEAR
 MAXIMUM TEMPERATURE (F)   76        88      1960
                                             2004
 MINIMUM TEMPERATURE (F)   52        34      2005


SUNRISE AND SUNSET
APRIL 25 2015.........SUNRISE   602 AM CDT   SUNSET   722 PM CDT
APRIL 26 2015.........SUNRISE   600 AM CDT   SUNSET   722 PM CDT


-  INDICATES NEGATIVE NUMBERS.
R  INDICATES RECORD WAS SET OR TIED.
MM INDICATES DATA IS MISSING.
T  INDICATES TRACE AMOUNT.




$$
