000
CDUS43 KABR 180932
CLIATY


CLIMATE REPORT
NATIONAL WEATHER SERVICE ABERDEEN SD
431 AM CDT SAT APR 18 2015


...................................

...THE WATERTOWN SD CLIMATE SUMMARY FOR APRIL 17 2015...

CLIMATE NORMAL PERIOD 1981 TO 2010
CLIMATE RECORD PERIOD 1898 TO 2015


WEATHER ITEM   OBSERVED TIME   RECORD YEAR NORMAL DEPARTURE LAST
                VALUE   (LST)  VALUE       VALUE  FROM      YEAR
                                                  NORMAL
..................................................................
TEMPERATURE (F)
 YESTERDAY
  MAXIMUM         72    424 PM  83    1987  57     15       41
  MINIMUM         37    624 AM  12    2014  33      4       12
                                      1953
  AVERAGE         55                        45     10       27

PRECIPITATION (IN)
  YESTERDAY        0.00          1.04 1975   0.07  -0.07     0.00
  MONTH TO DATE    0.06                      1.01  -0.95     0.38
  SINCE MAR 1      0.41                      2.12  -1.71     1.35
  SINCE JAN 1      1.06                      3.20  -2.14     1.78

SNOWFALL (IN)
  YESTERDAY        0.0
  MONTH TO DATE    T
  SINCE OCT 1     25.3
  SINCE JUL 1     25.3
  SNOW DEPTH       0

DEGREE DAYS
 HEATING
  YESTERDAY       10                        20    -10       38
  MONTH TO DATE  300                       412   -112      491
  SINCE MAR 1   1262                      1516   -254     1740
  SINCE JUL 1   7654                      7927   -273     8706

 COOLING
  YESTERDAY        0                         0      0        0
  MONTH TO DATE    0                         0      0        0
  SINCE MAR 1      0                         0      0        0
  SINCE JAN 1      0                         0      0        0
..................................................................


WIND (MPH)
  HIGHEST WIND SPEED    14   HIGHEST WIND DIRECTION     N (10)
  HIGHEST GUST SPEED    18   HIGHEST GUST DIRECTION     N (10)
  AVERAGE WIND SPEED     4.1


SKY COVER
  POSSIBLE SUNSHINE  MM
  AVERAGE SKY COVER 0.0


WEATHER CONDITIONS
 THE FOLLOWING WEATHER WAS RECORDED YESTERDAY.
  NO SIGNIFICANT WEATHER WAS OBSERVED.


RELATIVE HUMIDITY (PERCENT)
 HIGHEST    79           300 AM
 LOWEST     12           400 PM
 AVERAGE    46

..........................................................


THE WATERTOWN SD CLIMATE NORMALS FOR TODAY
                         NORMAL    RECORD    YEAR
 MAXIMUM TEMPERATURE (F)   57        90      1985
 MINIMUM TEMPERATURE (F)   33        14      1988


SUNRISE AND SUNSET
APRIL 18 2015.........SUNRISE   639 AM CDT   SUNSET   817 PM CDT
APRIL 19 2015.........SUNRISE   638 AM CDT   SUNSET   819 PM CDT


-  INDICATES NEGATIVE NUMBERS.
R  INDICATES RECORD WAS SET OR TIED.
MM INDICATES DATA IS MISSING.
T  INDICATES TRACE AMOUNT.




$$
