000
CDUS41 KGYX 050805
CLIAUG


CLIMATE REPORT
NATIONAL WEATHER SERVICE GRAY ME
405 AM EDT TUE MAY 5 2015


...................................

...THE AUGUSTA CLIMATE SUMMARY FOR MAY 4 2015...

CLIMATE NORMAL PERIOD 1981 TO 2010
CLIMATE RECORD PERIOD 1948 TO 2015


WEATHER ITEM   OBSERVED TIME   RECORD YEAR NORMAL DEPARTURE LAST
                VALUE   (LST)  VALUE       VALUE  FROM      YEAR
                                                  NORMAL
..................................................................
TEMPERATURE (F)
 YESTERDAY
  MAXIMUM         81    115 PM  MM      MM  61     20       57
  MINIMUM         40    518 AM  MM      MM  41     -1       44
  AVERAGE         61                        51     10       51

PRECIPITATION (IN)
  YESTERDAY        0.00         MM      MM   0.13  -0.13     0.13
  MONTH TO DATE    0.00                      0.50  -0.50     0.67
  SINCE MAR 1      5.53                      7.66  -2.13     6.44
  SINCE JAN 1      7.80                     12.70  -4.90    11.23

DEGREE DAYS
 HEATING
  YESTERDAY        4                        14    -10       14
  MONTH TO DATE   46                        58    -12       52
  SINCE MAR 1   1888                      1719    169     1951
  SINCE JUL 1   7515                      7062    453     7457

 COOLING
  YESTERDAY        0                         0      0        0
  MONTH TO DATE    0                         0      0        0
  SINCE MAR 1      0                         0      0        0
  SINCE JAN 1      0                         0      0        0
..................................................................


WIND (MPH)
  HIGHEST WIND SPEED    17   HIGHEST WIND DIRECTION     S (190)
  HIGHEST GUST SPEED    31   HIGHEST GUST DIRECTION     S (200)
  AVERAGE WIND SPEED     6.6


SKY COVER
  AVERAGE SKY COVER 0.0


WEATHER CONDITIONS
 THE FOLLOWING WEATHER WAS RECORDED YESTERDAY.
  FOG


RELATIVE HUMIDITY (PERCENT)
 HIGHEST   100           500 AM
 LOWEST     27           400 PM
 AVERAGE    64

..........................................................


THE AUGUSTA CLIMATE NORMALS FOR TODAY
                         NORMAL
 MAXIMUM TEMPERATURE (F)   62
 MINIMUM TEMPERATURE (F)   41


SUNRISE AND SUNSET
MAY  5 2015...........SUNRISE   525 AM EDT   SUNSET   748 PM EDT
MAY  6 2015...........SUNRISE   524 AM EDT   SUNSET   749 PM EDT


-  INDICATES NEGATIVE NUMBERS.
R  INDICATES RECORD WAS SET OR TIED.
MM INDICATES DATA IS MISSING.
T  INDICATES TRACE AMOUNT.




$$
