000
CDAK48 PABE 022336
CLIBET

CLIMATE REPORT
NATIONAL WEATHER SERVICE BETHEL, AK
336 PM AKDT SAT MAY 2 2015

...................................
...THE BETHEL AP CLIMATE SUMMARY FOR MAY 2 2015...
VALID TODAY AS OF 2:00 PM LOCAL TIME

CLIMATE NORMAL PERIOD  1981 TO  2010
CLIMATE RECORD PERIOD  1923 TO  2015

WEATHER ITEM   OBSERVED TIME    RECORD YEAR NORMAL DEPARTURE LAST
               VALUE    (LST)   VALUE       VALUE  FROM      YEAR
                                                   NORMAL
...................................................................
TEMPERATURE
TODAY
 MAXIMUM            47  0159 PM    63  2004     44       3     60
 MINIMUM            31  0726 AM    -5  1949     28       3     34
 AVERAGE            39                          36       3     47

PRECIPITATION
(INCHES)
 TODAY               T           1.35  2002   0.04   -0.04   0.00
 MONTH TO DATE       T                        0.07   -0.07   0.00
 SINCE MAR 1      1.56                        1.52    0.04   0.82
 SINCE JAN 1      2.60                        3.02   -0.42   2.40

SNOWFALL
(INCHES)
 TODAY             0.0            6.2  2002    0.1    -0.1    0.0
 MONTH TO DATE       T                         0.2    -0.2    0.0
 SINCE MAR 1      16.6                        14.1     2.5    5.7
 SINCE JUL 1      42.1                        59.9   -17.8   27.8
 SNOW DEPTH (IN)     0                                          0

DEGREE DAYS
 HEATING
  TODAY             26                          29      -3     18
  MONTH TO DATE     53                          58      -5     39
  SINCE MAR 1     2457                        2744    -287   2584
  SINCE JUL 1    10232                       11490   -1258  10059

 COOLING
  TODAY              0                           0       0      0
  MONTH TO DATE      0                           0       0      0
  SINCE MAR 1        0                           0       0      0
  SINCE JAN 1        0                           0       0      0
...................................................................

WIND (MPH)
 HIGHEST WIND SPEED    13     HIGHEST WIND DIRECTION    340
 HIGHEST GUST SPEED    17     HIGHEST GUST DIRECTION    350

WEATHER CONDITIONS
 THE FOLLOWING WEATHER WAS RECORDED TODAY.
 RAIN

...................................................................

THE BETHEL CLIMATE NORMALS FOR TOMORROW
                        NORMAL    RECORD   YEAR
 MAXIMUM TEMPERATURE      45        63     2004
 MINIMUM TEMPERATURE      28         4     1965

SUNRISE AND SUNSET
 MAY 2 2015..........SUNRISE  6:39 AM      SUNSET 10:53 PM
 MAY 3 2015..........SUNRISE  6:36 AM      SUNSET 10:55 PM

-  INDICATES NEGATIVE NUMBERS.
R  INDICATES RECORD HAS BEEN SET OR TIED.
MM INDICATES DATA IS MISSING.
T  INDICATES TRACE OF PRECIPITATION.

&&
-------------------------------------------------------------------

AMOUNT OF DAYLIGHT TODAY  (HOUR:MIN)........16 HOURS 14 MINUTES
GAIN/LOSS SINCE YESTERDAY (HOUR:MIN:SEC)....+0:05:24

$$
CR MAY 15
