000
CDUS41 KCTP 252125
CLIBFD


CLIMATE REPORT
NATIONAL WEATHER SERVICE STATE COLLEGE PA
525 PM EDT SAT APR 25 2015


...................................

...THE BRADFORD CLIMATE SUMMARY FOR APRIL 25 2015...
VALID TODAY AS OF 0500 PM LOCAL TIME.

CLIMATE NORMAL PERIOD 1981 TO 2010
CLIMATE RECORD PERIOD 1957 TO 2015


WEATHER ITEM   OBSERVED TIME   RECORD YEAR NORMAL DEPARTURE LAST
                VALUE   (LST)  VALUE       VALUE  FROM      YEAR
                                                  NORMAL
..................................................................
TEMPERATURE (F)
 TODAY
  MAXIMUM         51    350 PM  82    2009  59     -8       63
  MINIMUM         23    106 AM  17    1967  35    -12       37
  AVERAGE         37                        47    -10       50

PRECIPITATION (IN)
  TODAY            0.00          1.10 1993   0.12  -0.12     0.08
  MONTH TO DATE    4.21                      2.95   1.26     3.17
  SINCE MAR 1      6.55                      6.32   0.23     5.17
  SINCE JAN 1      9.39                     11.96  -2.57     8.70

DEGREE DAYS
 HEATING
  TODAY           28                        13     15       15
  MONTH TO DATE  499                       428     71      512
  SINCE MAR 1   1668                      1465    203     1689
  SINCE JUL 1   7567                      7035    532     7355

 COOLING
  TODAY            0                         0      0        0
  MONTH TO DATE    0                         0      0        2
  SINCE MAR 1      0                         0      0        2
  SINCE JAN 1      0                         0      0        2
..................................................................


WIND (MPH)
  HIGHEST WIND SPEED    12   HIGHEST WIND DIRECTION    NE (50)
  HIGHEST GUST SPEED    15   HIGHEST GUST DIRECTION     N (340)
  AVERAGE WIND SPEED     2.7


SKY COVER
  POSSIBLE SUNSHINE  MM
  AVERAGE SKY COVER 0.3


WEATHER CONDITIONS
 THE FOLLOWING WEATHER WAS RECORDED TODAY.
  NO SIGNIFICANT WEATHER WAS OBSERVED.


RELATIVE HUMIDITY (PERCENT)
 HIGHEST    81           400 AM
 LOWEST     29           400 PM
 AVERAGE    55

..........................................................


THE BRADFORD CLIMATE NORMALS FOR TOMORROW
                         NORMAL    RECORD    YEAR
 MAXIMUM TEMPERATURE (F)   59        82      1990
 MINIMUM TEMPERATURE (F)   35        18      1972


SUNRISE AND SUNSET
APRIL 25 2015.........SUNRISE   620 AM EDT   SUNSET   806 PM EDT
APRIL 26 2015.........SUNRISE   618 AM EDT   SUNSET   807 PM EDT


-  INDICATES NEGATIVE NUMBERS.
R  INDICATES RECORD WAS SET OR TIED.
MM INDICATES DATA IS MISSING.
T  INDICATES TRACE AMOUNT.




$$
