000
CDUS46 KHNX 180026
CLIBFL


CLIMATE REPORT
NATIONAL WEATHER SERVICE SAN JOAQUIN VALLEY, CA
525 PM PDT FRI APR 17 2015


...................................

...THE BAKERSFIELD CLIMATE SUMMARY FOR APRIL 17 2015...
VALID AS OF 0500 PM LOCAL TIME.

CLIMATE NORMAL PERIOD 1981 TO 2010
CLIMATE RECORD PERIOD 1889 TO 2015


WEATHER ITEM   OBSERVED TIME   RECORD YEAR NORMAL DEPARTURE LAST
                VALUE   (LST)  VALUE       VALUE  FROM      YEAR
                                                  NORMAL
..................................................................
TEMPERATURE (F)
 TODAY
  MAXIMUM         85    359 PM  95    1954  75     10       87
  MINIMUM         54    558 AM  34    1922  50      4       61
  AVERAGE         70                        63      7       74

PRECIPITATION (IN)
  TODAY            0.00          0.52 2000   0.02  -0.02     0.00
  MONTH TO DATE    0.06                      0.35  -0.29     0.14
  SINCE OCT 1      4.59                      5.92  -1.33     2.01
  SINCE JAN 1      1.92                      3.96  -2.04     0.94

SNOWFALL (IN)
  TODAY            0.0
  MONTH TO DATE    0.0
  SINCE MAR 1      0.0
  SINCE JUL 1      0.0
  SNOW DEPTH       0

DEGREE DAYS
 HEATING
  TODAY            0                         4     -4        0
  MONTH TO DATE   63                        91    -28       44
  SINCE MAR 1    147                       330   -183      144
  SINCE JUL 1   1282                      2104   -822     1472

 COOLING
  TODAY            5                         2      3        9
  MONTH TO DATE   15                        23     -8       89
  SINCE MAR 1     86                        32     54      109
  SINCE JAN 1     90                        32     58      118
..................................................................


WIND (MPH)
  HIGHEST WIND SPEED    15   HIGHEST WIND DIRECTION    NW (330)
  HIGHEST GUST SPEED    19   HIGHEST GUST DIRECTION    NW (310)
  AVERAGE WIND SPEED     6.0




RELATIVE HUMIDITY (PERCENT)
 HIGHEST    29
 LOWEST      8
 AVERAGE    19

..........................................................


THE BAKERSFIELD CLIMATE NORMALS FOR TOMORROW
                         NORMAL    RECORD    YEAR
 MAXIMUM TEMPERATURE (F)   76        98      1910
 MINIMUM TEMPERATURE (F)   51        35      1922


SUNRISE AND SUNSET
APRIL 17 2015.........SUNRISE   621 AM PDT   SUNSET   731 PM PDT
APRIL 18 2015.........SUNRISE   620 AM PDT   SUNSET   731 PM PDT


-  INDICATES NEGATIVE NUMBERS.
R  INDICATES RECORD WAS SET OR TIED.
MM INDICATES DATA IS MISSING.
T  INDICATES TRACE AMOUNT.




$$
