000
CDUS46 KHNX 020027
CLIBFL


CLIMATE REPORT
NATIONAL WEATHER SERVICE SAN JOAQUIN VALLEY, CA
525 PM PDT WED APR 1 2015


...................................

...THE BAKERSFIELD CLIMATE SUMMARY FOR APRIL 1 2015...
VALID AS OF 0500 PM LOCAL TIME.

CLIMATE NORMAL PERIOD 1981 TO 2010
CLIMATE RECORD PERIOD 1889 TO 2015


WEATHER ITEM   OBSERVED TIME   RECORD YEAR NORMAL DEPARTURE LAST
                VALUE   (LST)  VALUE       VALUE  FROM      YEAR
                                                  NORMAL
..................................................................
TEMPERATURE (F)
 TODAY
  MAXIMUM         72    353 PM  88    2011  71      1       63
                                      2002
                                      1966
  MINIMUM         46    552 AM  32    1917  48     -2       49
  AVERAGE         59                        60     -1       56

PRECIPITATION (IN)
  TODAY            0.00          0.87 1958   0.03  -0.03     0.13
  MONTH TO DATE    0.00                      0.03  -0.03     0.13
  SINCE OCT 1      4.53                      5.60  -1.07     2.00
  SINCE JAN 1      1.86                      3.64  -1.78     0.93

SNOWFALL (IN)
  TODAY            0.0
  MONTH TO DATE    0.0
  SINCE MAR 1      0.0
  SINCE JUL 1      0.0
  SNOW DEPTH       0

DEGREE DAYS
 HEATING
  TODAY            6                         6      0        9
  MONTH TO DATE    6                         6      0        9
  SINCE MAR 1     90                       245   -155      109
  SINCE JUL 1   1225                      2019   -794     1437

 COOLING
  TODAY            0                         1     -1        0
  MONTH TO DATE    0                         1     -1        0
  SINCE MAR 1     71                        10     61       20
  SINCE JAN 1     75                        10     65       29
..................................................................


WIND (MPH)
  HIGHEST WIND SPEED    15   HIGHEST WIND DIRECTION    NW (330)
  HIGHEST GUST SPEED    18   HIGHEST GUST DIRECTION    NW (330)
  AVERAGE WIND SPEED     6.0




RELATIVE HUMIDITY (PERCENT)
 HIGHEST    61
 LOWEST     16
 AVERAGE    39

..........................................................


THE BAKERSFIELD CLIMATE NORMALS FOR TOMORROW
                         NORMAL    RECORD    YEAR
 MAXIMUM TEMPERATURE (F)   72        90      1985
                                             1959
                                             1944
 MINIMUM TEMPERATURE (F)   48        35      1999
                                             1945


SUNRISE AND SUNSET
APRIL  1 2015.........SUNRISE   643 AM PDT   SUNSET   718 PM PDT
APRIL  2 2015.........SUNRISE   642 AM PDT   SUNSET   718 PM PDT


-  INDICATES NEGATIVE NUMBERS.
R  INDICATES RECORD WAS SET OR TIED.
MM INDICATES DATA IS MISSING.
T  INDICATES TRACE AMOUNT.




$$
