000
CDUS44 KAMA 280638
CLIBGD


CLIMATE REPORT
NATIONAL WEATHER SERVICE AMARILLO TX
135 AM CDT TUE APR 28 2015


...THE BORGER CLIMATE SUMMARY FOR APRIL 27 2015...

CLIMATE NORMAL PERIOD 1981 TO 2013
CLIMATE RECORD PERIOD 1949 TO 2015


WEATHER ITEM   OBSERVED TIME   RECORD YEAR NORMAL DEPARTURE LAST
                VALUE   (LST)  VALUE       VALUE  FROM      YEAR
                                                  NORMAL
..................................................................
TEMPERATURE (F)
 YESTERDAY
  MAXIMUM         51   1228 AM  91    1974  76    -25       76
  MINIMUM         41    926 PM  30    1995  49     -8       52
  AVERAGE         46                        62    -16       64

PRECIPITATION (IN)
  YESTERDAY        2.45R         0.57 1990   0.04   2.41     0.02
  MONTH TO DATE    4.40                      1.43   2.97     0.13
  SINCE MAR 1      4.67                      2.84   1.83     0.20
  SINCE JAN 1      6.52                      4.05   2.47     0.58

SNOWFALL (IN)
  YESTERDAY        0.0           T    1994                   0.0
  MONTH TO DATE    0.0                                       1.1
  SINCE MAR 1      T                                         2.1
  SINCE JUL 1     17.5                                      14.7
  SNOW DEPTH       0

DEGREE DAYS
 HEATING
  YESTERDAY       19                         5     14        1
  MONTH TO DATE  124                       213    -89      170
  SINCE MAR 1    484                       697   -213      672
  SINCE JUL 1   3356                      3690   -334     3750

 COOLING
  YESTERDAY        0                         2     -2        0
  MONTH TO DATE   47                        31     16       63
  SINCE MAR 1     54                        38     16       65
  SINCE JAN 1     54                        38     16       65
..................................................................


WIND (MPH)
  RESULTANT WIND SPEED  19   RESULTANT WIND DIRECTION  NE (30)
  HIGHEST WIND SPEED    39   HIGHEST WIND DIRECTION    NE (40)
  HIGHEST GUST SPEED    47   HIGHEST GUST DIRECTION    NE (40)
  AVERAGE WIND SPEED   18.0


SKY COVER
  AVERAGE SKY COVER 1.0


WEATHER CONDITIONS
 THE FOLLOWING WEATHER WAS RECORDED YESTERDAY.
  HEAVY RAIN
  RAIN
  LIGHT RAIN
  FOG


RELATIVE HUMIDITY (PERCENT)
 HIGHEST   100           800 AM
 LOWEST     82           600 PM
 AVERAGE    91

..................................................................


THE BORGER CLIMATE NORMALS FOR TODAY
                         NORMAL    RECORD    YEAR
 MAXIMUM TEMPERATURE (F)   76        89      2013
                                             2010
 MINIMUM TEMPERATURE (F)   49        30      1994


SUNRISE AND SUNSET
APRIL 28 2015.........SUNRISE   657 AM CDT   SUNSET   830 PM CDT
APRIL 29 2015.........SUNRISE   656 AM CDT   SUNSET   830 PM CDT


-  INDICATES NEGATIVE NUMBERS.
R  INDICATES RECORD WAS SET OR TIED.
MM INDICATES DATA IS MISSING.
T  INDICATES TRACE AMOUNT.


$$
