000
CDUS41 KCAR 210535
CLIBGR


CLIMATE REPORT
NATIONAL WEATHER SERVICE CARIBOU, ME
131 AM EDT TUE APR 21 2015


...................................

...THE BANGOR ME CLIMATE SUMMARY FOR APRIL 20 2015...

CLIMATE NORMAL PERIOD 1981 TO 2010
CLIMATE RECORD PERIOD 1925 TO 2015


WEATHER ITEM   OBSERVED TIME   RECORD YEAR NORMAL DEPARTURE LAST
                VALUE   (LST)  VALUE       VALUE  FROM      YEAR
                                                  NORMAL
..................................................................
TEMPERATURE (F)
 YESTERDAY
  MAXIMUM         52   1016 AM  89    1927  55     -3       57
  MINIMUM         29    511 AM  21    1947  34     -5       26
                                      1926
  AVERAGE         41                        44     -3       42

PRECIPITATION (IN)
  YESTERDAY        0.09          0.91 1934   0.11  -0.02     0.00
  MONTH TO DATE    1.15                      2.44  -1.29     1.73
  SINCE MAR 1      2.60                      5.82  -3.22     5.38
  SINCE JAN 1      7.49                     11.23  -3.74    10.55

SNOWFALL (IN)
  YESTERDAY        0.0           0.4  1953   0.1             0.0
  MONTH TO DATE    6.3                       3.4             1.1
  SINCE MAR 1     21.9                      15.1            16.8
  SINCE JUL 1    139.0                      65.8            80.0
  SNOW DEPTH      MM

DEGREE DAYS
 HEATING
  YESTERDAY       24                        21      3       23
  MONTH TO DATE  525                       491     34      492
  SINCE MAR 1   1777                      1568    209     1796
  SINCE JUL 1   7667                      7214    453     7548

 COOLING
  YESTERDAY        0                         0      0        0
  MONTH TO DATE    0                         0      0        0
  SINCE MAR 1      0                         0      0        0
  SINCE JAN 1      0                         0      0        0
..................................................................


WIND (MPH)
  RESULTANT WIND SPEED   7   RESULTANT WIND DIRECTION  SE (140)
  HIGHEST WIND SPEED    22   HIGHEST WIND DIRECTION    SE (130)
  HIGHEST GUST SPEED    30   HIGHEST GUST DIRECTION    SE (120)


SKY COVER
  POSSIBLE SUNSHINE  MM
  AVERAGE SKY COVER 0.8


WEATHER CONDITIONS
 THE FOLLOWING WEATHER WAS RECORDED YESTERDAY.
  LIGHT RAIN
  FOG


RELATIVE HUMIDITY (PERCENT)
 HIGHEST   100
 LOWEST     30
 AVERAGE    65

..........................................................


THE BANGOR ME CLIMATE NORMALS FOR TODAY
                         NORMAL    RECORD    YEAR
 MAXIMUM TEMPERATURE (F)   55        79      1957
                                             1927
 MINIMUM TEMPERATURE (F)   34        22      1944


SUNRISE AND SUNSET
APRIL 21 2015.........SUNRISE   541 AM EDT   SUNSET   728 PM EDT
APRIL 22 2015.........SUNRISE   540 AM EDT   SUNSET   729 PM EDT


-  INDICATES NEGATIVE NUMBERS.
R  INDICATES RECORD WAS SET OR TIED.
MM INDICATES DATA IS MISSING.
T  INDICATES TRACE AMOUNT.




$$
