000
CDUS45 KBYZ 052229
CLIBIL


CLIMATE REPORT
NATIONAL WEATHER SERVICE BILLINGS MT
427 PM MDT TUE MAY 5 2015


...................................

...THE BILLINGS MT CLIMATE SUMMARY FOR MAY 5 2015...
VALID TODAY AS OF 0400 PM LOCAL TIME.

CLIMATE NORMAL PERIOD 1981 TO 2010
CLIMATE RECORD PERIOD 1934 TO 2015


WEATHER ITEM   OBSERVED TIME   RECORD YEAR NORMAL DEPARTURE LAST
                VALUE   (LST)  VALUE       VALUE  FROM      YEAR
                                                  NORMAL
..................................................................
TEMPERATURE (F)
 TODAY
  MAXIMUM         80    259 PM  84    1936  64     16       67
  MINIMUM         45    504 AM  26    1967  40      5       41
  AVERAGE         63                        52     11       54

PRECIPITATION (IN)
  TODAY            0.00          0.51 1978   0.07  -0.07     0.03
  MONTH TO DATE    0.00                      0.32  -0.32     0.03
  SINCE OCT 1      4.81                      6.31  -1.50    10.50
  SINCE JAN 1      3.24                      4.00  -0.76     5.61

SNOWFALL (IN)
  TODAY            0.0           T    1960   0.1   -0.1      0.0
  MONTH TO DATE    0.0                       0.6   -0.6      0.0
  SINCE MAR 1     11.3                      19.1   -7.8     11.2
  SINCE JUL 1     55.4                      53.6    1.8    101.4
  SNOW DEPTH       0

DEGREE DAYS
 HEATING
  TODAY            2                        13    -11       11
  MONTH TO DATE   24                        68    -44       66
  SINCE MAR 1   1090                      1480   -390     1575
  SINCE JUL 1   5731                      6445   -714     6848

 COOLING
  TODAY            0                         0      0        0
  MONTH TO DATE    0                         0      0        0
  SINCE MAR 1      0                         1     -1        0
  SINCE JAN 1      0                         1     -1        0
..................................................................


WIND (MPH)
  HIGHEST WIND SPEED    18   HIGHEST WIND DIRECTION     E (110)
  HIGHEST GUST SPEED    27   HIGHEST GUST DIRECTION     E (70)
  AVERAGE WIND SPEED     5.5


SKY COVER
  POSSIBLE SUNSHINE  MM
  AVERAGE SKY COVER 0.4


WEATHER CONDITIONS
 THE FOLLOWING WEATHER WAS RECORDED TODAY.
  NO SIGNIFICANT WEATHER WAS OBSERVED.


RELATIVE HUMIDITY (PERCENT)
 HIGHEST    82           400 AM
 LOWEST     21           300 PM
 AVERAGE    52

..........................................................


THE BILLINGS MT CLIMATE NORMALS FOR TOMORROW
                         NORMAL    RECORD    YEAR
 MAXIMUM TEMPERATURE (F)   65        89      1992
 MINIMUM TEMPERATURE (F)   41        28      2010


SUNRISE AND SUNSET
MAY  5 2015...........SUNRISE   556 AM MDT   SUNSET   827 PM MDT
MAY  6 2015...........SUNRISE   554 AM MDT   SUNSET   828 PM MDT


-  INDICATES NEGATIVE NUMBERS.
R  INDICATES RECORD WAS SET OR TIED.
MM INDICATES DATA IS MISSING.
T  INDICATES TRACE AMOUNT.




$$
