000
CDUS41 KRNK 250639
CLIBLF


CLIMATE REPORT
NATIONAL WEATHER SERVICE BLACKSBURG VA
237 AM EDT SAT APR 25 2015


...................................

...THE BLUEFIELD WV CLIMATE SUMMARY FOR APRIL 24 2015...

CLIMATE NORMAL PERIOD 1981 TO 2010
CLIMATE RECORD PERIOD 1959 TO 2015


WEATHER ITEM   OBSERVED TIME   RECORD YEAR NORMAL DEPARTURE LAST
                VALUE   (LST)  VALUE       VALUE  FROM      YEAR
                                                  NORMAL
..................................................................
TEMPERATURE (F)
 YESTERDAY
  MAXIMUM         61    421 PM  82    2009  68     -7       76
  MINIMUM         35    610 AM  28    2005  48    -13       41
  AVERAGE         48                        58    -10

PRECIPITATION (IN)
  YESTERDAY        0.00          1.76 1987   0.12  -0.12     0.00
  MONTH TO DATE    4.65                      2.63   2.02     1.60
  SINCE MAR 1      9.73                      6.14   3.59     3.56
  SINCE JAN 1     13.29                     11.80   1.49     7.69

SNOWFALL (IN)
  YESTERDAY        0.0
  MONTH TO DATE    0.0
  SINCE MAR 1      3.1
  SINCE JUL 1     39.7
  SNOW DEPTH       0

DEGREE DAYS
 HEATING
  YESTERDAY       17                         8      9
  MONTH TO DATE  182                       276    -94
  SINCE MAR 1    767                       892   -125
  SINCE JUL 1   4687                      4385    302

 COOLING
  YESTERDAY        0                         1     -1
  MONTH TO DATE   11                        22    -11
  SINCE MAR 1     11                        26    -15
  SINCE JAN 1     11                        26    -15
..................................................................


WIND (MPH)
  HIGHEST WIND SPEED    17   HIGHEST WIND DIRECTION     W (270)
  HIGHEST GUST SPEED    25   HIGHEST GUST DIRECTION     W (290)
  AVERAGE WIND SPEED     6.5


SKY COVER
  POSSIBLE SUNSHINE  MM
  AVERAGE SKY COVER 0.0


WEATHER CONDITIONS
 THE FOLLOWING WEATHER WAS RECORDED YESTERDAY.
  NO SIGNIFICANT WEATHER WAS OBSERVED.


RELATIVE HUMIDITY (PERCENT)
 HIGHEST    52           400 AM
 LOWEST     14           300 PM
 AVERAGE    33

..........................................................


THE BLUEFIELD WV CLIMATE NORMALS FOR TODAY
                         NORMAL    RECORD    YEAR
 MAXIMUM TEMPERATURE (F)   68        85      2009
 MINIMUM TEMPERATURE (F)   48        30      1983


SUNRISE AND SUNSET
APRIL 25 2015.........SUNRISE   637 AM EDT   SUNSET   809 PM EDT
APRIL 26 2015.........SUNRISE   636 AM EDT   SUNSET   810 PM EDT


-  INDICATES NEGATIVE NUMBERS.
R  INDICATES RECORD WAS SET OR TIED.
MM INDICATES DATA IS MISSING.
T  INDICATES TRACE AMOUNT.

$$
