000
CDUS45 KBOI 030931
CLIBNO


CLIMATE REPORT
NATIONAL WEATHER SERVICE BOISE ID
331 AM MDT SUN MAY 3 2015


...................................

...THE BURNS OR CLIMATE SUMMARY FOR MAY 2 2015...

CLIMATE NORMAL PERIOD 1981 TO 2010
CLIMATE RECORD PERIOD 1938 TO 2015


WEATHER ITEM   OBSERVED TIME   RECORD YEAR NORMAL DEPARTURE LAST
                VALUE   (LST)  VALUE       VALUE  FROM      YEAR
                                                  NORMAL
..................................................................
TEMPERATURE (F)
 YESTERDAY
  MAXIMUM         77    333 PM  85    1947  62     15       82
  MINIMUM         32    453 AM  20    1997  33     -1       31
                                      1964
  AVERAGE         55                        47      8       57

PRECIPITATION (IN)
  YESTERDAY        0.00          0.36 2009   0.04  -0.04     0.00
  MONTH TO DATE    0.00                      0.07  -0.07     0.00
  SINCE OCT 1      6.75                      7.80  -1.05     5.52
  SINCE JAN 1      2.25                      4.30  -2.05     4.55

DEGREE DAYS
 HEATING
  YESTERDAY       10                        18     -8        8
  MONTH TO DATE   25                        36    -11       20
  SINCE MAR 1   1386                      1548   -162     1444
  SINCE JUL 1   5860                      7076  -1216     6727

 COOLING
  YESTERDAY        0                         0      0        0
  MONTH TO DATE    0                         0      0        0
  SINCE MAR 1      0                         0      0        0
  SINCE JAN 1      0                         0      0        0
..................................................................


WIND (MPH)
  HIGHEST WIND SPEED    20   HIGHEST WIND DIRECTION    SW (210)
  HIGHEST GUST SPEED    30   HIGHEST GUST DIRECTION    SW (230)
  AVERAGE WIND SPEED     7.8


SKY COVER
  POSSIBLE SUNSHINE  MM
  AVERAGE SKY COVER 0.0


WEATHER CONDITIONS
 THE FOLLOWING WEATHER WAS RECORDED YESTERDAY.
  HAZE


RELATIVE HUMIDITY (PERCENT)
 HIGHEST    64           400 AM
 LOWEST     13           400 PM
 AVERAGE    39

..........................................................


THE BURNS OR CLIMATE NORMALS FOR TODAY
                         NORMAL    RECORD    YEAR
 MAXIMUM TEMPERATURE (F)   62        85      1966
 MINIMUM TEMPERATURE (F)   33        19      1964


SUNRISE AND SUNSET
MAY  3 2015...........SUNRISE   546 AM PDT   SUNSET   800 PM PDT
MAY  4 2015...........SUNRISE   544 AM PDT   SUNSET   801 PM PDT


-  INDICATES NEGATIVE NUMBERS.
R  INDICATES RECORD WAS SET OR TIED.
MM INDICATES DATA IS MISSING.
T  INDICATES TRACE AMOUNT.




$$
