000
CDUS45 KRIW 030736
CLIBPI


CLIMATE REPORT
NATIONAL WEATHER SERVICE RIVERTON WY
126 AM MDT SUN MAY 3 2015


...................................

...THE BIG PINEY WY CLIMATE SUMMARY FOR MAY 2 2015...

CLIMATE NORMAL PERIOD 1981 TO 2010
CLIMATE RECORD PERIOD 1976 TO 2015


WEATHER ITEM   OBSERVED TIME   RECORD YEAR NORMAL DEPARTURE LAST
                VALUE   (LST)  VALUE       VALUE  FROM      YEAR
                                                  NORMAL
..................................................................
TEMPERATURE (F)
 YESTERDAY
  MAXIMUM         71    204 PM  73    2000  57     14       69
  MINIMUM         29    546 AM  12    2001  26      3       31
  AVERAGE         50                        42      8       50

PRECIPITATION (IN)
  YESTERDAY        T             0.42 2009   0.03  -0.03     0.00
  MONTH TO DATE    T                         0.05  -0.05     0.00
  SINCE MAR 1      0.62                      1.02  -0.40     0.37
  SINCE JAN 1      0.68                      1.68  -1.00     0.41

DEGREE DAYS
 HEATING
  YESTERDAY       15                        23     -8       15
  MONTH TO DATE   33                        47    -14       38
  SINCE MAR 1   1743                      2055   -312     1956
  SINCE JUL 1   7843                      9578  -1735     8900

 COOLING
  YESTERDAY        0                         0      0        0
  MONTH TO DATE    0                         0      0        0
  SINCE MAR 1      0                         0      0        0
  SINCE JAN 1      0                         0      0        0
..................................................................


WIND (MPH)
  HIGHEST WIND SPEED    44   HIGHEST WIND DIRECTION    NW (330)
  HIGHEST GUST SPEED    53   HIGHEST GUST DIRECTION    NW (330)
  AVERAGE WIND SPEED    10.1


SKY COVER
  POSSIBLE SUNSHINE  MM
  AVERAGE SKY COVER 0.2


WEATHER CONDITIONS
 THE FOLLOWING WEATHER WAS RECORDED YESTERDAY.
  NO SIGNIFICANT WEATHER WAS OBSERVED.


RELATIVE HUMIDITY (PERCENT)
 HIGHEST    72           500 AM
 LOWEST     17          1200 PM
 AVERAGE    45

..........................................................


THE BIG PINEY WY CLIMATE NORMALS FOR TODAY
                         NORMAL    RECORD    YEAR
 MAXIMUM TEMPERATURE (F)   58        75      2000
 MINIMUM TEMPERATURE (F)   26         1      1984


SUNRISE AND SUNSET
MAY  3 2015...........SUNRISE   613 AM MDT   SUNSET   823 PM MDT
MAY  4 2015...........SUNRISE   611 AM MDT   SUNSET   824 PM MDT


-  INDICATES NEGATIVE NUMBERS.
R  INDICATES RECORD WAS SET OR TIED.
MM INDICATES DATA IS MISSING.
T  INDICATES TRACE AMOUNT.




$$
