000
CDAK49 PABR 060916
CLIBRW

CLIMATE REPORT
NATIONAL WEATHER SERVICE BARROW, AK
116 AM AKDT WED MAY 6 2015

...................................
...THE BARROW WSO AP CLIMATE SUMMARY FOR MAY 5 2015...

CLIMATE NORMAL PERIOD  1981 TO  2010
CLIMATE RECORD PERIOD  1915 TO  2015

WEATHER ITEM   OBSERVED TIME    RECORD YEAR NORMAL DEPARTURE LAST
               VALUE    (LST)   VALUE       VALUE  FROM      YEAR
                                                   NORMAL
...................................................................
TEMPERATURE
YESTERDAY
 MAXIMUM            17  1210 AM    38  1923     20      -3     27
 MINIMUM             9  1153 PM   -14  1964      9       0     18
 AVERAGE            13                          15      -2     23

PRECIPITATION
(INCHES)
 YESTERDAY           T           0.06  1923   0.00       T      T
 MONTH TO DATE       T                        0.02   -0.02   0.07
 SINCE MAR 1      0.74                        0.27    0.47   0.42
 SINCE JAN 1      1.31                        0.54    0.77   0.79

SNOWFALL
(INCHES)
 YESTERDAY           T            0.8  1923    0.1    -0.1      T
 MONTH TO DATE     0.1                         0.5    -0.4    0.2
 SINCE MAR 1      10.7                         5.8     4.9    5.8
 SINCE JUL 1      53.8                        34.8    19.0   48.4
 SNOW DEPTH (IN)     7                                          3

DEGREE DAYS
 HEATING
  YESTERDAY         52                          50       2     42
  MONTH TO DATE    242                         257     -15    177
  SINCE MAR 1     4331                        4556    -225   4161
  SINCE JUL 1    16474                       17404    -930  15884

 COOLING
  YESTERDAY          0                           0       0      0
  MONTH TO DATE      0                           0       0      0
  SINCE MAR 1        0                           0       0      0
  SINCE JAN 1        0                           0       0      0
...................................................................

WIND (MPH)
 HIGHEST WIND SPEED    13     HIGHEST WIND DIRECTION     70
 HIGHEST GUST SPEED    14     HIGHEST GUST DIRECTION     60
 AVERAGE WIND SPEED   8.0

SKY COVER
  POSSIBLE SUNSHINE    MM          AVERAGE SKY COVER     MM

WEATHER CONDITIONS
 THE FOLLOWING WEATHER WAS RECORDED YESTERDAY.
 FOG
 SNOW


RELATIVE HUMIDITY
 HIGHEST RH     91 PERCENT      1053 PM
 LOWEST  RH     77 PERCENT       153 AM
 AVERAGE RH     84 PERCENT
...................................................................

THE BARROW CLIMATE NORMALS FOR TODAY
                           NORMAL    RECORD   YEAR
 MAXIMUM TEMPERATURE (F)     21        38     1981
 MINIMUM TEMPERATURE (F)     10       -19     1984

SUNRISE AND SUNSET
 MAY 6 2015..........SUNRISE  3:55 AM      SUNSET  1:03 AM
 MAY 7 2015..........SUNRISE  3:45 AM      SUNSET  1:14 AM

-  INDICATES NEGATIVE NUMBERS.
R  INDICATES RECORD HAS BEEN SET OR TIED.
MM INDICATES DATA IS MISSING.
T  INDICATES TRACE OF PRECIPITATION.

&&
-------------------------------------------------------------------

AMOUNT OF DAYLIGHT TODAY  (HOUR:MIN)........21 HOURS 8 MINUTES
GAIN/LOSS SINCE YESTERDAY (HOUR:MIN:SEC)....+0:18:03

$$
JML MAY 15
