000
CDUS45 KMSO 260739
CLIBTM


CLIMATE REPORT
NATIONAL WEATHER SERVICE MISSOULA, MT
139 AM MDT SUN APR 26 2015


...................................

...THE BUTTE MT CLIMATE SUMMARY FOR APRIL 25 2015...

CLIMATE NORMAL PERIOD 1981 TO 2010
CLIMATE RECORD PERIOD 1895 TO 2015


WEATHER ITEM   OBSERVED TIME   RECORD YEAR NORMAL DEPARTURE LAST
                VALUE   (LST)  VALUE       VALUE  FROM      YEAR
                                                  NORMAL
..................................................................
TEMPERATURE (F)
 YESTERDAY
  MAXIMUM         47    209 PM  83    1910  55     -8       53
  MINIMUM         31    535 AM  12    1960  28      3       33
  AVERAGE         39                        41     -2       43

PRECIPITATION (IN)
  YESTERDAY        T             0.65 1975   0.05  -0.05     0.48
  MONTH TO DATE    0.71                      0.95  -0.24     1.28
  SINCE OCT 1      3.81                      4.50  -0.69     4.43
  SINCE JAN 1      1.42                      2.61  -1.19     3.39

SNOWFALL (IN)
  YESTERDAY       MM
  MONTH TO DATE   MM
  SINCE JAN 1     MM
  SINCE JUL 1     MM
  SNOW DEPTH      MM

DEGREE DAYS
 HEATING
  YESTERDAY       26                        24      2       22
  MONTH TO DATE  677                       667     10      639
  SINCE MAR 1   1525                      1709   -184     1707
  SINCE JUL 1   7406                      8278   -872     8085

 COOLING
  YESTERDAY        0                         0      0        0
  MONTH TO DATE    0                         0      0        0
  SINCE MAR 1      0                         0      0        0
  SINCE JAN 1      0                         0      0        0
..................................................................


WIND (MPH)
  HIGHEST WIND SPEED    15   HIGHEST WIND DIRECTION     S (160)
  HIGHEST GUST SPEED    19   HIGHEST GUST DIRECTION     S (170)
  AVERAGE WIND SPEED     5.7


SKY COVER
  POSSIBLE SUNSHINE  MM
  AVERAGE SKY COVER 0.8


WEATHER CONDITIONS
 THE FOLLOWING WEATHER WAS RECORDED YESTERDAY.
  LIGHT RAIN
  LIGHT SNOW


RELATIVE HUMIDITY (PERCENT)
 HIGHEST    85           600 AM
 LOWEST     37           200 PM
 AVERAGE    61

..........................................................


THE BUTTE MT CLIMATE NORMALS FOR TODAY
                         NORMAL    RECORD    YEAR
 MAXIMUM TEMPERATURE (F)   55        76      1992
 MINIMUM TEMPERATURE (F)   28        18      2010
                                             1958


SUNRISE AND SUNSET
APRIL 26 2015.........SUNRISE   625 AM MDT   SUNSET   831 PM MDT
APRIL 27 2015.........SUNRISE   624 AM MDT   SUNSET   833 PM MDT


-  INDICATES NEGATIVE NUMBERS.
R  INDICATES RECORD WAS SET OR TIED.
MM INDICATES DATA IS MISSING.
T  INDICATES TRACE AMOUNT.




$$
