000
CDUS41 KLWX 030521
CLIBWI


CLIMATE REPORT
NATIONAL WEATHER SERVICE BALTIMORE MD/WASHINGTON DC
121 AM EDT SUN MAY 3 2015


...................................

...THE BALTIMORE MD CLIMATE SUMMARY FOR MAY 2 2015...

CLIMATE NORMAL PERIOD 1981 TO 2010
CLIMATE RECORD PERIOD 1870 TO 2015


WEATHER ITEM   OBSERVED TIME   RECORD YEAR NORMAL DEPARTURE LAST
                VALUE   (LST)  VALUE       VALUE  FROM      YEAR
                                                  NORMAL
..................................................................
TEMPERATURE (F)
 YESTERDAY
  MAXIMUM         75    431 PM  88    1951  70      5       70
                                      1930
                                      1913
  MINIMUM         43    530 AM  36    1978  48     -5       49
  AVERAGE         59                        59      0       60

PRECIPITATION (IN)
  YESTERDAY        0.00          1.17 1949   0.11  -0.11     0.00
  MONTH TO DATE    T                         0.22  -0.22     0.27
  SINCE MAR 1      8.97                      7.31   1.66    13.25
  SINCE JAN 1     15.10                     13.26   1.84    20.54

SNOWFALL (IN)
  YESTERDAY        0.0          MM      MM   0.0    0.0
  MONTH TO DATE    0.0                       0.0    0.0
  SINCE JUL 1     28.7                      20.1    8.6
  SNOW DEPTH       0

DEGREE DAYS
 HEATING
  YESTERDAY        6                         7     -1        5
  MONTH TO DATE   18                        14      4        5
  SINCE MAR 1   1105                      1034     71     1178
  SINCE JUL 1   4920                      4629    291     4935

 COOLING
  YESTERDAY        0                         1     -1        0
  MONTH TO DATE    0                         2     -2        4
  SINCE MAR 1      5                        16    -11       11
  SINCE JAN 1      5                        16    -11       11
..................................................................


WIND (MPH)
  HIGHEST WIND SPEED    12   HIGHEST WIND DIRECTION     E (70)
  HIGHEST GUST SPEED    16   HIGHEST GUST DIRECTION     N (350)
  AVERAGE WIND SPEED     3.2


SKY COVER
  POSSIBLE SUNSHINE  MM
  AVERAGE SKY COVER 0.5


WEATHER CONDITIONS
 THE FOLLOWING WEATHER WAS RECORDED YESTERDAY.
  NO SIGNIFICANT WEATHER WAS OBSERVED.


RELATIVE HUMIDITY (PERCENT)
 HIGHEST    93           100 AM
 LOWEST     31           300 PM
 AVERAGE    62

..........................................................


THE BALTIMORE MD CLIMATE NORMALS FOR TODAY
                         NORMAL    RECORD    YEAR
 MAXIMUM TEMPERATURE (F)   70        91      1913
 MINIMUM TEMPERATURE (F)   48        34      2005
                                             1986


SUNRISE AND SUNSET
MAY  3 2015...........SUNRISE   606 AM EDT   SUNSET   801 PM EDT
MAY  4 2015...........SUNRISE   605 AM EDT   SUNSET   802 PM EDT


-  INDICATES NEGATIVE NUMBERS.
R  INDICATES RECORD WAS SET OR TIED.
MM INDICATES DATA IS MISSING.
T  INDICATES TRACE AMOUNT.




$$
