000
CDUS45 KTFX 032256
CLIBZN


CLIMATE REPORT
NATIONAL WEATHER SERVICE GREAT FALLS MT
456 PM MDT SUN MAY 3 2015


...................................

...THE BOZEMAN/GALLATIN FIELD MT CLIMATE SUMMARY FOR MAY 3 2015...
VALID TODAY AS OF 0400 PM LOCAL TIME.

CLIMATE NORMAL PERIOD 1981 TO 2010
CLIMATE RECORD PERIOD 1935 TO 2015


WEATHER ITEM   OBSERVED TIME   RECORD YEAR NORMAL DEPARTURE LAST
                VALUE   (LST)  VALUE       VALUE  FROM      YEAR
                                                  NORMAL
..................................................................
TEMPERATURE (F)
 TODAY
  MAXIMUM         64    241 PM  80    1985  65     -1       64
  MINIMUM         38    607 AM  19    2001  35      3       37
  AVERAGE         51                        50      1       51

PRECIPITATION (IN)
  TODAY            0.00          0.80 1964   0.06  -0.06     0.00
  MONTH TO DATE    0.00                      0.19  -0.19     0.00
  SINCE OCT 1      4.56                      6.02  -1.46     4.43
  SINCE JAN 1      2.63                      3.64  -1.01     3.38

SNOWFALL (IN)
  TODAY            0.0           7.0  1964   0.1   -0.1      0.0
  MONTH TO DATE    0.0                       0.4   -0.4      0.0
  SINCE MAR 1      7.0                      15.6   -8.6      7.3
  SINCE JUL 1     37.4                      37.9   -0.5     32.3
  SNOW DEPTH       0

DEGREE DAYS
 HEATING
  TODAY           14                        15     -1       14
  MONTH TO DATE   38                        46     -8       38
  SINCE MAR 1   1480                      1527    -47     1681
  SINCE JUL 1   7062                      7107    -45     7696

 COOLING
  TODAY            0                         0      0        0
  MONTH TO DATE    0                         0      0        0
  SINCE MAR 1      0                         0      0        0
  SINCE JAN 1      0                         0      0        0
..................................................................


WIND (MPH)
  HIGHEST WIND SPEED    14   HIGHEST WIND DIRECTION     S (160)
  HIGHEST GUST SPEED    17   HIGHEST GUST DIRECTION     S (160)
  AVERAGE WIND SPEED     4.3


SKY COVER
  AVERAGE SKY COVER 0.2


WEATHER CONDITIONS
 THE FOLLOWING WEATHER WAS RECORDED TODAY.
  NO SIGNIFICANT WEATHER WAS OBSERVED.


RELATIVE HUMIDITY (PERCENT)
 HIGHEST    76           400 AM
 LOWEST     34           200 PM
 AVERAGE    55

..........................................................


THE BOZEMAN/GALLATIN FIELD MT CLIMATE NORMALS FOR TOMORROW
                         NORMAL    RECORD    YEAR
 MAXIMUM TEMPERATURE (F)   65        84      1966
 MINIMUM TEMPERATURE (F)   36        21      2002
                                             1967


SUNRISE AND SUNSET
MAY  3 2015...........SUNRISE   609 AM MDT   SUNSET   834 PM MDT
MAY  4 2015...........SUNRISE   608 AM MDT   SUNSET   836 PM MDT


-  INDICATES NEGATIVE NUMBERS.
R  INDICATES RECORD WAS SET OR TIED.
MM INDICATES DATA IS MISSING.
T  INDICATES TRACE AMOUNT.




$$
