000
CDAK48 PACD 191115
CLICDB

CLIMATE REPORT
NATIONAL WEATHER SERVICE COLD BAY, AK
315 AM AKDT SUN APR 19 2015

...................................
...THE COLD BAY AP CLIMATE SUMMARY FOR APRIL 18 2015...

CLIMATE NORMAL PERIOD  1981 TO  2010
CLIMATE RECORD PERIOD  1942 TO  2015

WEATHER ITEM   OBSERVED TIME    RECORD YEAR NORMAL DEPARTURE LAST
               VALUE    (LST)   VALUE       VALUE  FROM      YEAR
                                                   NORMAL
...................................................................
TEMPERATURE
YESTERDAY
 MAXIMUM            43  0121 PM    55  1965     39       4     44
 MINIMUM            31  1159 PM    14  1948     30       1     27
 AVERAGE            37                          34       3     36

PRECIPITATION
(INCHES)
 YESTERDAY        0.23           0.31  2010   0.08    0.15   0.04
 MONTH TO DATE    0.98                        1.47   -0.49   1.49
 SINCE MAR 1      4.13                        4.17   -0.04   2.88
 SINCE JAN 1      6.64                       10.31   -3.67  11.33

SNOWFALL
(INCHES)
 YESTERDAY         0.7            3.1  2010    0.2     0.5    0.1
 MONTH TO DATE     6.5                         4.8     1.7    1.1
 SINCE MAR 1      12.1                        17.8    -5.7    7.9
 SINCE JUL 1      20.8                        70.0   -49.2   37.0
 SNOW DEPTH (IN)     T                                          0

DEGREE DAYS
 HEATING
  YESTERDAY         28                          31      -3     29
  MONTH TO DATE    566                         581     -15    475
  SINCE MAR 1     1508                        1660    -152   1439
  SINCE JUL 1     6881                        7884   -1003   6583

 COOLING
  YESTERDAY          0                           0       0      0
  MONTH TO DATE      0                           0       0      0
  SINCE MAR 1        0                           0       0      0
  SINCE JAN 1        0                           0       0      0
...................................................................

WIND (MPH)
 HIGHEST WIND SPEED    33     HIGHEST WIND DIRECTION    290
 HIGHEST GUST SPEED    39     HIGHEST GUST DIRECTION    290
 AVERAGE WIND SPEED  14.2


WEATHER CONDITIONS
 THE FOLLOWING WEATHER WAS RECORDED YESTERDAY.
  FOG
  RAIN
  SNOW

...................................................................

THE COLD BAY CLIMATE NORMALS FOR TODAY
                           NORMAL    RECORD   YEAR
 MAXIMUM TEMPERATURE (F)     40        47     2013
 MINIMUM TEMPERATURE (F)     30        16     1960

SUNRISE AND SUNSET
 APR 19 2015..........SUNRISE  7:38 AM      SUNSET 10:04 PM
 APR 20 2015..........SUNRISE  7:36 AM      SUNSET 10:06 PM

-  INDICATES NEGATIVE NUMBERS.
R  INDICATES RECORD HAS BEEN SET OR TIED.
MM INDICATES DATA IS MISSING.
T  INDICATES TRACE OF PRECIPITATION.

&&
-------------------------------------------------------------------

AMOUNT OF DAYLIGHT TODAY  (HOUR:MIN)........14 HOURS 26 MINUTES
GAIN SINCE YESTERDAY (HOUR:MIN:SEC).........+0:04:22

$$

RCS APR 15
