000
CDUS44 KLUB 052227
CLICDS


CLIMATE REPORT
NATIONAL WEATHER SERVICE LUBBOCK, TX
526 PM CDT TUE MAY 5 2015


...................................

...THE CHILDRESS CLIMATE SUMMARY FOR MAY 5 2015...
VALID TODAY AS OF 0500 PM LOCAL TIME.

CLIMATE NORMAL PERIOD 1981 TO 2010
CLIMATE RECORD PERIOD 1893 TO 2015


WEATHER ITEM   OBSERVED TIME   RECORD YEAR NORMAL DEPARTURE LAST
                VALUE   (LST)  VALUE       VALUE  FROM      YEAR
                                                  NORMAL
..................................................................
TEMPERATURE (F)
 TODAY
  MAXIMUM         70    243 PM 105    2014  81    -11      105
                                      2012
  MINIMUM         61    957 AM  38    2013  55      6       68
  AVERAGE         66                        68     -2       87

PRECIPITATION (IN)
  TODAY            0.91          1.55 1915   0.08   0.83     0.00
  MONTH TO DATE    0.91                      0.40   0.51     0.00
  SINCE MAR 1      6.13                      4.05   2.08     1.99
  SINCE JAN 1      7.30                      5.83   1.47     2.35

SNOWFALL (IN)
  TODAY            0.0          MM      MM   0.0    0.0      0.0
  MONTH TO DATE    0.0                       0.0    0.0      0.0
  SINCE MAR 1      0.0                       0.6   -0.6       T
  SINCE JUL 1      2.0                       7.0   -5.0      9.5
  SNOW DEPTH       0

DEGREE DAYS
 HEATING
  TODAY            0                         2     -2        0
  MONTH TO DATE    0                        10    -10       14
  SINCE MAR 1    434                       538   -104      624
  SINCE JUL 1   2931                      3098   -167     3440

 COOLING
  TODAY            1                         5     -4       22
  MONTH TO DATE   21                        22     -1       45
  SINCE MAR 1    117                       112      5      139
  SINCE JAN 1    117                       113      4      139
..................................................................


WIND (MPH)
  RESULTANT WIND SPEED  18   RESULTANT WIND DIRECTION  SE (140)
  HIGHEST WIND SPEED    28   HIGHEST WIND DIRECTION    SE (140)
  HIGHEST GUST SPEED    35   HIGHEST GUST DIRECTION    SE (150)
  AVERAGE WIND SPEED    18.8


SKY COVER
  AVERAGE SKY COVER 0.9


WEATHER CONDITIONS
 THE FOLLOWING WEATHER WAS RECORDED TODAY.
  THUNDERSTORM
  HEAVY RAIN
  RAIN
  LIGHT RAIN
  FOG


RELATIVE HUMIDITY (PERCENT)
 HIGHEST   100           500 AM
 LOWEST     68           200 AM
 AVERAGE    84

..........................................................


THE CHILDRESS CLIMATE NORMALS FOR TOMORROW
                         NORMAL    RECORD    YEAR
 MAXIMUM TEMPERATURE (F)   82       102      2014
 MINIMUM TEMPERATURE (F)   55        39      1898


SUNRISE AND SUNSET
MAY  5 2015...........SUNRISE   647 AM CDT   SUNSET   829 PM CDT
MAY  6 2015...........SUNRISE   647 AM CDT   SUNSET   829 PM CDT


-  INDICATES NEGATIVE NUMBERS.
R  INDICATES RECORD WAS SET OR TIED.
MM INDICATES DATA IS MISSING.
T  INDICATES TRACE AMOUNT.




$$
