000
CDUS43 KDVN 242124
CLICID


CLIMATE REPORT
NATIONAL WEATHER SERVICE QUAD CITIES IA IL
423 PM CDT FRI APR 24 2015


...................................

...THE CEDAR RAPIDS IA CLIMATE SUMMARY FOR APRIL 24 2015...
VALID TODAY AS OF 0400 PM LOCAL TIME.

CLIMATE NORMAL PERIOD 1981 TO 2010
CLIMATE RECORD PERIOD 1891 TO 2015


WEATHER ITEM   OBSERVED TIME   RECORD YEAR NORMAL DEPARTURE LAST
                VALUE   (LST)  VALUE       VALUE  FROM      YEAR
                                                  NORMAL
..................................................................
TEMPERATURE (F)
 TODAY
  MAXIMUM         55   1106 AM  87    2009  64     -9       55
                                      1990
  MINIMUM         36   1203 AM  24    1910  41     -5       44
  AVERAGE         46                        52     -6       50

PRECIPITATION (IN)
  TODAY            0.48         MM      MM   0.12   0.36     0.67
  MONTH TO DATE    2.93                      2.34   0.59     5.82
  SINCE MAR 1      3.45                      4.44  -0.99     6.21
  SINCE JAN 1      4.78                      6.58  -1.80     7.96

DEGREE DAYS
 HEATING
  TODAY           19                        13      6       15
  MONTH TO DATE  340                       412    -72      431
  SINCE MAR 1   1211                      1293    -82     1501
  SINCE JUL 1   6738                      6576    162     7540

 COOLING
  TODAY            0                         0      0        0
  MONTH TO DATE    0                         0      0        7
  SINCE MAR 1      0                         0      0        7
  SINCE JAN 1      0                         0      0        7
..................................................................


WIND (MPH)
  HIGHEST WIND SPEED    21   HIGHEST WIND DIRECTION     E (80)
  HIGHEST GUST SPEED    27   HIGHEST GUST DIRECTION    SE (140)
  AVERAGE WIND SPEED     9.6


SKY COVER
  POSSIBLE SUNSHINE  MM
  AVERAGE SKY COVER 0.9


WEATHER CONDITIONS
 THE FOLLOWING WEATHER WAS RECORDED TODAY.
  THUNDERSTORM
  HEAVY RAIN
  RAIN
  LIGHT RAIN
  FOG


RELATIVE HUMIDITY (PERCENT)
 HIGHEST    77           100 PM
 LOWEST     28           800 AM
 AVERAGE    53

..........................................................


THE CEDAR RAPIDS IA CLIMATE NORMALS FOR TOMORROW
                         NORMAL    RECORD    YEAR
 MAXIMUM TEMPERATURE (F)   65        89      1896
 MINIMUM TEMPERATURE (F)   41        20      1934


SUNRISE AND SUNSET
APRIL 24 2015.........SUNRISE   613 AM CDT   SUNSET   757 PM CDT
APRIL 25 2015.........SUNRISE   612 AM CDT   SUNSET   759 PM CDT


-  INDICATES NEGATIVE NUMBERS.
R  INDICATES RECORD WAS SET OR TIED.
MM INDICATES DATA IS MISSING.
T  INDICATES TRACE AMOUNT.




$$
