000
CDUS44 KHGX 032135
CLICLL


CLIMATE REPORT
NATIONAL WEATHER SERVICE HOUSTON/GALVESTON TX
435 PM CDT SUN MAY 3 2015


...................................

...THE COLLEGE STATION CLIMATE SUMMARY FOR MAY 3 2015...
VALID TODAY AS OF 0400 PM LOCAL TIME.

CLIMATE NORMAL PERIOD 1981 TO 2010
CLIMATE RECORD PERIOD 1902 TO 2015


WEATHER ITEM   OBSERVED TIME   RECORD YEAR NORMAL DEPARTURE LAST
                VALUE   (LST)  VALUE       VALUE  FROM      YEAR
                                                  NORMAL
..................................................................
TEMPERATURE (F)
 TODAY
  MAXIMUM         82    243 PM  93    1920  83     -1       89
  MINIMUM         58    603 AM  43    2013  63     -5       55
  AVERAGE         70                        73     -3       72

PRECIPITATION (IN)
  TODAY            0.00          2.67 1904   0.13  -0.13     0.00
  MONTH TO DATE    0.00                      0.39  -0.39     0.00
  SINCE MAR 1     10.63                      6.22   4.41     2.84
  SINCE JAN 1     18.04                     12.31   5.73     5.02

SNOWFALL (IN)
  TODAY            0.0
  MONTH TO DATE    0.0
  SINCE JUL 1      T

DEGREE DAYS
 HEATING
  TODAY            0                         0      0        0
  MONTH TO DATE    0                         0      0        4
  SINCE MAR 1    227                       219      8      336
  SINCE JUL 1   1768                      1606    162     2060

 COOLING
  TODAY            5                         8     -3        7
  MONTH TO DATE   15                        24     -9        9
  SINCE MAR 1    253                       235     18      196
  SINCE JAN 1    254                       263     -9      217
..................................................................


WIND (MPH)
  HIGHEST WIND SPEED    17   HIGHEST WIND DIRECTION     S (170)
  HIGHEST GUST SPEED    24   HIGHEST GUST DIRECTION     S (200)
  AVERAGE WIND SPEED     6.5


SKY COVER
  AVERAGE SKY COVER 0.2


WEATHER CONDITIONS
 THE FOLLOWING WEATHER WAS RECORDED TODAY.
  NO SIGNIFICANT WEATHER WAS OBSERVED.


RELATIVE HUMIDITY (PERCENT)
 HIGHEST    93           600 AM
 LOWEST     42           200 PM
 AVERAGE    68

..........................................................


THE COLLEGE STATION CLIMATE NORMALS FOR TOMORROW
                         NORMAL    RECORD    YEAR
 MAXIMUM TEMPERATURE (F)   83        96      1947
 MINIMUM TEMPERATURE (F)   63        42      2013
                                             1954


SUNRISE AND SUNSET
MAY  3 2015...........SUNRISE   640 AM CDT   SUNSET   805 PM CDT
MAY  4 2015...........SUNRISE   639 AM CDT   SUNSET   806 PM CDT


-  INDICATES NEGATIVE NUMBERS.
R  INDICATES RECORD WAS SET OR TIED.
MM INDICATES DATA IS MISSING.
T  INDICATES TRACE AMOUNT.




$$
