000
CDUS42 KGSP 052032
CLICLT

CLIMATE REPORT
NATIONAL WEATHER SERVICE GREENVILLE-SPARTANBURG SC
430 PM EDT TUE MAY 5 2015


...................................

...THE CHARLOTTE NC CLIMATE SUMMARY FOR MAY 5 2015...VALID TODAY AS
OF 430 PM LOCAL TIME.

CLIMATE NORMAL PERIOD 1981 TO 2010
CLIMATE RECORD PERIOD 1878 TO 2015


WEATHER ITEM   OBSERVED TIME   RECORD YEAR NORMAL DEPARTURE LAST
                VALUE   (LST)  VALUE       VALUE  FROM      YEAR
                                                  NORMAL
..................................................................
TEMPERATURE (F)
 TODAY
  MAXIMUM         82    251 PM  91    1955  76      6       88
                                      1913
  MINIMUM         56    611 AM  36    2011  52      4       56
  AVERAGE         69                        64      5       72

PRECIPITATION (IN)
  TODAY            0.00          2.40 2009   0.10  -0.10     0.00
  MONTH TO DATE    0.00                      0.49  -0.49     0.00
  SINCE MAR 1      8.33                      7.54   0.79    11.82
  SINCE JAN 1     14.15                     14.27  -0.12    18.74

SNOWFALL (IN)
  TODAY            0.0           T    2009   0.0    0.0      0.0
  MONTH TO DATE    0.0                       0.0    0.0      0.0
  SINCE MAR 1      0.0                       0.6   -0.6       T
  SINCE JUL 1      3.1                       4.3   -1.2      9.3
  SNOW DEPTH       0

DEGREE DAYS
 HEATING
  TODAY            0                         3     -3        0
  MONTH TO DATE   14                        16     -2       11
  SINCE MAR 1    482                       649   -167      697
  SINCE JUL 1   3253                      3348    -95     3373

 COOLING
  TODAY            4                         2      2        7
  MONTH TO DATE    8                        10     -2        9
  SINCE MAR 1     71                        47     24       47
  SINCE JAN 1     71                        47     24       48
..................................................................


WIND (MPH)
  HIGHEST WIND SPEED    10   HIGHEST WIND DIRECTION     S (190)
  HIGHEST GUST SPEED    16   HIGHEST GUST DIRECTION     S (180)
  AVERAGE WIND SPEED     3.1


SKY COVER
  POSSIBLE SUNSHINE  MM
  AVERAGE SKY COVER 0.1


WEATHER CONDITIONS
 THE FOLLOWING WEATHER WAS RECORDED TODAY.
  NO SIGNIFICANT WEATHER WAS OBSERVED.


RELATIVE HUMIDITY (PERCENT)
 HIGHEST    86           400 AM
 LOWEST     36           300 PM
 AVERAGE    61

..........................................................


THE CHARLOTTE NC CLIMATE NORMALS FOR TOMORROW
                         NORMAL    RECORD    YEAR
 MAXIMUM TEMPERATURE (F)   77        93      1950
 MINIMUM TEMPERATURE (F)   53        39      1891


SUNRISE AND SUNSET
MAY  5 2015...........SUNRISE   629 AM EDT   SUNSET   813 PM EDT
MAY  6 2015...........SUNRISE   628 AM EDT   SUNSET   814 PM EDT


-  INDICATES NEGATIVE NUMBERS.
R  INDICATES RECORD WAS SET OR TIED.
MM INDICATES DATA IS MISSING.
T  INDICATES TRACE AMOUNT.




$$
